000
CXUS51 KRNK 010543
CLSBLF
CLIMATE REPORT
NATIONAL WEATHER SERVICE BLACKSBURG, VA
1243 AM EST WED DEC 01 2021
...................................
...THE BLUEFIELD WV CLIMATE SUMMARY FOR THE SEASON, FROM
9/1/2021 TO 11/30/2021...
CLIMATE NORMAL PERIOD: 1991 TO 2020
CLIMATE RECORD PERIOD: 1909 TO 2021
WEATHER OBSERVED NORMAL DEPART LAST YEAR`S
VALUE DATE(S) VALUE FROM VALUE
NORMAL
..............................................................
TEMPERATURE (F)
RECORD
HIGH 99 09/11/2019
LOW 6 11/13/2019
HIGHEST 79 09/15 81
09/18
09/19
LOWEST 19 11/23 23
11/27
AVG. MAXIMUM 62.6 62.5 0.1 63.7
AVG. MINIMUM 45.1 44.6 0.5 46.5
MEAN 53.9 53.5 0.4 55.1
DAYS MAX >= 90 0 0.4 -0.4 0
DAYS MAX <= 32 0 1.0 -1.0 0
DAYS MIN <= 32 21 13.2 7.8 12
DAYS MIN <= 0 0 0.0 0.0 0
PRECIPITATION (INCHES)
RECORD
MAXIMUM 17.65 2018
MINIMUM 2.14 2008
TOTALS 6.49 8.57 -2.08 8.83
DAYS >= .01 35 30.7 4.3 30
DAYS >= .10 21 17.4 3.6 18
DAYS >= .50 5 5.5 -0.5 3
DAYS >= 1.00 0 1.5 -1.5 2
GREATEST
24 HR. TOTAL 0.87 1.66
SNOWFALL (INCHES)
TOTALS 0.1 1.9 -1.8 0.2
DAYS >= TRACE 4 4
DAYS >= 1.0 0 0
GREATEST
24 HR TOTAL 0.0 MM
DEGREE DAYS
HEATING TOTAL 1046 1105 -59 936
COOLING TOTAL 57 64 -7 57
..............................................................
WIND (MPH)
AVERAGE WIND SPEED 6.0
RESULTANT WIND SPEED/DIRECTION 3/260
HIGHEST WIND SPEED/DIRECTION 25/240 DATE 09/22
HIGHEST GUST SPEED/DIRECTION 39/170 DATE 09/22
SKY COVER
AVERAGE SKY COVER 0.41
AVERAGE RH (PERCENT) 71
WEATHER CONDITIONS. NUMBER OF DAYS WITH
THUNDERSTORM 2 MIXED PRECIP 0
HEAVY RAIN 6 RAIN 14
LIGHT RAIN 39 FREEZING RAIN 0
LT FREEZING RAIN 0 HAIL 0
HEAVY SNOW 0 SNOW 0
LIGHT SNOW 4 SLEET 0
FOG 41 FOG W/VIS <= 1/4 MILE 7
HAZE 0
- INDICATES NEGATIVE NUMBERS.
R INDICATES RECORD WAS SET OR TIED.
MM INDICATES DATA IS MISSING.
T INDICATES TRACE AMOUNT.
$$