000
CXUS53 KIND 010700
CF6BMG
PRELIMINARY LOCAL CLIMATOLOGICAL DATA (WS FORM: F-6)
STATION: BLOOMINGTON IN
MONTH: JANUARY
YEAR: 2024
LATITUDE: 39 7 N
LONGITUDE: 86 37 W
TEMPERATURE IN F: :PCPN: SNOW: WIND :SUNSHINE: SKY :PK WND
================================================================================
1 2 3 4 5 6A 6B 7 8 9 10 11 12 13 14 15 16 17 18
12Z AVG MX 2MIN
DY MAX MIN AVG DEP HDD CDD WTR SNW DPTH SPD SPD DIR MIN PSBL S-S WX SPD DR
================================================================================
1 37 32 35 4 30 0 0.00 M M 5.7 12 290 M M 10 19 280
2 34 28 31 0 34 0 0.00 M M 6.5 14 230 M M 8 19 240
3 40 22 31 0 34 0 0.00 M M 5.8 12 330 M M 4 18 18 340
4 38 20 29 -2 36 0 0.00 M M 2.6 12 340 M M 8 17 320
5 39 18 29 -2 36 0 0.00 M M 4.8 14 140 M M 1 18 19 120
6 37 33 35 4 30 0 0.04 M M 3.5 14 120 M M 10 1 19 150
7 38 33 36 6 29 0 0.03 M M 6.7 14 270 M M 10 18 20 270
8 40 26 33 3 32 0 0.20 M M 8.5 18 120 M M 4 1 28 110
9 46 34 40 10 25 0 1.10 M M 15.5 25 230 M M 10 1 41 220
10 35 31 33 3 32 0 0.01 M M 11.1 22 250 M M 9 1 33 290
11 44 31 38 8 27 0 0.00 M M 8.0 20 220 M M 4 32 230
12 46 24 35 5 30 0 1.01 M M 14.3 30 230 M M 8 1 46 260
13 24 14 19 -11 46 0 T M M 14.6 25 230 M M 10 18 43 250
14 14 -3 6 -24 59 0 T M M 9.4 21 290 M M 2 8 33 280
15 10 -3 4 -26 61 0 0.00 M M 4.2 9 20 M M 4 14 310
16 11 3 7 -23 58 0 T M M 8.2 15 250 M M 4 8 22 230
17 28 4 16 -14 49 0 0.00 M M 11.5 24 230 M M 0 33 200
18 32 24 28 -2 37 0 T M M 5.0 15 210 M M 7 1 22 220
19 26 4 15 -15 50 0 0.03 M M 9.5 18 290 M M 9 18 27 300
20 16 -2 7 -23 58 0 0.00 M M 5.8 12 300 M M 2 8 17 280
21 25 -5 10 -20 55 0 0.00 M M 4.7 12 140 M M 0 16 140
22 40 17 29 -1 36 0 T M M 7.1 15 230 M M 8 21 230
23 46 35 41 11 24 0 0.54 M M 5.5 12 200 M M 10 12 19 190
24 56 44 50 20 15 0 0.56 M M 5.7 10 190 M M 10 12 19 180
25 56 48 52 22 13 0 0.48 M M 4.3 20 240 M M 10 12 33 270
26 53 42 48 18 17 0 T M M 7.4 21 230 M M 10 1 30 230
27 42 40 41 11 24 0 0.55 M M 8.4 23 20 M M 10 1 31 20
28 41 37 39 9 26 0 0.30 M M 10.8 22 340 M M 10 1 31 330
29 37 31 34 4 31 0 T M M 6.9 14 340 M M 10 18 19 340
30 39 32 36 5 29 0 0.08 M M 7.9 16 150 M M 10 1 20 140
31 45 33 39 8 26 0 0.00 M M 4.2 10 250 M M 8 14 250
================================================================================
SM 1115 727 1089 0 4.93 M 234.1 M 220
================================================================================
AV 36.0 23.5 7.6 FASTST M M 7 MAX(MPH)
MISC ----> 30 230 46 260
================================================================================
NOTES:
# LAST OF SEVERAL OCCURRENCES
COLUMN 17 PEAK WIND IN M.P.H.
PRELIMINARY LOCAL CLIMATOLOGICAL DATA (WS FORM: F-6) , PAGE 2
STATION: BLOOMINGTON IN
MONTH: JANUARY
YEAR: 2024
LATITUDE: 39 7 N
LONGITUDE: 86 37 W
[TEMPERATURE DATA] [PRECIPITATION DATA] SYMBOLS USED IN COLUMN 16
AVERAGE MONTHLY: 29.7 TOTAL FOR MONTH: 4.93 1 = FOG OR MIST
DPTR FM NORMAL: -0.6 DPTR FM NORMAL: 1.55 2 = FOG REDUCING VISIBILITY
HIGHEST: 56 ON 25,24 GRTST 24HR 1.39 ON 8- 9 TO 1/4 MILE OR LESS
LOWEST: -5 ON 21 3 = THUNDER
SNOW, ICE PELLETS, HAIL 4 = ICE PELLETS
TOTAL MONTH: M 5 = HAIL
GRTST 24HR M ON M 6 = FREEZING RAIN OR DRIZZLE
GRTST DEPTH: M ON M 7 = DUSTSTORM OR SANDSTORM:
VSBY 1/2 MILE OR LESS
8 = SMOKE OR HAZE
[NO. OF DAYS WITH] [WEATHER - DAYS WITH] 9 = BLOWING SNOW
X = TORNADO
MAX 32 OR BELOW: 9 0.01 INCH OR MORE: 13
MAX 90 OR ABOVE: 0 0.10 INCH OR MORE: 8
MIN 32 OR BELOW: 21 0.50 INCH OR MORE: 5
MIN 0 OR BELOW: 4 1.00 INCH OR MORE: 2
[HDD (BASE 65) ]
TOTAL THIS MO. 1089 CLEAR (SCALE 0-3) 5
DPTR FM NORMAL 14 PTCLDY (SCALE 4-7) 11
TOTAL FM JUL 1 2688 CLOUDY (SCALE 8-10) 15
DPTR FM NORMAL -371
[CDD (BASE 65) ]
TOTAL THIS MO. 0
DPTR FM NORMAL 0 [PRESSURE DATA]
TOTAL FM JAN 1 0 HIGHEST SLP M ON M
DPTR FM NORMAL 0 LOWEST SLP 29.01 ON 9
[REMARKS]
#FINAL-01-24#