000
CXUS53 KILX 010900
CF6BMI
PRELIMINARY LOCAL CLIMATOLOGICAL DATA (WS FORM: F-6)
STATION: BLOOMINGTON IL AIRPORT
MONTH: APRIL
YEAR: 2023
LATITUDE: 40 28 N
LONGITUDE: 88 56 W
TEMPERATURE IN F: :PCPN: SNOW: WIND :SUNSHINE: SKY :PK WND
================================================================================
1 2 3 4 5 6A 6B 7 8 9 10 11 12 13 14 15 16 17 18
12Z AVG MX 2MIN
DY MAX MIN AVG DEP HDD CDD WTR SNW DPTH SPD SPD DIR MIN PSBL S-S WX SPD DR
================================================================================
1 47 34 41 M 24 0 0.03 M M 18.0 32 270 M M 8 45 270
2 59 29 44 M 21 0 0.00 M M 15.2 25 160 M M 0 32 160
3 70 41 56 M 9 0 0.00 M M 7.9 15 150 M M 6 23 150
4 82 49 66 M 0 1 T M M 19.6 32 190 M M 6 13 46 210
5 74 36 55 M 10 0 0.25 M M 19.5 32 180 M M 5 1 41 180
6 51 31 41 M 24 0 0.00 M M 7.9 12 330 M M 0 M M
7 59 33 46 M 19 0 0.00 M M 9.0 15 80 M M 0 18 110
8 65 38 52 M 13 0 0.00 M M 10.8 15 150 M M 0 17 120
9 68 40 54 M 11 0 0.00 M M 10.4 17 170 M M 0 22 170
10 72 42 57 M 8 0 0.00 M M 9.7 16 170 M M 0 20 220
11 78 46 62 M 3 0 0.00 M M 11.1 16 240 M M 0 24 240
12 80 52 66 M 0 1 0.00 M M 14.0 20 240 M M 0 29 230
13 81 49 65 M 0 0 0.00 M M 9.1 14 210 M M 0 17 210
14 81 56 69 M 0 4 0.00 M M 9.5 15 150 M M 4 17 210
15 80 55 68 M 0 3 0.17 M M 14.4 28 250 M M 3 43 260
16 55 34 45 M 20 0 0.11 M M 19.3 30 260 M M 10 1 43 260
17 56 33 45 M 20 0 0.03 M M 19.6 32 300 M M 6 1 41 280
18 61 29 45 M 20 0 0.00 M M 4.6 10 100 M M 0 M M
19 81 45 63 M 2 0 T M M 19.4 31 180 M M 1 43 180
20 79 48 64 M 1 0 0.02 M M 19.5 32 200 M M 7 44 200
21 65 40 53 M 12 0 0.00 M M 11.0 22 290 M M 2 31 290
22 44 36 40 M 25 0 T M M 14.5 25 290 M M 8 33 290
23 42 29 36 M 29 0 0.00 M M 11.2 18 300 M M 7 23 300
24 57 28 43 M 22 0 T M M 8.2 14 310 M M 4 20 300
25 61 35 48 M 17 0 0.15 M M 9.8 17 40 M M 8 17 360
26 58 28 43 M 22 0 0.00 M M 9.3 13 60 M M 0 20 60
27 68 32 50 M 15 0 0.00 M M 8.8 14 160 M M 0 18 120
28 70 44 57 M 8 0 0.00 M M 5.9 9 50 M M 2 M M
29 64 43 54 M 11 0 0.07 M M 13.0 22 290 M M 5 35 290
30 49 39 44 M 21 0 0.03 M M 16.7 30 280 M M 7 38 280
================================================================================
SM 1957 1174 387 9 0.86 M 376.9 M 99
================================================================================
AV 65.2 39.1 12.6 FASTST M M 3 MAX(MPH)
MISC ----> 32 190 46 210
================================================================================
NOTES:
# LAST OF SEVERAL OCCURRENCES
COLUMN 17 PEAK WIND IN M.P.H.
PRELIMINARY LOCAL CLIMATOLOGICAL DATA (WS FORM: F-6) , PAGE 2
STATION: BLOOMINGTON IL AIRPORT
MONTH: APRIL
YEAR: 2023
LATITUDE: 40 28 N
LONGITUDE: 88 56 W
[TEMPERATURE DATA] [PRECIPITATION DATA] SYMBOLS USED IN COLUMN 16
AVERAGE MONTHLY: 52.2 TOTAL FOR MONTH: 0.86 1 = FOG OR MIST
DPTR FM NORMAL: 0.0 DPTR FM NORMAL: M 2 = FOG REDUCING VISIBILITY
HIGHEST: 82 ON 4 GRTST 24HR 0.25 ON 5- 5 TO 1/4 MILE OR LESS
LOWEST: 28 ON 26,24 3 = THUNDER
SNOW, ICE PELLETS, HAIL 4 = ICE PELLETS
TOTAL MONTH: M 5 = HAIL
GRTST 24HR M ON M 6 = FREEZING RAIN OR DRIZZLE
GRTST DEPTH: M ON M 7 = DUSTSTORM OR SANDSTORM:
VSBY 1/2 MILE OR LESS
8 = SMOKE OR HAZE
[NO. OF DAYS WITH] [WEATHER - DAYS WITH] 9 = BLOWING SNOW
X = TORNADO
MAX 32 OR BELOW: 0 0.01 INCH OR MORE: 9
MAX 90 OR ABOVE: 0 0.10 INCH OR MORE: 4
MIN 32 OR BELOW: 7 0.50 INCH OR MORE: 0
MIN 0 OR BELOW: 0 1.00 INCH OR MORE: 0
[HDD (BASE 65) ]
TOTAL THIS MO. 387 CLEAR (SCALE 0-3) 16
DPTR FM NORMAL M PTCLDY (SCALE 4-7) 11
TOTAL FM JUL 1 5237 CLOUDY (SCALE 8-10) 3
DPTR FM NORMAL M
[CDD (BASE 65) ]
TOTAL THIS MO. 9
DPTR FM NORMAL M [PRESSURE DATA]
TOTAL FM JAN 1 9 HIGHEST SLP M ON M
DPTR FM NORMAL M LOWEST SLP M ON M
[REMARKS]
#FINAL-04-23#