000
CXUS54 KEWX 011110
CF6BMQ
PRELIMINARY LOCAL CLIMATOLOGICAL DATA (WS FORM: F-6)
STATION: BURNET
MONTH: FEBRUARY
YEAR: 2023
LATITUDE: 30 43 N
LONGITUDE: 98 14 W
TEMPERATURE IN F: :PCPN: SNOW: WIND :SUNSHINE: SKY :PK WND
================================================================================
1 2 3 4 5 6A 6B 7 8 9 10 11 12 13 14 15 16 17 18
12Z AVG MX 2MIN
DY MAX MIN AVG DEP HDD CDD WTR SNW DPTH SPD SPD DIR MIN PSBL S-S WX SPD DR
================================================================================
1 31 27 29 -22 36 0 0.16 M M 7.9 16 360 M M 10 16 26 10
2 37 31 34 -17 31 0 0.44 M M 8.5 15 330 M M 10 16 20 340
3 49 31 40 -11 25 0 0.00 M M 5.8 12 20 M M 7 1 17 10
4 61 40 51 0 14 0 0.00 M M 7.5 20 200 M M 6 12 28 220
5 74 37 56 5 9 0 0.00 M M 3.8 12 200 M M 0 1 17 190
6 73 53 63 12 2 0 0.00 M M 12.0 25 190 M M 5 41 180
7 70 48 59 7 6 0 0.33 M M 7.2 16 180 M M 10 1 27 180
8 58 40 49 -3 16 0 0.22 M M 8.0 20 310 M M 6 13 33 310
9 72 34 53 1 12 0 0.00 M M 5.6 21 350 M M 0 33 350
10 53 35 44 -8 21 0 0.00 M M 12.7 24 310 M M 4 43 340
11 58 29 44 -8 21 0 0.00 M M 6.1 18 340 M M 0 26 330
12 63 30 47 -5 18 0 0.00 M M 4.7 15 200 M M 0 23 210
13 66 40 53 1 12 0 T M M 6.8 18 140 M M 2 18 32 170
14 75 49 62 9 3 0 0.07 M M 9.6 24 230 M M 4 1 42 160
15 79 46 63 10 2 0 0.07 M M 8.5 23 330 M M 1 1 39 360
16 56 37 47 -6 18 0 0.01 M M 13.2 25 340 M M 6 1 36 340
17 52 31 42 -11 23 0 0.00 M M 8.3 16 350 M M 0 26 20
18 56 31 44 -9 21 0 0.00 M M 5.3 16 200 M M 0 25 150
19 68 42 55 1 10 0 0.00 M M 3.8 14 230 M M 0 19 240
20 83 49 66 12 0 1 0.00 M M 6.4 16 200 M M 0 26 200
21 85 54 70 16 0 5 0.00 M M 6.6 22 170 M M 1 37 170
22 84 57 71 17 0 6 0.10 M M 8.3 26 190 M M 4 1 43 180
23 74 52 63 9 2 0 0.00 M M 10.4 23 40 M M 2 33 30
24 52 45 49 -6 16 0 T M M 8.3 16 30 M M 10 25 30
25 66 41 54 -1 11 0 T M M 5.3 12 130 M M 9 1 17 140
26 79 53 66 11 0 1 0.00 M M 9.4 23 190 M M 9 12 39 190
27 78 49 64 9 1 0 0.00 M M 8.0 20 280 M M 2 32 270
28 85 47 66 10 0 1 0.00 M M 3.8 15 140 M M 0 8 22 140
================================================================================
SM 1837 1158 330 14 1.40 M 211.8 M 108
================================================================================
AV 65.6 41.4 7.6 FASTST M M 4 MAX(MPH)
MISC ----> 26 190 # 43 340
================================================================================
NOTES:
# LAST OF SEVERAL OCCURRENCES
COLUMN 17 PEAK WIND IN M.P.H.
PRELIMINARY LOCAL CLIMATOLOGICAL DATA (WS FORM: F-6) , PAGE 2
STATION: BURNET
MONTH: FEBRUARY
YEAR: 2023
LATITUDE: 30 43 N
LONGITUDE: 98 14 W
[TEMPERATURE DATA] [PRECIPITATION DATA] SYMBOLS USED IN COLUMN 16
AVERAGE MONTHLY: 53.5 TOTAL FOR MONTH: 1.40 1 = FOG OR MIST
DPTR FM NORMAL: 0.6 DPTR FM NORMAL: -0.23 2 = FOG REDUCING VISIBILITY
HIGHEST: 85 ON 28,21 GRTST 24HR 0.55 ON 7- 8 TO 1/4 MILE OR LESS
LOWEST: 27 ON 1 3 = THUNDER
SNOW, ICE PELLETS, HAIL 4 = ICE PELLETS
TOTAL MONTH: M 5 = HAIL
GRTST 24HR M ON M 6 = FREEZING RAIN OR DRIZZLE
GRTST DEPTH: M ON M 7 = DUSTSTORM OR SANDSTORM:
VSBY 1/2 MILE OR LESS
8 = SMOKE OR HAZE
[NO. OF DAYS WITH] [WEATHER - DAYS WITH] 9 = BLOWING SNOW
X = TORNADO
MAX 32 OR BELOW: 1 0.01 INCH OR MORE: 8
MAX 90 OR ABOVE: 0 0.10 INCH OR MORE: 5
MIN 32 OR BELOW: 7 0.50 INCH OR MORE: 0
MIN 0 OR BELOW: 0 1.00 INCH OR MORE: 0
[HDD (BASE 65) ]
TOTAL THIS MO. 330 CLEAR (SCALE 0-3) 14
DPTR FM NORMAL -19 PTCLDY (SCALE 4-7) 8
TOTAL FM JUL 1 1455 CLOUDY (SCALE 8-10) 6
DPTR FM NORMAL -134
[CDD (BASE 65) ]
TOTAL THIS MO. 14
DPTR FM NORMAL 4 [PRESSURE DATA]
TOTAL FM JAN 1 19 HIGHEST SLP 30.60 ON 3
DPTR FM NORMAL 10 LOWEST SLP 29.49 ON 22
[REMARKS]
#FINAL-02-23#