000
CXUS54 KEWX 011010
CF6BMQ
PRELIMINARY LOCAL CLIMATOLOGICAL DATA (WS FORM: F-6)
STATION: BURNET
MONTH: AUGUST
YEAR: 2023
LATITUDE: 30 43 N
LONGITUDE: 98 14 W
TEMPERATURE IN F: :PCPN: SNOW: WIND :SUNSHINE: SKY :PK WND
================================================================================
1 2 3 4 5 6A 6B 7 8 9 10 11 12 13 14 15 16 17 18
12Z AVG MX 2MIN
DY MAX MIN AVG DEP HDD CDD WTR SNW DPTH SPD SPD DIR MIN PSBL S-S WX SPD DR
================================================================================
1 103 78 91 6 0 26 0.00 M M 5.2 15 130 M M 1 24 150
2 104 79 92 7 0 27 0.00 M M 6.4 16 140 M M 0 25 170
3 102 77 90 5 0 25 0.00 M M 7.1 15 170 M M 0 27 180
4 104 79 92 7 0 27 0.00 M M 7.9 15 180 M M 0 22 170
5 105 78 92 7 0 27 0.00 M M 8.0 15 200 M M 0 28 210
6 105 78 92 7 0 27 0.00 M M 8.6 16 200 M M 0 25 190
7 105 79 92 7 0 27 0.00 M M 8.8 16 230 M M 0 27 140
8 105 79 92 7 0 27 0.00 M M 9.6 17 180 M M 0 30 160
9 105 78 92 7 0 27 T M M 11.5 20 180 M M 0 32 190
10 106 78 92 7 0 27 0.00 M M 9.8 20 190 M M 0 30 190
11 105 78 92 7 0 27 0.00 M M 11.1 17 200 M M 0 30 150
12 105 79 92 7 0 27 0.00 M M 10.7 18 200 M M 0 31 180
13 104 78 91 6 0 26 0.00 M M 9.4 16 170 M M 1 26 200
14 107 77 92 7 0 27 0.00 M M 6.6 15 20 M M 0 22 20
15 101 77 89 4 0 24 0.00 M M 8.7 17 30 M M 0 26 20
16 102 75 89 4 0 24 0.00 M M 4.6 13 50 M M 0 21 50
17 108 75 92 7 0 27 0.00 M M 4.2 14 100 M M 0 23 180
18 106 77 92 7 0 27 0.00 M M 6.1 17 120 M M 0 27 150
19 104 73 89 5 0 24 0.00 M M 4.7 14 120 M M 0 22 160
20 105 77 91 7 0 26 0.00 M M 3.8 16 80 M M 1 8 25 70
21 104 82 93 9 0 28 0.00 M M 7.1 18 100 M M 0 32 80
22 99 80 90 6 0 25 0.00 M M 7.7 23 70 M M 1 35 70
23 99 76 88 4 0 23 0.00 M M 6.8 16 170 M M 2 29 180
24 104 78 91 7 0 26 0.00 M M 4.4 13 140 M M 1 21 120
25 105 80 93 9 0 28 0.00 M M 4.9 14 120 M M 1 19 110
26 105 78 92 9 0 27 0.00 M M 3.6 12 70 M M 1 17 150
27 105 76 91 8 0 26 0.06 M M 6.0 32 330 M M 1 3 45 330
28 98 74 86 3 0 21 0.00 M M 5.9 17 30 M M 1 25 20
29 98 75 87 4 0 22 0.00 M M 6.5 18 40 M M 1 24 40
30 100 71 86 4 0 21 0.00 M M 4.9 16 40 M M 1 8 29 10
31 101 72 87 5 0 22 0.00 M M 3.9 15 50 M M 1 21 60
================================================================================
SM 3209 2391 0 795 0.06 M 214.5 M 14
================================================================================
AV103.5 77.1 6.9 FASTST M M 0 MAX(MPH)
MISC ----> 32 330 45 330
================================================================================
NOTES:
# LAST OF SEVERAL OCCURRENCES
COLUMN 17 PEAK WIND IN M.P.H.
PRELIMINARY LOCAL CLIMATOLOGICAL DATA (WS FORM: F-6) , PAGE 2
STATION: BURNET
MONTH: AUGUST
YEAR: 2023
LATITUDE: 30 43 N
LONGITUDE: 98 14 W
[TEMPERATURE DATA] [PRECIPITATION DATA] SYMBOLS USED IN COLUMN 16
AVERAGE MONTHLY: 90.3 TOTAL FOR MONTH: 0.06 1 = FOG OR MIST
DPTR FM NORMAL: 5.9 DPTR FM NORMAL: -1.70 2 = FOG REDUCING VISIBILITY
HIGHEST: 108 ON 17 GRTST 24HR 0.06 ON 27-27 TO 1/4 MILE OR LESS
LOWEST: 71 ON 30 3 = THUNDER
SNOW, ICE PELLETS, HAIL 4 = ICE PELLETS
TOTAL MONTH: M 5 = HAIL
GRTST 24HR M ON M 6 = FREEZING RAIN OR DRIZZLE
GRTST DEPTH: M ON M 7 = DUSTSTORM OR SANDSTORM:
VSBY 1/2 MILE OR LESS
8 = SMOKE OR HAZE
[NO. OF DAYS WITH] [WEATHER - DAYS WITH] 9 = BLOWING SNOW
X = TORNADO
MAX 32 OR BELOW: 0 0.01 INCH OR MORE: 1
MAX 90 OR ABOVE: 31 0.10 INCH OR MORE: 0
MIN 32 OR BELOW: 0 0.50 INCH OR MORE: 0
MIN 0 OR BELOW: 0 1.00 INCH OR MORE: 0
[HDD (BASE 65) ]
TOTAL THIS MO. 0 CLEAR (SCALE 0-3) 31
DPTR FM NORMAL 0 PTCLDY (SCALE 4-7) 0
TOTAL FM JUL 1 0 CLOUDY (SCALE 8-10) 0
DPTR FM NORMAL 0
[CDD (BASE 65) ]
TOTAL THIS MO. 795
DPTR FM NORMAL 192 [PRESSURE DATA]
TOTAL FM JAN 1 2652 HIGHEST SLP 30.15 ON 15
DPTR FM NORMAL 483 LOWEST SLP 29.70 ON 9
[REMARKS]
#FINAL-08-23#