000
CXUS56 KBOI 011002
CF6BNO
PRELIMINARY LOCAL CLIMATOLOGICAL DATA (WS FORM: F-6)
STATION: BURNS OR
MONTH: JUNE
YEAR: 2022
LATITUDE: 43 34 N
LONGITUDE: 118 57 W
TEMPERATURE IN F: :PCPN: SNOW: WIND :SUNSHINE: SKY :PK WND
================================================================================
1 2 3 4 5 6A 6B 7 8 9 10 11 12 13 14 15 16 17 18
12Z AVG MX 2MIN
DY MAX MIN AVG DEP HDD CDD WTR SNW DPTH SPD SPD DIR MIN PSBL S-S WX SPD DR
================================================================================
1 77 33 55 -1 10 0 0.00 M M 7.9 16 90 M M 1 22 90
2 79 46 63 6 2 0 0.06 M M 6.8 24 260 M M 4 1 33 260
3 73 45 59 2 6 0 0.02 M M 6.4 24 280 M M 7 123 35 300
4 65 50 58 1 7 0 0.17 M M 4.8 14 150 M M 10 1 23 250
5 69 43 56 -1 9 0 0.25 M M 8.3 29 270 M M 7 13 37 280
6 69 38 54 -3 11 0 0.00 M M 7.5 16 300 M M 4 25 290
7 76 35 56 -1 9 0 0.00 M M 5.7 14 150 M M 1 19 170
8 72 49 61 3 4 0 0.11 M M 4.6 13 270 M M 6 1 16 280
9 82 46 64 6 1 0 0.00 0.0 0 6.3 17 270 M M 0 27 250
10 84 50 67 9 0 2 0.00 0.0 0 8.5 22 280 M M 3 30 280
11 84 55 70 12 0 5 0.00 0.0 0 9.6 26 320 M M 6 35 310
12 62 38 50 -8 15 0 0.37 M M 10.1 28 300 M M 7 13 38 300
13 58 33 46 -13 19 0 0.00 M M 10.9 23 300 M M 6 30 290
14 59 30 45 -14 20 0 T M M 5.6 23 330 M M 3 31 330
15 77 26 52 -7 13 0 0.00 M M 8.3 22 60 M M 0 29 60
16 81 47 64 5 1 0 0.00 M M 7.5 24 210 M M 0 32 210
17 74 44 59 -1 6 0 0.00 M M 8.4 18 310 M M 1 24 310
18 61 37 49 -11 16 0 0.26 M M 11.1 22 240 M M 5 1 28 240
19 64 32 48 -12 17 0 0.01 M M 10.0 22 300 M M 5 28 300
20 71 36 54 -7 11 0 0.00 M M 5.8 14 250 M M 0 19 250
21 80 38 59 -2 6 0 0.00 M M 5.3 10 340 M M 0 18 90
22 88 42 65 4 0 0 0.00 M M 5.5 14 300 M M 0 19 300
23 84 49 67 5 0 2 0.00 M M 10.2 17 340 M M 0 24 310
24 80 41 61 -1 4 0 0.00 M M 8.0 15 350 M M 0 23 320
25 85 35 60 -2 5 0 0.00 M M 8.1 18 80 M M 0 25 70
26 95 43 69 6 0 4 0.00 M M 8.7 30 170 M M 0 41 170
27 101 49 75 12 0 10 0.00 M M 7.0 23 230 M M 0 31 230
28 92 44 68 5 0 3 T M M 12.1 30 240 M M 0 39 240
29 84 41 63 -1 2 0 0.00 M M 5.9 16 260 M M 0 21 200
30 89 43 66 2 0 1 0.00 M M 8.4 21 350 M M 0 29 360
================================================================================
SM 2315 1238 194 27 1.25 0.0 233.3 M 76
================================================================================
AV 77.2 41.3 7.8 FASTST M M 3 MAX(MPH)
MISC ----> # 30 170 41 170
================================================================================
NOTES:
# LAST OF SEVERAL OCCURRENCES
COLUMN 17 PEAK WIND IN M.P.H.
PRELIMINARY LOCAL CLIMATOLOGICAL DATA (WS FORM: F-6) , PAGE 2
STATION: BURNS OR
MONTH: JUNE
YEAR: 2022
LATITUDE: 43 34 N
LONGITUDE: 118 57 W
[TEMPERATURE DATA] [PRECIPITATION DATA] SYMBOLS USED IN COLUMN 16
AVERAGE MONTHLY: 59.2 TOTAL FOR MONTH: 1.25 1 = FOG OR MIST
DPTR FM NORMAL: -0.5 DPTR FM NORMAL: 0.52 2 = FOG REDUCING VISIBILITY
HIGHEST: 101 ON 27 GRTST 24HR 0.37 ON 12-12 TO 1/4 MILE OR LESS
LOWEST: 26 ON 15 3 = THUNDER
SNOW, ICE PELLETS, HAIL 4 = ICE PELLETS
TOTAL MONTH: 0.0 INCH 5 = HAIL
GRTST 24HR 0.0 6 = FREEZING RAIN OR DRIZZLE
GRTST DEPTH: 0 7 = DUSTSTORM OR SANDSTORM:
VSBY 1/2 MILE OR LESS
8 = SMOKE OR HAZE
[NO. OF DAYS WITH] [WEATHER - DAYS WITH] 9 = BLOWING SNOW
X = TORNADO
MAX 32 OR BELOW: 0 0.01 INCH OR MORE: 8
MAX 90 OR ABOVE: 3 0.10 INCH OR MORE: 5
MIN 32 OR BELOW: 3 0.50 INCH OR MORE: 0
MIN 0 OR BELOW: 0 1.00 INCH OR MORE: 0
[HDD (BASE 65) ]
TOTAL THIS MO. 194 CLEAR (SCALE 0-3) 18
DPTR FM NORMAL 4 PTCLDY (SCALE 4-7) 11
TOTAL FM JUL 1 7116 CLOUDY (SCALE 8-10) 1
DPTR FM NORMAL -98
[CDD (BASE 65) ]
TOTAL THIS MO. 27
DPTR FM NORMAL -3 [PRESSURE DATA]
TOTAL FM JAN 1 27 HIGHEST SLP 30.30 ON 21
DPTR FM NORMAL -7 LOWEST SLP 29.55 ON 17
[REMARKS]
#FINAL-06-22#