000
CXAK59 PAFG 020013
CLMBRW
CLIMATE REPORT
NATIONAL WEATHER SERVICE FAIRBANKS AK
413 PM AKDT SAT JUL 01 2023
...................................
...THE UTQIAGVIK (BARROW) AK CLIMATE SUMMARY FOR THE MONTH OF JUNE 2023...
CLIMATE NORMAL PERIOD 1991 TO 2020
CLIMATE RECORD PERIOD 1920 TO 2023
WEATHER OBSERVED NORMAL DEPART LAST YEAR`S
VALUE DATE(S) VALUE FROM VALUE DATE(S)
NORMAL
................................................................
TEMPERATURE (F)
RECORD
HIGH 73 06/20/2019
LOW 4 06/06/1969
HIGHEST 61 06/24 MM MM 69 06/26
LOWEST 15 06/01 MM MM 23 06/07
AVG. MAXIMUM 42.6 42.1 0.5 43.7
AVG. MINIMUM 30.6 31.1 -0.5 32.8
MEAN 36.6 36.6 0.0 38.2
DAYS MAX >= 90 0 0.0 0.0 0
DAYS MAX <= 32 3 2.4 0.6 7
DAYS MIN <= 32 16 20.3 -4.3 17
DAYS MIN <= 0 0 0.0 0.0 0
PRECIPITATION (INCHES)
RECORD
MAXIMUM 1.48 2014
MINIMUM T
TOTALS 0.99 0.43 0.56 0.45
DAILY AVG. 0.03 0.01 0.02 0.02
DAYS >= .01 10 6.3 3.7 9
DAYS >= .10 4 1.4 2.6 1
DAYS >= .50 0 0.0 0.0 0
DAYS >= 1.00 0 0.0 0.0 0
GREATEST
24 HR. TOTAL 0.19 06/02 TO 06/02 0.21
DEGREE DAYS
HEATING TOTAL 841 852 -11 795
SINCE 7/1 17567 18466 -899 MM
COOLING TOTAL 0 0 0 0
SINCE 1/1 0 0 0 MM
................................................................
WIND (MPH)
AVERAGE WIND SPEED 11.5
HIGHEST WIND SPEED/DIRECTION 26/250 DATE 06/04
26/080 06/10
HIGHEST GUST SPEED/DIRECTION 36/080 DATE 06/10
SKY COVER
AVERAGE SKY COVER 0.76
NUMBER OF DAYS FAIR 2
WEATHER CONDITIONS. NUMBER OF DAYS WITH
THUNDERSTORM 0 MIXED PRECIP 0
HEAVY RAIN 0 RAIN 3
LIGHT RAIN 10 FREEZING RAIN 0
LT FREEZING RAIN 2 HAIL 0
HEAVY SNOW 0 SNOW 2
LIGHT SNOW 9 SLEET 0
FOG 24 FOG W/VIS <= 1/4 MILE 14
HAZE 5
- INDICATES NEGATIVE NUMBERS.
R INDICATES RECORD WAS SET OR TIED.
MM INDICATES DATA IS MISSING.
T INDICATES TRACE AMOUNT.
$$