000
CXUS53 KGRR 010910
CF6BTL
PRELIMINARY LOCAL CLIMATOLOGICAL DATA (WS FORM: F-6)
STATION: BATTLE CREEK
MONTH: OCTOBER
YEAR: 2022
LATITUDE: 42 17 N
LONGITUDE: 85 14 W
TEMPERATURE IN F: :PCPN: SNOW: WIND :SUNSHINE: SKY :PK WND
================================================================================
1 2 3 4 5 6A 6B 7 8 9 10 11 12 13 14 15 16 17 18
12Z AVG MX 2MIN
DY MAX MIN AVG DEP HDD CDD WTR SNW DPTH SPD SPD DIR MIN PSBL S-S WX SPD DR
================================================================================
1 71 41 56 -2 9 0 0.00 0.0 0 8.2 17 30 M M 0 1 24 30
2 67 46 57 0 8 0 0.00 M M 10.1 17 30 M M 3 25 30
3 70 37 54 -3 11 0 0.00 M M 1.9 9 40 M M 0 13 30
4 73 37 55 -1 10 0 0.00 M M 2.3 10 270 M M 0 17 260
5 75 42 59 3 6 0 0.00 M M 2.9 12 240 M M 1 15 250
6 74 48 61 5 4 0 0.01 M M 8.4 24 340 M M 6 1 35 350
7 52 36 44 -11 21 0 0.00 M M 9.1 17 360 M M 8 24 360
8 55 30 43 -12 22 0 0.00 M M 9.4 23 260 M M 5 30 250
9 68 38 53 -1 12 0 0.00 M M 8.5 22 250 M M 4 31 260
10 72 43 58 4 7 0 0.00 M M 2.9 14 240 M M 3 19 250
11 75 46 61 7 4 0 0.39 M M 12.5 28 220 M M 4 1 39 200
12 72 46 59 6 6 0 0.26 M M 13.5 33 220 M M 9 1 45 200
13 57 41 49 -4 16 0 0.02 M M 12.5 33 260 M M 6 44 270
14 57 37 47 -5 18 0 0.09 M M 11.2 24 220 M M 7 1 36 240
15 54 38 46 -6 19 0 0.15 M M 11.7 26 260 M M 5 1 36 240
16 56 38 47 -5 18 0 0.04 M M 7.6 23 290 M M 8 1 29 300
17 47 37 42 -9 23 0 0.53 M M 11.7 29 270 M M 10 1 40 260
18 42 37 40 -11 25 0 0.13 M M 16.0 26 310 M M 10 18 41 300
19 46 34 40 -10 25 0 T M M 12.8 24 290 M M 10 33 280
20 51 34 43 -7 22 0 T M M 8.5 18 240 M M 4 25 240
21 70 40 55 5 10 0 0.00 M M 12.7 22 200 M M 0 28 210
22 77 52 65 16 0 0 0.00 M M 13.5 22 200 M M 0 30 200
23 77 56 67 18 0 2 0.00 M M 11.5 26 190 M M 1 36 160
24 78 59 69 21 0 4 0.00 M M 11.8 21 140 M M 1 31 150
25 73 56 65 17 0 0 0.30 M M 10.6 20 170 M M 5 1 27 160
26 61 35 48 0 17 0 0.10 M M 11.4 24 300 M M 9 1 33 320
27 54 30 42 -5 23 0 0.00 M M 3.1 13 50 M M 0 18 60
28 63 36 50 3 15 0 0.00 M M 3.9 9 130 M M 0 18 12 140
29 66 31 49 3 16 0 0.00 M M 2.0 10 200 M M 1 12 10 200
30 63 36 50 4 15 0 0.00 M M 2.5 8 170 M M 1 18 11 130
31 60 52 56 10 9 0 0.30 M M 1.6 8 300 M M 10 12 10 290
================================================================================
SM 1976 1269 391 6 2.32 0.0 266.3 M 131
================================================================================
AV 63.7 40.9 8.6 FASTST M M 4 MAX(MPH)
MISC ----> # 33 220 45 200
================================================================================
NOTES:
# LAST OF SEVERAL OCCURRENCES
COLUMN 17 PEAK WIND IN M.P.H.
PRELIMINARY LOCAL CLIMATOLOGICAL DATA (WS FORM: F-6) , PAGE 2
STATION: BATTLE CREEK
MONTH: OCTOBER
YEAR: 2022
LATITUDE: 42 17 N
LONGITUDE: 85 14 W
[TEMPERATURE DATA] [PRECIPITATION DATA] SYMBOLS USED IN COLUMN 16
AVERAGE MONTHLY: 52.3 TOTAL FOR MONTH: 2.32 1 = FOG OR MIST
DPTR FM NORMAL: 0.7 DPTR FM NORMAL: -1.23 2 = FOG REDUCING VISIBILITY
HIGHEST: 78 ON 24 GRTST 24HR 0.57 ON 16-17 TO 1/4 MILE OR LESS
LOWEST: 30 ON 27, 8 3 = THUNDER
SNOW, ICE PELLETS, HAIL 4 = ICE PELLETS
TOTAL MONTH: 0.0 INCH 5 = HAIL
GRTST 24HR 0.0 6 = FREEZING RAIN OR DRIZZLE
GRTST DEPTH: 0 7 = DUSTSTORM OR SANDSTORM:
VSBY 1/2 MILE OR LESS
8 = SMOKE OR HAZE
[NO. OF DAYS WITH] [WEATHER - DAYS WITH] 9 = BLOWING SNOW
X = TORNADO
MAX 32 OR BELOW: 0 0.01 INCH OR MORE: 12
MAX 90 OR ABOVE: 0 0.10 INCH OR MORE: 8
MIN 32 OR BELOW: 3 0.50 INCH OR MORE: 1
MIN 0 OR BELOW: 0 1.00 INCH OR MORE: 0
[HDD (BASE 65) ]
TOTAL THIS MO. 391 CLEAR (SCALE 0-3) 14
DPTR FM NORMAL -33 PTCLDY (SCALE 4-7) 10
TOTAL FM JUL 1 503 CLOUDY (SCALE 8-10) 7
DPTR FM NORMAL -57
[CDD (BASE 65) ]
TOTAL THIS MO. 6
DPTR FM NORMAL -3 [PRESSURE DATA]
TOTAL FM JAN 1 881 HIGHEST SLP 30.48 ON 28
DPTR FM NORMAL 166 LOWEST SLP 29.54 ON 26
[REMARKS]
#FINAL-10-22#