000
CXUS53 KGRR 011848
CLSBTL
WRKCLSBTL 000
TTAA00 GRR 011835
CLIMATE REPORT
NATIONAL WEATHER SERVICE GRAND RAPIDS, MICHIGAN
229 PM EDT THU SEP 01 2022
...................................
...THE BATTLE CREEK CLIMATE SUMMARY FOR THE SEASON, FROM
6/1/2022 TO 8/31/2022...
CLIMATE NORMAL PERIOD: 1991 TO 2020
CLIMATE RECORD PERIOD: 1895 TO 2022
WEATHER OBSERVED NORMAL DEPART LAST YEAR`S
VALUE DATE(S) VALUE FROM VALUE DATE(S)
NORMAL
................................................................
TEMPERATURE (F)
RECORD
HIGH 104 07/14/1936
LOW 30 06/01/1993
HIGHEST 95 06/14 MM MM 92 08/24
06/21
LOWEST 44 06/04 MM MM 44 06/22
AVG. MAXIMUM 82.2 81.1 1.1 82.7
AVG. MINIMUM 61.3 60.4 0.9 63.6
MEAN 71.7 70.7 1.0 73.2
DAYS MAX >= 90 10 8.7 1.3 11
DAYS MAX <= 32 0 0.0 0.0 0
DAYS MIN <= 32 0 0.0 0.0 0
DAYS MIN <= 0 0 0.0 0.0 0
PRECIPITATION (INCHES)
RECORD
MAXIMUM 17.46 1896
MINIMUM 4.30 1946
TOTALS 12.49 10.12 2.37 16.62
DAILY AVG. 0.14 0.11 0.03 0.19
DAYS >= .01 31 32.3 -1.3 34
DAYS >= .10 21 18.0 3.0 23
DAYS >= .50 10 6.9 3.1 12
DAYS >= 1.00 3 2.4 0.6 8
GREATEST
24 HR. TOTAL 2.18 08/13 TO 08/14
DEGREE DAYS
HEATING TOTAL 26 55 -29 17
SINCE 7/1 7 12 -5 MM
COOLING TOTAL 669 586 83 788
SINCE 1/1 765 635 130 MM
FREEZE DATES
EARLIEST MM
LATEST 04/27
................................................................
WIND (MPH)
AVERAGE WIND SPEED 7.0
RESULTANT WIND SPEED/DIRECTION 3/240
HIGHEST WIND SPEED/DIRECTION 43/290 DATE 08/03
HIGHEST GUST SPEED/DIRECTION 60/310 DATE 08/03
SKY COVER
AVERAGE SKY COVER 0.31
NUMBER OF DAYS FAIR 54
NUMBER OF DAYS PC 34
NUMBER OF DAYS CLOUDY 4
AVERAGE RH (PERCENT) 68
WEATHER CONDITIONS. NUMBER OF DAYS WITH
THUNDERSTORM 19 MIXED PRECIP 0
HEAVY RAIN 20 RAIN 15
LIGHT RAIN 31 FREEZING RAIN 0
LT FREEZING RAIN 0 HAIL 0
HEAVY SNOW 0 SNOW 0
LIGHT SNOW 0 SLEET 0
FOG 37 FOG W/VIS <= 1/4 MILE 3
HAZE 7
- INDICATES NEGATIVE NUMBERS.
R INDICATES RECORD WAS SET OR TIED.
MM INDICATES DATA IS MISSING.
T INDICATES TRACE AMOUNT.
$$