000
CXUS55 KMSO 010900
CF6BTM
PRELIMINARY LOCAL CLIMATOLOGICAL DATA (WS FORM: F-6)
STATION: BUTTE MT
MONTH: JULY
YEAR: 2022
LATITUDE: 45 57 N
LONGITUDE: 112 30 W
TEMPERATURE IN F: :PCPN: SNOW: WIND :SUNSHINE: SKY :PK WND
================================================================================
1 2 3 4 5 6A 6B 7 8 9 10 11 12 13 14 15 16 17 18
12Z AVG MX 2MIN
DY MAX MIN AVG DEP HDD CDD WTR SNW DPTH SPD SPD DIR MIN PSBL S-S WX SPD DR
================================================================================
1 81 46 64 4 1 0 T M M 4.7 22 330 M M 2 3 36 290
2 82 45 64 4 1 0 0.03 M M 5.8 24 140 M M 2 3 33 120
3 69 51 60 -1 5 0 0.48 M M 6.4 20 280 M M 5 13 29 150
4 72 51 62 1 3 0 0.03 M M 5.5 31 170 M M 5 3 38 170
5 77 47 62 1 3 0 0.00 M M 3.5 13 150 M M 2 16 290
6 84 46 65 3 0 0 0.01 M M 7.6 40 190 M M 1 38 53 190
7 82 52 67 5 0 2 0.24 M M 8.2 25 190 M M 2 13 42 150
8 85 48 67 5 0 2 0.03 M M 4.7 33 160 M M 2 3 43 160
9 85 46 66 4 0 1 0.10 M M 5.2 23 150 M M 2 3 31 340
10 74 45 60 -3 5 0 T M M 7.5 20 320 M M 4 3 28 320
11 79 39 59 -4 6 0 0.00 M M 4.8 12 330 M M 0 15 320
12 90 44 67 4 0 2 0.00 M M 4.1 13 320 M M 0 19 130
13 87 50 69 5 0 4 0.08 M M 5.5 24 310 M M 1 38 39 230
14 90 49 70 6 0 5 0.00 M M 4.1 16 260 M M 1 23 260
15 83 50 67 3 0 2 T M M 7.1 23 120 M M 1 3 39 240
16 90 50 70 6 0 5 T M M 4.9 26 180 M M 1 48 190
17 93 48 71 7 0 6 T M M 7.2 28 170 M M 0 36 170
18 84 55 70 5 0 5 0.00 M M 12.7 32 310 M M 0 57 290
19 85 39 62 -3 3 0 0.00 M M 5.6 18 280 M M 0 28 230
20 87 42 65 0 0 0 0.00 M M 8.0 23 290 M M 0 35 270
21 87 41 64 -1 1 0 0.00 M M 7.0 22 310 M M 0 33 320
22 89 46 68 3 0 3 0.00 M M 6.2 24 330 M M 0 37 270
23 85 43 64 -1 1 0 0.00 M M 4.8 9 350 M M 0 25 110
24 79 45 62 -3 3 0 T M M 6.7 21 10 M M 1 30 M
25 85 42 64 -1 1 0 0.00 M M 5.4 17 330 M M 1 24 330
26 88 51 70 5 0 5 0.00 M M 5.1 16 320 M M 1 23 300
27 90 48 69 4 0 4 T M M 4.6 15 50 M M 0 22 70
28 91 50 71 6 0 6 0.00 M M 4.6 15 100 M M 1 22 100
29 91 50 71 6 0 6 0.00 M M 6.2 18 320 M M 1 25 290
30 91 47 69 4 0 4 0.00 M M 4.6 12 320 M M 0 19 310
31 92 48 70 5 0 5 0.00 M M 7.3 22 300 M M 0 31 300
================================================================================
SM 2627 1454 33 67 1.00 M 185.6 M 36
================================================================================
AV 84.7 46.9 6.0 FASTST M M 1 MAX(MPH)
MISC ----> 40 190 57 290
================================================================================
NOTES:
# LAST OF SEVERAL OCCURRENCES
COLUMN 17 PEAK WIND IN M.P.H.
PRELIMINARY LOCAL CLIMATOLOGICAL DATA (WS FORM: F-6) , PAGE 2
STATION: BUTTE MT
MONTH: JULY
YEAR: 2022
LATITUDE: 45 57 N
LONGITUDE: 112 30 W
[TEMPERATURE DATA] [PRECIPITATION DATA] SYMBOLS USED IN COLUMN 16
AVERAGE MONTHLY: 65.8 TOTAL FOR MONTH: 1.00 1 = FOG OR MIST
DPTR FM NORMAL: 2.2 DPTR FM NORMAL: -0.20 2 = FOG REDUCING VISIBILITY
HIGHEST: 93 ON 17 GRTST 24HR 0.50 ON 2- 3 TO 1/4 MILE OR LESS
LOWEST: 39 ON 19,11 3 = THUNDER
SNOW, ICE PELLETS, HAIL 4 = ICE PELLETS
TOTAL MONTH: M 5 = HAIL
GRTST 24HR M ON M 6 = FREEZING RAIN OR DRIZZLE
GRTST DEPTH: M ON M 7 = DUSTSTORM OR SANDSTORM:
VSBY 1/2 MILE OR LESS
8 = SMOKE OR HAZE
[NO. OF DAYS WITH] [WEATHER - DAYS WITH] 9 = BLOWING SNOW
X = TORNADO
MAX 32 OR BELOW: 0 0.01 INCH OR MORE: 8
MAX 90 OR ABOVE: 9 0.10 INCH OR MORE: 3
MIN 32 OR BELOW: 0 0.50 INCH OR MORE: 0
MIN 0 OR BELOW: 0 1.00 INCH OR MORE: 0
[HDD (BASE 65) ]
TOTAL THIS MO. 33 CLEAR (SCALE 0-3) 28
DPTR FM NORMAL -58 PTCLDY (SCALE 4-7) 3
TOTAL FM JUL 1 33 CLOUDY (SCALE 8-10) 0
DPTR FM NORMAL -61
[CDD (BASE 65) ]
TOTAL THIS MO. 67
DPTR FM NORMAL 19 [PRESSURE DATA]
TOTAL FM JAN 1 78 HIGHEST SLP M ON M
DPTR FM NORMAL 24 LOWEST SLP 29.70 ON 18
[REMARKS]
#FINAL-07-22#