000
CXUS54 KLIX 010810
CF6BTR
PRELIMINARY LOCAL CLIMATOLOGICAL DATA (WS FORM: F-6)
STATION: BATON ROUGE
MONTH: AUGUST
YEAR: 2022
LATITUDE: 30 31 N
LONGITUDE: 91 9 W
TEMPERATURE IN F: :PCPN: SNOW: WIND :SUNSHINE: SKY :PK WND
================================================================================
1 2 3 4 5 6A 6B 7 8 9 10 11 12 13 14 15 16 17 18
12Z AVG MX 2MIN
DY MAX MIN AVG DEP HDD CDD WTR SNW DPTH SPD SPD DIR MIN PSBL S-S WX SPD DR
================================================================================
1 92 74 83 0 0 18 0.20 0.0 M 3.7 20 170 M M 3 138 22 130
2 88 75 82 -1 0 17 0.16 0.0 M 4.9 17 200 M M 3 13 21 210
3 83 74 79 -4 0 14 1.69 0.0 M 4.0 13 220 M M 4 123 16 160
4 92 73 83 0 0 18 0.09 0.0 M 3.7 18 240 M M 4 13 22 240
5 90 73 82 -1 0 17 0.20 0.0 M 5.5 24 170 M M 5 123 28 180
6 90 74 82 -1 0 17 0.10 0.0 M 5.5 18 160 M M 1 13 24 160
7 95 74 85 2 0 20 T 0.0 M 4.4 16 120 M M 2 3 19 120
8 93 73 83 0 0 18 0.00 0.0 M 4.2 20 170 M M 2 3 25 160
9 92 75 84 1 0 19 0.00 0.0 M 4.1 15 80 M M 6 123 20 80
10 91 74 83 0 0 18 1.53 0.0 M 2.4 23 110 M M 5 1238 26 110
11 88 74 81 -2 0 16 0.04 0.0 M 3.4 17 160 M M 5 1238 21 180
12 90 73 82 -1 0 17 T 0.0 M 5.6 15 130 M M 4 18 20 80
13 89 74 82 -1 0 17 T 0.0 M 6.3 17 210 M M 3 1 22 170
14 93 73 83 0 0 18 0.00 0.0 M 2.6 10 290 M M 1 14 270
15 94 76 85 2 0 20 T 0.0 M 3.9 10 260 M M 1 8 21 220
16 94 77 86 3 0 21 M 0.0 M 5.2 10 290 M M 1 M M
17 94 77 86 3 0 21 0.00 0.0 M 5.6 15 280 M M 2 19 280
18 86 77 82 -1 0 17 T 0.0 M 4.8 16 30 M M 3 20 30
19 91 74 83 0 0 18 1.17 0.0 M 3.5 22 220 M M 4 138 29 240
20 87 74 81 -2 0 16 0.81 0.0 M 4.6 24 70 M M 1 13 32 70
21 92 75 84 1 0 19 0.61 0.0 M 5.7 17 310 M M 5 13 23 300
22 91 75 83 1 0 18 0.28 0.0 M 5.3 29 220 M M 3 13 37 230
23 88 75 82 0 0 17 1.56 0.0 M 5.7 22 160 M M 7 13 32 150
24 85 75 80 -2 0 15 0.13 0.0 M 6.2 15 260 M M 6 13 21 250
25 86 75 81 -1 0 16 0.80 0.0 M 5.1 25 250 M M 7 13 29 250
26 87 76 82 0 0 17 0.60 0.0 M 6.6 14 190 M M 8 13 17 190
27 89 75 82 0 0 17 T 0.0 M 4.0 16 230 M M 5 123 21 220
28 93 75 84 2 0 19 0.28 0.0 M 5.1 18 140 M M 3 138 24 140
29 92 75 84 2 0 19 T 0.0 M 3.7 12 170 M M 2 13 180
30 95 75 85 3 0 20 0.04 0.0 M 2.7 28 50 M M 2 13 35 20
31 95 74 85 3 0 20 0.00 0.0 M 4.7 10 50 M M 3 1 14 10
================================================================================
SM 2805 2313 0 554 10.29 0.0 142.7 M 111
================================================================================
AV 90.5 74.6 4.6 FASTST M M 4 MAX(MPH)
MISC ----> 29 220 37 230
================================================================================
NOTES:
# LAST OF SEVERAL OCCURRENCES
COLUMN 17 PEAK WIND IN M.P.H.
PRELIMINARY LOCAL CLIMATOLOGICAL DATA (WS FORM: F-6) , PAGE 2
STATION: BATON ROUGE
MONTH: AUGUST
YEAR: 2022
LATITUDE: 30 31 N
LONGITUDE: 91 9 W
[TEMPERATURE DATA] [PRECIPITATION DATA] SYMBOLS USED IN COLUMN 16
AVERAGE MONTHLY: 82.5 TOTAL FOR MONTH: 10.29 1 = FOG OR MIST
DPTR FM NORMAL: -0.3 DPTR FM NORMAL: 3.92 2 = FOG REDUCING VISIBILITY
HIGHEST: 95 ON 31,30 GRTST 24HR 1.87 ON 19-20 TO 1/4 MILE OR LESS
LOWEST: 73 ON 14,12 3 = THUNDER
SNOW, ICE PELLETS, HAIL 4 = ICE PELLETS
TOTAL MONTH: 0.0 INCH 5 = HAIL
GRTST 24HR 0.0 6 = FREEZING RAIN OR DRIZZLE
GRTST DEPTH: M ON M 7 = DUSTSTORM OR SANDSTORM:
VSBY 1/2 MILE OR LESS
8 = SMOKE OR HAZE
[NO. OF DAYS WITH] [WEATHER - DAYS WITH] 9 = BLOWING SNOW
X = TORNADO
MAX 32 OR BELOW: 0 0.01 INCH OR MORE: 18
MAX 90 OR ABOVE: 20 0.10 INCH OR MORE: 15
MIN 32 OR BELOW: 0 0.50 INCH OR MORE: 8
MIN 0 OR BELOW: 0 1.00 INCH OR MORE: 4
[HDD (BASE 65) ]
TOTAL THIS MO. 0 CLEAR (SCALE 0-3) 15
DPTR FM NORMAL 0 PTCLDY (SCALE 4-7) 16
TOTAL FM JUL 1 0 CLOUDY (SCALE 8-10) 0
DPTR FM NORMAL 0
[CDD (BASE 65) ]
TOTAL THIS MO. 554
DPTR FM NORMAL 4 [PRESSURE DATA]
TOTAL FM JAN 1 2370 HIGHEST SLP M ON M
DPTR FM NORMAL 215 LOWEST SLP 29.85 ON 23
[REMARKS]
#FINAL-08-22#