000
CXAK56 PAFG 010959
CF6BTT
PRELIMINARY LOCAL CLIMATOLOGICAL DATA (WS FORM: F-6)
STATION: BETTLES AK
MONTH: JULY
YEAR: 2021
LATITUDE: 66 55 N
LONGITUDE: 151 31 W
TEMPERATURE IN F: :PCPN: SNOW: WIND :SUNSHINE: SKY :PK WND
================================================================================
1 2 3 4 5 6A 6B 7 8 9 10 11 12 13 14 15 16 17 18
12Z AVG MX 2MIN
DY MAX MIN AVG DEP HDD CDD WTR SNW DPTH SPD SPD DIR MIN PSBL S-S WX SPD DR
================================================================================
1 78 51 65 3 0 0 T M M 4.0 9 30 M M 7 12 40
2 81 61 71 9 0 6 T M M 7.3 12 110 M M 8 20 20
3 69 54 62 0 3 0 0.27 M M 7.2 16 240 M M 8 1 23 210
4 66 44 55 -7 10 0 0.00 M M 5.3 13 220 M M 5 17 220
5 71 50 61 -1 4 0 0.21 M M 2.4 13 140 M M 10 1 18 100
6 62 48 55 -7 10 0 0.05 M M 5.9 18 200 M M 8 1 27 200
7 59 44 52 -9 13 0 0.28 M M 4.6 16 220 M M 6 21 220
8 59 45 52 -9 13 0 0.04 M M 4.6 16 250 M M 9 21 250
9 64 48 56 -5 9 0 0.12 M M 3.5 12 200 M M 8 1 16 330
10 69 44 57 -4 8 0 0.00 M M 4.0 12 240 M M 5 19 210
11 69 51 60 -1 5 0 T M M 5.7 14 230 M M 6 20 220
12 74 44 59 -2 6 0 0.00 M M 3.5 9 190 M M 2 15 210
13 79 49 64 3 1 0 0.00 M M 5.2 12 220 M M 2 18 220
14 78 58 68 8 0 3 0.01 M M 4.7 10 350 M M 4 3 16 350
15 76 47 62 2 3 0 0.00 M M 4.7 12 210 M M 3 16 190
16 77 53 65 5 0 0 0.00 M M 6.1 13 240 M M 2 21 240
17 66 51 59 -1 6 0 T M M 7.2 18 240 M M 7 23 270
18 67 50 59 -1 6 0 T 0.0 0 6.7 12 230 M M 5 1 20 210
19 77 45 61 1 4 0 0.00 0.0 0 1.3 6 130 M M 2 M M
20 78 54 66 7 0 1 0.73 0.0 0 2.9 22 230 M M 6 13 36 220
21 70 54 62 3 3 0 T 0.0 0 3.9 10 260 M M 8 1 18 190
22 77 46 62 3 3 0 0.00 M M 2.2 9 200 M M 5 1 13 200
23 77 58 68 9 0 3 0.00 M M 5.1 14 250 M M 6 20 250
24 64 49 57 -1 8 0 0.00 M M 8.3 16 220 M M 6 22 230
25 66 44 55 -3 10 0 0.00 M M 5.8 15 250 M M 7 21 250
26 63 51 57 -1 8 0 T M M 5.2 14 270 M M 10 18 270
27 56 51 54 -4 11 0 0.26 M M 4.6 12 240 M M 10 1 17 190
28 56 53 55 -3 10 0 0.48 M M 5.8 12 200 M M 10 1 17 200
29 59 52 56 -1 9 0 0.31 M M 5.6 10 190 M M 10 1 18 200
30 58 53 56 -1 9 0 0.56 M M 5.6 9 220 M M 10 1 16 200
31 62 56 59 2 6 0 0.69 M M 6.9 12 170 M M 10 1 17 150
================================================================================
SM 2127 1558 178 13 4.01 0.0 155.8 M 205
================================================================================
AV 68.6 50.3 5.0 FASTST M M 7 MAX(MPH)
MISC ----> 22 230 36 220
================================================================================
NOTES:
# LAST OF SEVERAL OCCURRENCES
COLUMN 17 PEAK WIND IN M.P.H.
PRELIMINARY LOCAL CLIMATOLOGICAL DATA (WS FORM: F-6) , PAGE 2
STATION: BETTLES AK
MONTH: JULY
YEAR: 2021
LATITUDE: 66 55 N
LONGITUDE: 151 31 W
[TEMPERATURE DATA] [PRECIPITATION DATA] SYMBOLS USED IN COLUMN 16
AVERAGE MONTHLY: 59.4 TOTAL FOR MONTH: 4.01 1 = FOG OR MIST
DPTR FM NORMAL: -0.4 DPTR FM NORMAL: 1.69 2 = FOG REDUCING VISIBILITY
HIGHEST: 81 ON 2 GRTST 24HR 0.74 ON 30-31 TO 1/4 MILE OR LESS
LOWEST: 44 ON 25,12 3 = THUNDER
SNOW, ICE PELLETS, HAIL 4 = ICE PELLETS
TOTAL MONTH: 0.0 INCH 5 = HAIL
GRTST 24HR 0.0 6 = FREEZING RAIN OR DRIZZLE
GRTST DEPTH: 0 7 = DUSTSTORM OR SANDSTORM:
VSBY 1/2 MILE OR LESS
8 = SMOKE OR HAZE
[NO. OF DAYS WITH] [WEATHER - DAYS WITH] 9 = BLOWING SNOW
X = TORNADO
MAX 32 OR BELOW: 0 0.01 INCH OR MORE: 13
MAX 90 OR ABOVE: 0 0.10 INCH OR MORE: 10
MIN 32 OR BELOW: 0 0.50 INCH OR MORE: 3
MIN 0 OR BELOW: 0 1.00 INCH OR MORE: 0
[HDD (BASE 65) ]
TOTAL THIS MO. 178 CLEAR (SCALE 0-3) 5
DPTR FM NORMAL -1 PTCLDY (SCALE 4-7) 18
TOTAL FM JUL 1 178 CLOUDY (SCALE 8-10) 8
DPTR FM NORMAL 2
[CDD (BASE 65) ]
TOTAL THIS MO. 13
DPTR FM NORMAL -5 [PRESSURE DATA]
TOTAL FM JAN 1 26 HIGHEST SLP M ON M
DPTR FM NORMAL -7 LOWEST SLP 29.63 ON 20
[REMARKS]
#FINAL-07-21#