134
CXUS51 KBTV 011224
CF6BTV
PRELIMINARY LOCAL CLIMATOLOGICAL DATA (WS FORM: F-6)
STATION: BURLINGTON VT
MONTH: APRIL
YEAR: 2020
LATITUDE: 44 28 N
LONGITUDE: 73 9 W
TEMPERATURE IN F: :PCPN: SNOW: WIND :SUNSHINE: SKY :PK WND
================================================================================
1 2 3 4 5 6A 6B 7 8 9 10 11 12 13 14 15 16 17 18
12Z AVG MX 2MIN
DY MAX MIN AVG DEP HDD CDD WTR SNW DPTH SPD SPD DIR MIN PSBL S-S WX SPD DR
================================================================================
1 48 26 37 -1 28 0 0.00 0.0 0 9.1 23 320 M M 5 27 330
2 43 36 40 2 25 0 0.26 0.0 0 13.8 22 350 M M 10 1 28 340
3 50 40 45 6 20 0 0.19 0.0 0 12.4 22 330 M M 10 1 27 320
4 56 38 47 7 18 0 0.02 0.0 0 4.0 13 330 M M 7 17 330
5 56 38 47 7 18 0 0.01 0.0 0 4.2 13 280 M M 9 20 280
6 58 33 46 6 19 0 0.00 0.0 0 5.5 17 320 M M 3 22 320
7 59 32 46 5 19 0 0.00 0.0 0 3.5 14 360 M M 4 19 340
8 53 37 45 4 20 0 0.00 0.0 0 5.0 15 320 M M 6 18 330
9 49 39 44 2 21 0 0.39 0.0 0 8.0 22 290 M M 9 1 33 280
10 40 35 38 -4 27 0 0.15 T 0 12.1 26 320 M M 10 1 34 330
11 48 33 41 -2 24 0 T T 0 11.0 21 300 M M 8 29 310
12 58 34 46 3 19 0 0.00 0.0 0 10.9 23 190 M M 7 28 190
13 64 47 56 12 9 0 0.24 0.0 0 14.9 35 270 M M 9 1 43 260
14 50 38 44 0 21 0 T T 0 11.2 24 240 M M 7 33 240
15 46 33 40 -5 25 0 0.00 0.0 0 8.2 20 280 M M 6 29 270
16 44 30 37 -8 28 0 0.01 0.1 0 8.6 21 290 M M 5 27 310
17 45 31 38 -8 27 0 T T 0 8.4 17 290 M M 6 8 24 270
18 51 30 41 -5 24 0 0.00 0.0 0 4.9 13 350 M M 6 17 320
19 59 30 45 -1 20 0 T 0.0 0 12.1 23 320 M M 6 32 180
20 47 30 39 -8 26 0 0.02 0.0 0 9.9 21 340 M M 4 1 27 340
21 51 27 39 -8 26 0 0.05 0.0 0 10.8 24 190 M M 7 35 190
22 40 26 33 -15 32 0 T T 0 14.9 26 280 M M 8 39 300
23 51 29 40 -8 25 0 0.00 0.0 0 7.4 16 270 M M 0 22 270
24 57 29 43 -6 22 0 0.00 0.0 0 7.4 20 320 M M 7 24 330
25 62 42 52 3 13 0 0.00 0.0 0 4.6 14 320 M M 5 17 310
26 59 37 48 -1 17 0 0.32 0.0 0 6.8 17 30 M M 8 22 30
27 46 40 43 -7 22 0 0.14 0.0 0 9.8 22 360 M M 10 28 10
28 57 39 48 -2 17 0 0.00 0.0 0 7.0 18 330 M M 3 23 310
29 67 33 50 -1 15 0 T 0.0 0 9.0 24 140 M M 6 30 140
30 53 47 50 -1 15 0 0.04 0.0 0 14.9 24 140 M M 10 32 150
================================================================================
SM 1567 1039 642 0 1.84 0.1 270.3 M 201
================================================================================
AV 52.2 34.6 9.0 FASTST M M 7 MAX(MPH)
MISC ----> 35 270 43 260
================================================================================
NOTES:
# LAST OF SEVERAL OCCURRENCES
COLUMN 17 PEAK WIND IN M.P.H.
PRELIMINARY LOCAL CLIMATOLOGICAL DATA (WS FORM: F-6) , PAGE 2
STATION: BURLINGTON VT
MONTH: APRIL
YEAR: 2020
LATITUDE: 44 28 N
LONGITUDE: 73 9 W
[TEMPERATURE DATA] [PRECIPITATION DATA] SYMBOLS USED IN COLUMN 16
AVERAGE MONTHLY: 43.4 TOTAL FOR MONTH: 1.84 1 = FOG OR MIST
DPTR FM NORMAL: -1.4 DPTR FM NORMAL: -0.98 2 = FOG REDUCING VISIBILITY
HIGHEST: 67 ON 29 GRTST 24HR 0.46 ON 26-27 TO 1/4 MILE OR LESS
LOWEST: 26 ON 22, 1 3 = THUNDER
SNOW, ICE PELLETS, HAIL 4 = ICE PELLETS
TOTAL MONTH: 0.1 INCH 5 = HAIL
GRTST 24HR 0.1 ON 16-16 6 = FREEZING RAIN OR DRIZZLE
GRTST DEPTH: 0 7 = DUSTSTORM OR SANDSTORM:
VSBY 1/2 MILE OR LESS
8 = SMOKE OR HAZE
[NO. OF DAYS WITH] [WEATHER - DAYS WITH] 9 = BLOWING SNOW
X = TORNADO
MAX 32 OR BELOW: 0 0.01 INCH OR MORE: 13
MAX 90 OR ABOVE: 0 0.10 INCH OR MORE: 7
MIN 32 OR BELOW: 11 0.50 INCH OR MORE: 0
MIN 0 OR BELOW: 0 1.00 INCH OR MORE: 0
[HDD (BASE 65) ]
TOTAL THIS MO. 642 CLEAR (SCALE 0-3) 2
DPTR FM NORMAL 32 PTCLDY (SCALE 4-7) 20
TOTAL FM JUL 1 6467 CLOUDY (SCALE 8-10) 8
DPTR FM NORMAL -608
[CDD (BASE 65) ]
TOTAL THIS MO. 0
DPTR FM NORMAL -2 [PRESSURE DATA]
TOTAL FM JAN 1 0 HIGHEST SLP 30.25 ON 29
DPTR FM NORMAL -2 LOWEST SLP 29.06 ON 9
[REMARKS]
#FINAL-04-20#