000
CXUS56 KLOX 011814
CF6BUR
PRELIMINARY LOCAL CLIMATOLOGICAL DATA (WS FORM: F-6)
STATION: HOLLYWOOD/BURBANK AIRPORT CA
MONTH: DECEMBER
YEAR: 2020
LATITUDE: 34 12 N
LONGITUDE: 118 22 W
TEMPERATURE IN F: :PCPN: SNOW: WIND :SUNSHINE: SKY :PK WND
================================================================================
1 2 3 4 5 6A 6B 7 8 9 10 11 12 13 14 15 16 17 18
12Z AVG MX 2MIN
DY MAX MIN AVG DEP HDD CDD WTR SNW DPTH SPD SPD DIR MIN PSBL S-S WX SPD DR
================================================================================
1 80 47 64 9 1 0 0.00 0.0 0 2.3 12 90 M M 0 15 90
2 79 46 63 8 2 0 0.00 0.0 0 3.0 10 110 M M 0 13 190
3 71 46 59 4 6 0 0.00 0.0 0 2.9 8 340 M M 0 10 320
4 74 40 57 2 8 0 0.00 0.0 0 2.7 10 170 M M 0 12 120
5 73 42 58 3 7 0 0.00 0.0 0 2.3 9 300 M M 0 8 12 320
6 76 42 59 5 6 0 0.00 0.0 0 1.8 10 280 M M 0 12 280
7 76 44 60 6 5 0 0.00 0.0 0 6.4 25 40 M M 0 33 30
8 81 59 70 16 0 5 0.00 0.0 0 4.3 26 40 M M 0 8 37 30
9 77 51 64 10 1 0 0.00 0.0 0 2.9 10 130 M M 0 16 90
10 64 45 55 1 10 0 0.00 M M 4.1 16 150 M M 1 21 150
11 60 48 54 0 11 0 0.00 M M 2.7 9 200 M M 4 12 200
12 69 44 57 3 8 0 0.00 M M 5.2 25 360 M M 2 8 35 320
13 68 45 57 3 8 0 0.00 M M 3.2 12 200 M M 2 13 330
14 63 49 56 2 9 0 0.00 M M 11.2 31 360 M M 2 40 360
15 70 43 57 3 8 0 0.00 M M 2.3 10 110 M M 0 13 90
16 73 42 58 4 7 0 0.00 M M 1.7 10 250 M M 0 8 14 260
17 63 48 56 2 9 0 0.00 M M 6.3 21 350 M M 1 27 350
18 70 43 57 3 8 0 0.00 M M 3.1 12 180 M M 0 16 150
19 71 42 57 3 8 0 0.00 M M 2.4 9 160 M M 0 12 160
20 81 41 61 7 4 0 0.00 M M 1.9 9 330 M M 0 10 330
21 82 46 64 10 1 0 0.00 M M 1.6 12 200 M M 0 13 200
22 71 45 58 4 7 0 0.00 M M 3.0 10 190 M M 0 18 12 200
23 69 46 58 4 7 0 0.00 M M 2.7 8 140 M M 3 18 11 100
24 59 45 52 -2 13 0 0.02 M M 3.7 12 330 M M 2 16 310
25 74 43 59 5 6 0 0.00 M M 2.3 10 300 M M 0 12 210
26 68 42 55 1 10 0 0.00 M M 3.0 12 180 M M 0 13 110
27 67 49 58 4 7 0 0.03 M M 5.3 17 130 M M 5 128 20 130
28 53 43 48 -6 17 0 0.95 M M 6.4 29 250 M M 9 13 42 260
29 61 37 49 -5 16 0 0.00 M M 6.7 23 360 M M 0 30 360
30 67 39 53 -1 12 0 0.00 M M 3.3 9 180 M M 0 12 170
31 66 39 53 -1 12 0 0.00 M M 8.2 23 270 M M 0 29 360
================================================================================
SM 2176 1381 234 5 1.00 0.0 118.9 M 31
================================================================================
AV 70.2 44.5 3.8 FASTST M M 1 MAX(MPH)
MISC ----> 31 360 42 260
================================================================================
NOTES:
# LAST OF SEVERAL OCCURRENCES
COLUMN 17 PEAK WIND IN M.P.H.
PRELIMINARY LOCAL CLIMATOLOGICAL DATA (WS FORM: F-6) , PAGE 2
STATION: HOLLYWOOD/BURBANK AIRPORT CA
MONTH: DECEMBER
YEAR: 2020
LATITUDE: 34 12 N
LONGITUDE: 118 22 W
[TEMPERATURE DATA] [PRECIPITATION DATA] SYMBOLS USED IN COLUMN 16
AVERAGE MONTHLY: 57.4 TOTAL FOR MONTH: 1.00 1 = FOG OR MIST
DPTR FM NORMAL: 3.3 DPTR FM NORMAL: -1.40 2 = FOG REDUCING VISIBILITY
HIGHEST: 82 ON 21 GRTST 24HR 0.98 ON 27-28 TO 1/4 MILE OR LESS
LOWEST: 37 ON 29 3 = THUNDER
SNOW, ICE PELLETS, HAIL 4 = ICE PELLETS
TOTAL MONTH: 0.0 INCH 5 = HAIL
GRTST 24HR 0.0 6 = FREEZING RAIN OR DRIZZLE
GRTST DEPTH: 0 7 = DUSTSTORM OR SANDSTORM:
VSBY 1/2 MILE OR LESS
8 = SMOKE OR HAZE
[NO. OF DAYS WITH] [WEATHER - DAYS WITH] 9 = BLOWING SNOW
X = TORNADO
MAX 32 OR BELOW: 0 0.01 INCH OR MORE: 3
MAX 90 OR ABOVE: 0 0.10 INCH OR MORE: 1
MIN 32 OR BELOW: 0 0.50 INCH OR MORE: 1
MIN 0 OR BELOW: 0 1.00 INCH OR MORE: 0
[HDD (BASE 65) ]
TOTAL THIS MO. 234 CLEAR (SCALE 0-3) 28
DPTR FM NORMAL -105 PTCLDY (SCALE 4-7) 2
TOTAL FM JUL 1 386 CLOUDY (SCALE 8-10) 1
DPTR FM NORMAL -177
[CDD (BASE 65) ]
TOTAL THIS MO. 5
DPTR FM NORMAL 4 [PRESSURE DATA]
TOTAL FM JAN 1 1952 HIGHEST SLP 30.29 ON 24
DPTR FM NORMAL 706 LOWEST SLP 29.78 ON 28
[REMARKS]
#FINAL-12-20#