000
CXUS54 KLZK 011130
CF6BVX
PRELIMINARY LOCAL CLIMATOLOGICAL DATA (WS FORM: F-6)
STATION: Batesville Regional Airport
MONTH: APRIL
YEAR: 2020
LATITUDE: 35 43 N
LONGITUDE: 91 39 W
TEMPERATURE IN F: :PCPN: SNOW: WIND :SUNSHINE: SKY :PK WND
================================================================================
1 2 3 4 5 6A 6B 7 8 9 10 11 12 13 14 15 16 17 18
12Z AVG MX 2MIN
DY MAX MIN AVG DEP HDD CDD WTR SNW DPTH SPD SPD DIR MIN PSBL S-S WX SPD DR
================================================================================
1 68 41 55 1 10 0 0.00 M M 5.1 13 110 M M 0 M M
2 74 50 62 7 3 0 0.00 M M 7.3 14 150 M M 0 18 140
3 67 51 59 4 6 0 0.09 M M 3.1 13 310 M M 9 18 17 310
4 56 46 51 -4 14 0 0.00 M M 4.9 8 310 M M 10 1 M M
5 73 50 62 6 3 0 0.00 M M 2.1 7 100 M M 7 18 M M
6 76 52 64 8 1 0 0.00 M M 3.6 9 220 M M 3 128 M M
7 79 65 72 16 0 7 0.00 M M 6.8 13 200 M M 5 21 200
8 88 66 77 20 0 12 0.00 M M 6.9 13 230 M M 0 1 18 210
9 72 54 63 6 2 0 0.00 M M 6.8 12 330 M M 1 23 360
10 61 40 51 -6 14 0 0.00 M M 4.8 8 110 M M 0 18 20
11 69 39 54 -4 11 0 0.07 M M 6.2 13 220 M M 2 3 40 160
12 69 46 58 0 7 0 1.68 M M 6.0 14 320 M M 9 13 31 300
13 52 39 46 -12 19 0 T M M 8.3 16 320 M M 8 40 290
14 53 37 45 -13 20 0 T M M 5.1 10 120 M M 7 M M
15 64 31 48 -11 17 0 0.00 M M 3.3 10 270 M M 0 17 230
16 69 38 54 -5 11 0 0.00 M M 6.3 13 180 M M 0 33 140
17 67 43 55 -4 10 0 0.05 M M 8.7 15 240 M M 7 1 22 210
18 62 34 48 -12 17 0 0.00 M M 5.2 13 100 M M 0 M M
19 60 50 55 -5 10 0 0.21 M M 3.4 9 140 M M 8 1 M M
20 76 49 63 3 2 0 0.01 M M 6.4 15 240 M M 3 12 24 240
21 79 51 65 4 0 0 0.00 M M 4.0 8 290 M M 0 M M
22 M M M M M M 0.59 M M 6.5 22 170 M M 7 13 39 170
23 68 54 61 0 4 0 0.00 M M 6.0 14 310 M M 7 1 21 290
24 M M M M M M 0.40 M M 2.8 7 60 M M 2 123 M M
25 68 49 59 -3 6 0 0.16 M M 10.6 24 290 M M 6 18 35 280
26 73 45 59 -3 6 0 T M M 4.6 9 330 M M 0 16 99
27 71 56 64 2 1 0 0.07 M M 5.7 12 190 M M 5 38 18 160
28 74 59 67 4 0 2 0.93 M M 9.4 14 200 M M 9 13 24 200
29 68 57 63 0 2 0 0.08 M M 9.6 17 300 M M 7 3 30 300
30 75 47 61 -2 4 0 0.00 M M 5.0 10 310 M M 0 20 310
================================================================================
SM 1931 1339 200 21 4.34 M 174.5 M 122
================================================================================
AV 69.0 47.8 5.8 FASTST M M 4 MAX(MPH)
MISC ----> # 24 290 # 40 160
================================================================================
NOTES:
# LAST OF SEVERAL OCCURRENCES
COLUMN 17 PEAK WIND IN M.P.H.
PRELIMINARY LOCAL CLIMATOLOGICAL DATA (WS FORM: F-6) , PAGE 2
STATION: Batesville Regional Airport
MONTH: APRIL
YEAR: 2020
LATITUDE: 35 43 N
LONGITUDE: 91 39 W
[TEMPERATURE DATA] [PRECIPITATION DATA] SYMBOLS USED IN COLUMN 16
AVERAGE MONTHLY: 58.4 TOTAL FOR MONTH: 4.34 1 = FOG OR MIST
DPTR FM NORMAL: -0.5 DPTR FM NORMAL: -0.34 2 = FOG REDUCING VISIBILITY
HIGHEST: 88 ON 8 GRTST 24HR 1.68 ON 12-12 TO 1/4 MILE OR LESS
LOWEST: 31 ON 15 3 = THUNDER
SNOW, ICE PELLETS, HAIL 4 = ICE PELLETS
TOTAL MONTH: M 5 = HAIL
GRTST 24HR M ON M 6 = FREEZING RAIN OR DRIZZLE
GRTST DEPTH: M ON M 7 = DUSTSTORM OR SANDSTORM:
VSBY 1/2 MILE OR LESS
8 = SMOKE OR HAZE
[NO. OF DAYS WITH] [WEATHER - DAYS WITH] 9 = BLOWING SNOW
X = TORNADO
MAX 32 OR BELOW: 0 0.01 INCH OR MORE: 12
MAX 90 OR ABOVE: 0 0.10 INCH OR MORE: 6
MIN 32 OR BELOW: 1 0.50 INCH OR MORE: 3
MIN 0 OR BELOW: 0 1.00 INCH OR MORE: 1
[HDD (BASE 65) ]
TOTAL THIS MO. 200 CLEAR (SCALE 0-3) 13
DPTR FM NORMAL -14 PTCLDY (SCALE 4-7) 11
TOTAL FM JUL 1 2594 CLOUDY (SCALE 8-10) 6
DPTR FM NORMAL -1147
[CDD (BASE 65) ]
TOTAL THIS MO. 21
DPTR FM NORMAL -12 [PRESSURE DATA]
TOTAL FM JAN 1 42 HIGHEST SLP 30.38 ON 14
DPTR FM NORMAL 4 LOWEST SLP 29.40 ON 12
[REMARKS]
#FINAL-04-20#