000
CXUS53 KLMK 011240
CLMBWG
CLIMATE REPORT
NATIONAL WEATHER SERVICE LOUISVILLE KY
840 AM EDT SAT APR 01 2023
...................................
...THE BOWLING GREEN KY CLIMATE SUMMARY FOR THE MONTH OF MARCH 2023...
CLIMATE NORMAL PERIOD 1991 TO 2020
CLIMATE RECORD PERIOD 1870 TO 2023
WEATHER OBSERVED NORMAL DEPART LAST YEAR`S
VALUE DATE(S) VALUE FROM VALUE DATE(S)
NORMAL
................................................................
TEMPERATURE (F)
RECORD
HIGH 92 03/24/1929
LOW -6 03/05/1960
HIGHEST 81 03/01 MM MM 82 03/30
LOWEST 19 03/20 MM MM 21 03/12
03/13
AVG. MAXIMUM 61.1 60.1 1.0 63.9
AVG. MINIMUM 39.1 38.3 0.8 39.6
MEAN 50.1 49.2 0.9 51.7
DAYS MAX >= 90 0 0.0 0.0 0
DAYS MAX <= 32 0 0.4 -0.4 1
DAYS MIN <= 32 7 9.9 -2.9 6
DAYS MIN <= 0 0 0.0 0.0 0
PRECIPITATION (INCHES)
RECORD
MAXIMUM 14.58 1975
MINIMUM 0.75 1918
TOTALS 5.95 4.54 1.41 2.96
DAILY AVG. 0.19 0.15 0.04 0.10
DAYS >= .01 13 11.9 1.1 11
DAYS >= .10 8 7.0 1.0 6
DAYS >= .50 3 3.0 0.0 3
DAYS >= 1.00 3 1.1 1.9 0
GREATEST
24 HR. TOTAL 1.98 03/24 TO 03/24
SNOWFALL (INCHES)
RECORDS
TOTAL 8.0 5
TOTALS 0.0 MM MM 5.1
SINCE 7/1 2.5 MM MM MM
SNOWDEPTH AVG. 0 0
DAYS >= 1.0 0 MM MM 1
GREATEST
SNOW DEPTH 0 5 03/12
DEGREE DAYS
HEATING TOTAL 459 497 -38 414
SINCE 7/1 2984 3516 -532 MM
COOLING TOTAL 6 7 -1 11
SINCE 1/1 11 8 3 MM
................................................................
WIND (MPH)
AVERAGE WIND SPEED 7.2
HIGHEST WIND SPEED/DIRECTION 47/200 DATE 03/03
HIGHEST GUST SPEED/DIRECTION 69/190 DATE 03/03
SKY COVER
POSSIBLE SUNSHINE (PERCENT) MM
AVERAGE SKY COVER 0.43
NUMBER OF DAYS FAIR 16
NUMBER OF DAYS PC 8
NUMBER OF DAYS CLOUDY 7
AVERAGE RH (PERCENT) 60
WEATHER CONDITIONS. NUMBER OF DAYS WITH
THUNDERSTORM 3 MIXED PRECIP 0
HEAVY RAIN 3 RAIN 7
LIGHT RAIN 15 FREEZING RAIN 0
LT FREEZING RAIN 0 HAIL 0
HEAVY SNOW 0 SNOW 0
LIGHT SNOW 0 SLEET 0
FOG 11 FOG W/VIS <= 1/4 MILE 0
HAZE 1
- INDICATES NEGATIVE NUMBERS.
R INDICATES RECORD WAS SET OR TIED.
MM INDICATES DATA IS MISSING.
T INDICATES TRACE AMOUNT.
$$