000
CXUS56 KTFX 011110
CF6BZN
PRELIMINARY LOCAL CLIMATOLOGICAL DATA (WS FORM: F-6)
STATION: BOZEMAN/GALLATIN FIELD MT
MONTH: SEPTEMBER
YEAR: 2023
LATITUDE: 45 46 N
LONGITUDE: 111 9 W
TEMPERATURE IN F: :PCPN: SNOW: WIND :SUNSHINE: SKY :PK WND
================================================================================
1 2 3 4 5 6A 6B 7 8 9 10 11 12 13 14 15 16 17 18
12Z AVG MX 2MIN
DY MAX MIN AVG DEP HDD CDD WTR SNW DPTH SPD SPD DIR MIN PSBL S-S WX SPD DR
================================================================================
1 81 48 65 4 0 0 0.04 0.0 0 6.1 25 180 M M 0 34 190
2 89 51 70 9 0 5 0.00 0.0 0 8.3 22 230 M M 1 35 240
3 83 53 68 8 0 3 0.12 0.0 0 6.0 32 300 M M 5 13 46 310
4 60 54 57 -3 8 0 0.73 0.0 0 4.7 13 290 M M 10 1 17 260
5 73 51 62 2 3 0 0.00 0.0 0 3.2 10 170 M M 9 1 16 170
6 79 48 64 4 1 0 T 0.0 0 5.9 23 290 M M 3 34 290
7 80 50 65 6 0 0 0.05 0.0 0 6.6 17 90 M M 3 3 30 210
8 77 51 64 5 1 0 T 0.0 0 5.6 18 330 M M 4 3 23 320
9 74 45 60 1 5 0 0.00 0.0 0 4.7 15 150 M M 2 19 160
10 77 44 61 3 4 0 0.00 0.0 0 2.4 16 140 M M 0 20 140
11 81 40 61 3 4 0 0.00 0.0 0 2.8 12 190 M M 0 8 13 190
12 83 46 65 7 0 0 0.00 0.0 0 4.2 21 210 M M 1 29 200
13 72 47 60 3 5 0 T 0.0 0 4.0 12 160 M M 6 16 190
14 73 42 58 1 7 0 0.00 0.0 0 4.6 12 170 M M 1 16 320
15 76 38 57 0 8 0 0.00 0.0 0 4.7 15 170 M M 0 17 180
16 83 38 61 5 4 0 0.00 0.0 0 5.6 15 160 M M 0 19 170
17 85 41 63 7 2 0 0.00 0.0 0 5.6 21 270 M M 0 29 290
18 82 42 62 6 3 0 T 0.0 0 8.1 32 240 M M 2 46 280
19 76 41 59 4 6 0 0.00 0.0 0 5.9 16 340 M M 0 1 21 340
20 69 36 53 -2 12 0 0.00 0.0 0 6.9 26 130 M M 1 38 140
21 57 46 52 -2 13 0 0.35 0.0 0 6.1 23 240 M M 10 1 29 240
22 52 46 49 -5 16 0 0.18 0.0 0 4.4 9 350 M M 10 1 11 350
23 66 42 54 0 11 0 0.15 0.0 0 4.6 13 160 M M 5 1 15 160
24 74 36 55 2 10 0 0.00 0.0 0 3.4 12 150 M M 0 12 140
25 82 40 61 8 4 0 0.00 0.0 0 4.8 15 160 M M 0 18 160
26 84 39 62 10 3 0 0.00 0.0 0 9.7 28 230 M M 0 39 230
27 69 39 54 2 11 0 0.00 0.0 0 4.9 26 360 M M 3 33 350
28 65 37 51 -1 14 0 0.00 0.0 0 4.1 12 130 M M 4 14 360
29 66 34 50 -1 15 0 0.00 0.0 0 4.3 9 340 M M 1 12 310
30 62 40 51 0 14 0 0.00 0.0 0 6.5 12 260 M M 2 16 280
================================================================================
SM 2230 1305 184 8 1.62 0.0 158.7 M 83
================================================================================
AV 74.3 43.5 5.3 FASTST M M 3 MAX(MPH)
MISC ----> # 32 300 # 46 310
================================================================================
NOTES:
# LAST OF SEVERAL OCCURRENCES
COLUMN 17 PEAK WIND IN M.P.H.
PRELIMINARY LOCAL CLIMATOLOGICAL DATA (WS FORM: F-6) , PAGE 2
STATION: BOZEMAN/GALLATIN FIELD MT
MONTH: SEPTEMBER
YEAR: 2023
LATITUDE: 45 46 N
LONGITUDE: 111 9 W
[TEMPERATURE DATA] [PRECIPITATION DATA] SYMBOLS USED IN COLUMN 16
AVERAGE MONTHLY: 58.9 TOTAL FOR MONTH: 1.62 1 = FOG OR MIST
DPTR FM NORMAL: 2.6 DPTR FM NORMAL: 0.62 2 = FOG REDUCING VISIBILITY
HIGHEST: 89 ON 2 GRTST 24HR 0.73 ON 4- 4 TO 1/4 MILE OR LESS
LOWEST: 34 ON 29 3 = THUNDER
SNOW, ICE PELLETS, HAIL 4 = ICE PELLETS
TOTAL MONTH: 0.0 INCH 5 = HAIL
GRTST 24HR 0.0 6 = FREEZING RAIN OR DRIZZLE
GRTST DEPTH: 0 7 = DUSTSTORM OR SANDSTORM:
VSBY 1/2 MILE OR LESS
8 = SMOKE OR HAZE
[NO. OF DAYS WITH] [WEATHER - DAYS WITH] 9 = BLOWING SNOW
X = TORNADO
MAX 32 OR BELOW: 0 0.01 INCH OR MORE: 7
MAX 90 OR ABOVE: 0 0.10 INCH OR MORE: 5
MIN 32 OR BELOW: 0 0.50 INCH OR MORE: 1
MIN 0 OR BELOW: 0 1.00 INCH OR MORE: 0
[HDD (BASE 65) ]
TOTAL THIS MO. 184 CLEAR (SCALE 0-3) 21
DPTR FM NORMAL -90 PTCLDY (SCALE 4-7) 5
TOTAL FM JUL 1 221 CLOUDY (SCALE 8-10) 4
DPTR FM NORMAL -158
[CDD (BASE 65) ]
TOTAL THIS MO. 8
DPTR FM NORMAL -3 [PRESSURE DATA]
TOTAL FM JAN 1 240 HIGHEST SLP 30.29 ON 10
DPTR FM NORMAL 7 LOWEST SLP 29.70 ON 4
[REMARKS]
#FINAL-09-23#