000
CXUS52 KCAE 011400
CF6CAE
PRELIMINARY LOCAL CLIMATOLOGICAL DATA (WS FORM: F-6)
STATION: COLUMBIA METRO AIRPORT SC
MONTH: MARCH
YEAR: 2022
LATITUDE: 33 57 N
LONGITUDE: 81 7 W
TEMPERATURE IN F: :PCPN: SNOW: WIND :SUNSHINE: SKY :PK WND
================================================================================
1 2 3 4 5 6A 6B 7 8 9 10 11 12 13 14 15 16 17 18
12Z AVG MX 2MIN
DY MAX MIN AVG DEP HDD CDD WTR SNW DPTH SPD SPD DIR MIN PSBL S-S WX SPD DR
================================================================================
1 69 32 51 -1 14 0 0.00 0.0 M 2.0 10 310 M M 2 1 16 320
2 79 37 58 6 7 0 0.00 0.0 M 3.6 18 280 M M 0 1 29 260
3 84 41 63 10 2 0 0.00 0.0 0 5.7 20 270 M M 0 8 25 250
4 68 47 58 5 7 0 0.00 0.0 0 7.1 18 70 M M 0 24 70
5 77 50 64 11 1 0 0.00 0.0 0 5.2 16 160 M M 6 20 160
6 82 53 68 15 0 3 0.00 0.0 0 8.6 22 210 M M 2 12 28 240
7 84 65 75 21 0 10 0.01 0.0 0 11.6 26 220 M M 7 37 220
8 69 56 63 9 2 0 T 0.0 0 6.3 14 270 M M 8 17 270
9 68 58 63 9 2 0 0.05 0.0 0 3.9 15 260 M M 10 1 19 270
10 62 49 56 2 9 0 T 0.0 0 8.4 16 80 M M 10 18 21 100
11 58 48 53 -2 12 0 0.14 0.0 0 4.9 9 160 M M 10 18 13 120
12 65 30 48 -7 17 0 0.62 0.0 0 15.2 37 280 M M 7 138 46 280
13 55 23 39 -16 26 0 0.00 0.0 0 3.7 14 190 M M 0 19 230
14 68 31 50 -5 15 0 0.00 0.0 0 3.8 14 140 M M 1 1 19 150
15 71 37 54 -2 11 0 T 0.0 0 3.9 12 110 M M 5 1 17 120
16 63 56 60 4 5 0 0.81 0.0 0 5.7 16 80 M M 10 13 20 80
17 71 52 62 6 3 0 T 0.0 0 4.6 12 290 M M 7 1 15 270
18 77 46 62 6 3 0 0.09 0.0 0 5.8 31 260 M M 6 18 40 250
19 78 55 67 10 0 2 0.01 0.0 0 11.3 25 230 M M 7 1 35 230
20 69 42 56 -1 9 0 0.00 0.0 0 9.4 22 290 M M 2 31 280
21 73 36 55 -2 10 0 0.00 0.0 0 3.7 15 50 M M 2 1 22 90
22 76 47 62 4 3 0 0.00 0.0 0 6.6 18 150 M M 6 1 24 170
23 78 58 68 10 0 3 0.01 0.0 0 12.7 24 190 M M 8 33 190
24 69 56 63 5 2 0 0.01 0.0 0 7.8 14 280 M M 9 1 16 270
25 72 45 59 1 6 0 T 0.0 0 12.1 30 280 M M 4 37 280
26 67 43 55 -3 10 0 0.00 0.0 0 14.4 35 270 M M 0 43 270
27 68 32 50 -9 15 0 0.00 0.0 0 10.3 25 280 M M 0 33 280
28 70 39 55 -4 10 0 0.00 0.0 M 3.9 15 270 M M 2 8 19 270
29 68 44 56 -3 9 0 0.00 0.0 M 7.1 16 100 M M 3 19 100
30 84 50 67 7 0 2 0.00 0.0 0 12.3 26 150 M M 7 33 190
31 77 58 68 8 0 3 0.30 0.0 M 12.9 29 180 M M 5 1 37 190
================================================================================
SM 2219 1416 210 23 2.05 0.0 234.5 M 146
================================================================================
AV 71.6 45.7 7.6 FASTST M M 5 MAX(MPH)
MISC ----> 37 280 46 280
================================================================================
NOTES:
# LAST OF SEVERAL OCCURRENCES
COLUMN 17 PEAK WIND IN M.P.H.
PRELIMINARY LOCAL CLIMATOLOGICAL DATA (WS FORM: F-6) , PAGE 2
STATION: COLUMBIA METRO AIRPORT SC
MONTH: MARCH
YEAR: 2022
LATITUDE: 33 57 N
LONGITUDE: 81 7 W
[TEMPERATURE DATA] [PRECIPITATION DATA] SYMBOLS USED IN COLUMN 16
AVERAGE MONTHLY: 58.6 TOTAL FOR MONTH: 2.05 1 = FOG OR MIST
DPTR FM NORMAL: 2.7 DPTR FM NORMAL: -1.52 2 = FOG REDUCING VISIBILITY
HIGHEST: 84 ON 30, 7 GRTST 24HR 0.81 ON 16-16 TO 1/4 MILE OR LESS
LOWEST: 23 ON 13 3 = THUNDER
SNOW, ICE PELLETS, HAIL 4 = ICE PELLETS
TOTAL MONTH: 0.0 INCH 5 = HAIL
GRTST 24HR 0.0 6 = FREEZING RAIN OR DRIZZLE
GRTST DEPTH: 0 7 = DUSTSTORM OR SANDSTORM:
VSBY 1/2 MILE OR LESS
8 = SMOKE OR HAZE
[NO. OF DAYS WITH] [WEATHER - DAYS WITH] 9 = BLOWING SNOW
X = TORNADO
MAX 32 OR BELOW: 0 0.01 INCH OR MORE: 10
MAX 90 OR ABOVE: 0 0.10 INCH OR MORE: 4
MIN 32 OR BELOW: 5 0.50 INCH OR MORE: 2
MIN 0 OR BELOW: 0 1.00 INCH OR MORE: 0
[HDD (BASE 65) ]
TOTAL THIS MO. 210 CLEAR (SCALE 0-3) 13
DPTR FM NORMAL -92 PTCLDY (SCALE 4-7) 13
TOTAL FM JUL 1 1981 CLOUDY (SCALE 8-10) 5
DPTR FM NORMAL -364
[CDD (BASE 65) ]
TOTAL THIS MO. 23
DPTR FM NORMAL 2 [PRESSURE DATA]
TOTAL FM JAN 1 49 HIGHEST SLP 30.51 ON 14
DPTR FM NORMAL 22 LOWEST SLP 29.40 ON 12
[REMARKS]
#FINAL-03-22#