000
CXUS55 KGJT 011707
CF6CAG
PRELIMINARY LOCAL CLIMATOLOGICAL DATA (WS FORM: F-6)
STATION: CRAIG CO
MONTH: FEBRUARY
YEAR: 2024
LATITUDE: 40 30 N
LONGITUDE: 107 32 W
TEMPERATURE IN F: :PCPN: SNOW: WIND :SUNSHINE: SKY :PK WND
================================================================================
1 2 3 4 5 6A 6B 7 8 9 10 11 12 13 14 15 16 17 18
12Z AVG MX 2MIN
DY MAX MIN AVG DEP HDD CDD WTR SNW DPTH SPD SPD DIR MIN PSBL S-S WX SPD DR
================================================================================
1 47 11 29 10 36 0 0.00 M M 3.3 12 70 M M 3 16 60
2 44 29 37 18 28 0 0.54 M M 5.3 16 70 M M 9 1 23 90
3 34 29 32 13 33 0 0.38 M M 8.8 21 260 M M 9 1 26 260
4 33 6 20 1 45 0 T M M 2.9 14 230 M M 4 1 17 230
5 40 4 22 3 43 0 0.00 M M 4.2 14 50 M M 4 21 80
6 48 25 37 17 28 0 0.00 M M 4.7 17 120 M M 4 25 120
7 40 31 36 16 29 0 0.13 M M 11.2 30 210 M M 8 18 43 220
8 33 18 26 6 39 0 0.09 M M 5.2 21 270 M M 9 128 27 250
9 28 11 20 0 45 0 0.08 M M 1.2 7 90 M M 9 128 8 210
10 27 4 16 -4 49 0 T M M 3.5 13 220 M M 5 12 17 240
11 25 3 14 -7 51 0 T M M 1.6 7 80 M M 4 1 10 80
12 35 9 22 1 43 0 0.00 M M 3.5 12 70 M M 5 16 70
13 38 3 21 0 44 0 0.00 M M 2.1 9 60 M M 1 11 70
14 39 21 30 8 35 0 0.04 M M 4.3 14 270 M M 8 1 19 260
15 41 17 29 7 36 0 0.03 M M 8.1 29 240 M M 8 128 37 230
16 37 9 23 1 42 0 0.02 M M 4.9 21 270 M M 9 128 25 350
17 19 -3 8 -14 57 0 T M M 3.3 13 280 M M 2 18 15 280
18 32 -3 15 -8 50 0 0.02 M M 6.0 21 250 M M 7 1 27 250
19 43 4 24 1 41 0 T M M 4.4 14 70 M M 4 12 18 80
20 41 26 34 10 31 0 0.06 M M 2.0 13 240 M M 10 1 15 240
21 40 32 36 12 29 0 0.04 M M 5.5 16 220 M M 10 1 27 220
22 36 20 28 4 37 0 0.04 M M 7.0 16 240 M M 8 1 21 240
23 39 14 27 2 38 0 0.00 M M 2.9 12 80 M M 4 12 15 80
24 40 6 23 -2 42 0 0.00 M M 3.4 12 70 M M 0 15 70
25 45 7 26 0 39 0 0.00 M M 2.4 7 110 M M 0 10 70
26 49 13 31 5 34 0 0.00 M M 7.0 22 260 M M 2 29 240
27 39 5 22 -4 43 0 0.15 M M 11.6 32 300 M M 8 12 47 300
28 30 -9 11 -16 54 0 0.00 M M 4.5 13 70 M M 1 17 80
29 43 0 22 -5 43 0 0.00 M M 3.8 10 70 M M 0 14 70
================================================================================
SM 1085 342 1164 0 1.62 M 138.6 M 155
================================================================================
AV 37.4 11.8 4.8 FASTST M M 5 MAX(MPH)
MISC ----> 32 300 47 300
================================================================================
NOTES:
# LAST OF SEVERAL OCCURRENCES
COLUMN 17 PEAK WIND IN M.P.H.
PRELIMINARY LOCAL CLIMATOLOGICAL DATA (WS FORM: F-6) , PAGE 2
STATION: CRAIG CO
MONTH: FEBRUARY
YEAR: 2024
LATITUDE: 40 30 N
LONGITUDE: 107 32 W
[TEMPERATURE DATA] [PRECIPITATION DATA] SYMBOLS USED IN COLUMN 16
AVERAGE MONTHLY: 24.6 TOTAL FOR MONTH: 1.62 1 = FOG OR MIST
DPTR FM NORMAL: 2.4 DPTR FM NORMAL: 0.73 2 = FOG REDUCING VISIBILITY
HIGHEST: 49 ON 26 GRTST 24HR 0.88 ON 2- 3 TO 1/4 MILE OR LESS
LOWEST: -9 ON 28 3 = THUNDER
SNOW, ICE PELLETS, HAIL 4 = ICE PELLETS
TOTAL MONTH: M 5 = HAIL
GRTST 24HR M ON M 6 = FREEZING RAIN OR DRIZZLE
GRTST DEPTH: M ON M 7 = DUSTSTORM OR SANDSTORM:
VSBY 1/2 MILE OR LESS
8 = SMOKE OR HAZE
[NO. OF DAYS WITH] [WEATHER - DAYS WITH] 9 = BLOWING SNOW
X = TORNADO
MAX 32 OR BELOW: 6 0.01 INCH OR MORE: 13
MAX 90 OR ABOVE: 0 0.10 INCH OR MORE: 4
MIN 32 OR BELOW: 29 0.50 INCH OR MORE: 1
MIN 0 OR BELOW: 4 1.00 INCH OR MORE: 0
[HDD (BASE 65) ]
TOTAL THIS MO. 1164 CLEAR (SCALE 0-3) 8
DPTR FM NORMAL -36 PTCLDY (SCALE 4-7) 13
TOTAL FM JUL 1 5622 CLOUDY (SCALE 8-10) 8
DPTR FM NORMAL -510
[CDD (BASE 65) ]
TOTAL THIS MO. 0
DPTR FM NORMAL 0 [PRESSURE DATA]
TOTAL FM JAN 1 0 HIGHEST SLP 30.65 ON 17
DPTR FM NORMAL 0 LOWEST SLP 29.38 ON 27
[REMARKS]
#FINAL-02-24#