000
CXUS55 KGJT 011010
CF6CAG
PRELIMINARY LOCAL CLIMATOLOGICAL DATA (WS FORM: F-6)
STATION: CRAIG CO
MONTH: JANUARY
YEAR: 2022
LATITUDE: 40 30 N
LONGITUDE: 107 32 W
TEMPERATURE IN F: :PCPN: SNOW: WIND :SUNSHINE: SKY :PK WND
================================================================================
1 2 3 4 5 6A 6B 7 8 9 10 11 12 13 14 15 16 17 18
12Z AVG MX 2MIN
DY MAX MIN AVG DEP HDD CDD WTR SNW DPTH SPD SPD DIR MIN PSBL S-S WX SPD DR
================================================================================
1 17 -19 -1 -17 66 0 0.00 M M 5.6 15 260 M M 4 1 22 220
2 17 -18 0 -16 65 0 0.00 M M 3.9 16 130 M M 3 25 130
3 18 -13 3 -13 62 0 0.00 M M 2.3 8 160 M M 0 12 230
4 34 -2 16 0 49 0 0.01 M M 4.6 16 270 M M 6 1 22 270
5 37 12 25 9 40 0 T M M 15.8 35 250 M M 10 128 46 240
6 42 31 37 21 28 0 0.07 M M 8.7 23 230 M M 10 1 28 240
7 48 21 35 19 30 0 0.00 M M 8.6 25 200 M M 0 36 200
8 42 3 23 7 42 0 0.15 M M 5.3 21 210 M M 5 12 28 210
9 19 -9 5 -11 60 0 0.00 M M 0.6 6 220 M M 0 7 220
10 20 -9 6 -10 59 0 0.00 M M 1.2 7 230 M M 0 7 300
11 25 -8 9 -7 56 0 0.00 M M 1.3 10 210 M M 0 18 12 210
12 29 -1 14 -2 51 0 0.00 M M 1.6 8 220 M M 0 9 220
13 34 4 19 3 46 0 0.00 M M 3.7 9 220 M M 1 10 220
14 35 9 22 6 43 0 T M M 7.2 20 340 M M 8 1 27 340
15 30 0 15 -1 50 0 0.00 M M 1.9 8 230 M M 1 10 240
16 28 1 15 -2 50 0 0.00 M M 2.0 7 230 M M 0 9 220
17 29 -2 14 -3 51 0 0.00 M M 1.8 7 210 M M 0 7 210
18 29 -3 13 -4 52 0 0.00 M M 0.4 6 210 M M 0 7 200
19 29 1 15 -2 50 0 T M M 0.3 7 140 M M 4 1 14 330
20 30 13 22 5 43 0 T M M 3.7 14 80 M M 7 1 19 70
21 31 7 19 2 46 0 0.19 M M 2.4 9 60 M M 8 128 12 80
22 20 -7 7 -10 58 0 T M M 1.8 7 50 M M 6 128 8 80
23 21 -11 5 -13 60 0 0.00 M M 0.6 6 220 M M 1 1 7 220
24 23 -12 6 -12 59 0 0.00 M M 1.2 7 170 M M 2 8 170
25 29 -5 12 -6 53 0 0.09 M M 1.9 12 340 M M 6 1 14 340
26 24 -17 4 -14 61 0 0.00 M M 2.1 12 60 M M 3 18 14 70
27 28 -5 12 -6 53 0 0.00 M M 3.0 13 210 M M 2 15 210
28 28 -14 7 -11 58 0 0.00 M M 2.6 12 50 M M 0 18 14 60
29 25 -15 5 -13 60 0 0.00 M M 2.4 8 210 M M 0 10 220
30 22 -18 2 -16 63 0 0.00 M M 0.9 6 120 M M 0 6 110
31 27 -18 5 -14 60 0 0.00 M M 1.3 9 210 M M 0 12 210
================================================================================
SM 870 -104 1624 0 0.51 M 100.7 M 87
================================================================================
AV 28.1 -3.4 3.2 FASTST M M 3 MAX(MPH)
MISC ----> 35 250 46 240
================================================================================
NOTES:
# LAST OF SEVERAL OCCURRENCES
COLUMN 17 PEAK WIND IN M.P.H.
PRELIMINARY LOCAL CLIMATOLOGICAL DATA (WS FORM: F-6) , PAGE 2
STATION: CRAIG CO
MONTH: JANUARY
YEAR: 2022
LATITUDE: 40 30 N
LONGITUDE: 107 32 W
[TEMPERATURE DATA] [PRECIPITATION DATA] SYMBOLS USED IN COLUMN 16
AVERAGE MONTHLY: 12.4 TOTAL FOR MONTH: 0.51 1 = FOG OR MIST
DPTR FM NORMAL: -4.4 DPTR FM NORMAL: -0.40 2 = FOG REDUCING VISIBILITY
HIGHEST: 48 ON 7 GRTST 24HR 0.19 ON 21-21 TO 1/4 MILE OR LESS
LOWEST: -19 ON 1 3 = THUNDER
SNOW, ICE PELLETS, HAIL 4 = ICE PELLETS
TOTAL MONTH: M 5 = HAIL
GRTST 24HR M ON M 6 = FREEZING RAIN OR DRIZZLE
GRTST DEPTH: M ON M 7 = DUSTSTORM OR SANDSTORM:
VSBY 1/2 MILE OR LESS
8 = SMOKE OR HAZE
[NO. OF DAYS WITH] [WEATHER - DAYS WITH] 9 = BLOWING SNOW
X = TORNADO
MAX 32 OR BELOW: 24 0.01 INCH OR MORE: 5
MAX 90 OR ABOVE: 0 0.10 INCH OR MORE: 2
MIN 32 OR BELOW: 31 0.50 INCH OR MORE: 0
MIN 0 OR BELOW: 21 1.00 INCH OR MORE: 0
[HDD (BASE 65) ]
TOTAL THIS MO. 1624 CLEAR (SCALE 0-3) 19
DPTR FM NORMAL 130 PTCLDY (SCALE 4-7) 9
TOTAL FM JUL 1 4478 CLOUDY (SCALE 8-10) 3
DPTR FM NORMAL -379
[CDD (BASE 65) ]
TOTAL THIS MO. 0
DPTR FM NORMAL 0 [PRESSURE DATA]
TOTAL FM JAN 1 0 HIGHEST SLP 31.09 ON 10
DPTR FM NORMAL 0 LOWEST SLP 29.63 ON 8
[REMARKS]
#FINAL-01-22#