000
CXUS55 KGJT 010910
CF6CAG
PRELIMINARY LOCAL CLIMATOLOGICAL DATA (WS FORM: F-6)
STATION: CRAIG CO
MONTH: SEPTEMBER
YEAR: 2021
LATITUDE: 40 30 N
LONGITUDE: 107 32 W
TEMPERATURE IN F: :PCPN: SNOW: WIND :SUNSHINE: SKY :PK WND
================================================================================
1 2 3 4 5 6A 6B 7 8 9 10 11 12 13 14 15 16 17 18
12Z AVG MX 2MIN
DY MAX MIN AVG DEP HDD CDD WTR SNW DPTH SPD SPD DIR MIN PSBL S-S WX SPD DR
================================================================================
1 70 57 64 2 1 0 0.26 M M 4.9 17 260 M M 8 1 24 260
2 81 50 66 4 0 1 0.00 M M 1.6 14 330 M M 4 1 18 330
3 81 46 64 2 1 0 T M M 5.9 28 190 M M 1 3 38 180
4 81 41 61 0 4 0 0.00 M M 3.3 17 300 M M 1 23 300
5 84 31 58 -3 7 0 0.00 M M 2.1 16 270 M M 0 22 270
6 87 36 62 1 3 0 0.00 M M 4.6 17 260 M M 0 27 250
7 88 35 62 2 3 0 0.00 M M 1.9 10 270 M M 0 15 270
8 90 35 63 3 2 0 0.00 M M 2.7 16 260 M M 0 22 270
9 91 35 63 3 2 0 0.00 M M 2.0 14 310 M M 0 18 280
10 94 37 66 7 0 1 0.00 M M 5.7 21 280 M M 0 28 280
11 88 43 66 7 0 1 T M M 6.5 30 290 M M 1 3 45 290
12 84 49 67 8 0 2 0.00 M M 6.4 20 270 M M 3 27 270
13 84 47 66 8 0 1 0.01 M M 8.4 37 350 M M 3 50 360
14 82 42 62 4 3 0 0.00 M M 4.0 20 280 M M 1 27 310
15 85 34 60 2 5 0 0.00 M M 4.9 21 260 M M 0 26 250
16 86 36 61 4 4 0 0.00 M M 7.4 31 240 M M 0 42 240
17 85 37 61 4 4 0 0.00 M M 5.5 23 230 M M 0 30 250
18 87 31 59 3 6 0 T M M 9.3 37 240 M M 3 55 240
19 77 39 58 2 7 0 0.22 M M 13.1 31 230 M M 5 13 44 200
20 60 33 47 -9 18 0 0.04 M M 5.0 17 260 M M 6 1 25 350
21 66 27 47 -8 18 0 0.00 M M 3.6 15 280 M M 0 20 260
22 78 25 52 -3 13 0 0.00 M M 4.4 17 260 M M 0 25 270
23 76 28 52 -2 13 0 0.00 M M 3.5 14 70 M M 0 19 70
24 77 29 53 -1 12 0 0.00 M M 2.1 14 270 M M 0 20 270
25 83 30 57 4 8 0 0.00 M M 4.8 21 280 M M 0 30 240
26 83 30 57 4 8 0 0.00 M M 2.2 14 220 M M 0 19 210
27 85 30 58 6 7 0 0.00 M M 3.0 14 340 M M 0 18 350
28 78 38 58 6 7 0 0.06 M M 6.4 28 240 M M 3 13 37 250
29 53 45 49 -3 16 0 0.45 M M 4.1 17 280 M M 10 1 25 280
30 60 42 51 0 14 0 0.00 M M 4.0 12 220 M M 7 18 230
================================================================================
SM 2404 1118 186 6 1.04 M 143.3 M 56
================================================================================
AV 80.1 37.3 4.8 FASTST M M 2 MAX(MPH)
MISC ----> # 37 350 55 240
================================================================================
NOTES:
# LAST OF SEVERAL OCCURRENCES
COLUMN 17 PEAK WIND IN M.P.H.
PRELIMINARY LOCAL CLIMATOLOGICAL DATA (WS FORM: F-6) , PAGE 2
STATION: CRAIG CO
MONTH: SEPTEMBER
YEAR: 2021
LATITUDE: 40 30 N
LONGITUDE: 107 32 W
[TEMPERATURE DATA] [PRECIPITATION DATA] SYMBOLS USED IN COLUMN 16
AVERAGE MONTHLY: 58.7 TOTAL FOR MONTH: 1.04 1 = FOG OR MIST
DPTR FM NORMAL: 1.6 DPTR FM NORMAL: -0.71 2 = FOG REDUCING VISIBILITY
HIGHEST: 94 ON 10 GRTST 24HR 0.51 ON 28-29 TO 1/4 MILE OR LESS
LOWEST: 25 ON 22 3 = THUNDER
SNOW, ICE PELLETS, HAIL 4 = ICE PELLETS
TOTAL MONTH: M 5 = HAIL
GRTST 24HR M ON M 6 = FREEZING RAIN OR DRIZZLE
GRTST DEPTH: M ON M 7 = DUSTSTORM OR SANDSTORM:
VSBY 1/2 MILE OR LESS
8 = SMOKE OR HAZE
[NO. OF DAYS WITH] [WEATHER - DAYS WITH] 9 = BLOWING SNOW
X = TORNADO
MAX 32 OR BELOW: 0 0.01 INCH OR MORE: 6
MAX 90 OR ABOVE: 3 0.10 INCH OR MORE: 3
MIN 32 OR BELOW: 9 0.50 INCH OR MORE: 0
MIN 0 OR BELOW: 0 1.00 INCH OR MORE: 0
[HDD (BASE 65) ]
TOTAL THIS MO. 186 CLEAR (SCALE 0-3) 23
DPTR FM NORMAL -58 PTCLDY (SCALE 4-7) 5
TOTAL FM JUL 1 215 CLOUDY (SCALE 8-10) 2
DPTR FM NORMAL -80
[CDD (BASE 65) ]
TOTAL THIS MO. 6
DPTR FM NORMAL 0 [PRESSURE DATA]
TOTAL FM JAN 1 343 HIGHEST SLP M ON M
DPTR FM NORMAL 126 LOWEST SLP 29.63 ON 28
[REMARKS]
#FINAL-09-21#