000
CXUS55 KGJT 010910
CF6CAG
PRELIMINARY LOCAL CLIMATOLOGICAL DATA (WS FORM: F-6)
STATION: CRAIG CO
MONTH: APRIL
YEAR: 2021
LATITUDE: 40 30 N
LONGITUDE: 107 32 W
TEMPERATURE IN F: :PCPN: SNOW: WIND :SUNSHINE: SKY :PK WND
================================================================================
1 2 3 4 5 6A 6B 7 8 9 10 11 12 13 14 15 16 17 18
12Z AVG MX 2MIN
DY MAX MIN AVG DEP HDD CDD WTR SNW DPTH SPD SPD DIR MIN PSBL S-S WX SPD DR
================================================================================
1 65 14 40 1 25 0 0.00 M M 4.2 15 210 M M 0 21 200
2 70 19 45 6 20 0 0.00 M M 5.1 17 280 M M 0 26 280
3 75 19 47 8 18 0 0.00 M M 3.6 16 260 M M 0 21 270
4 74 25 50 10 15 0 T M M 6.6 32 210 M M 1 42 210
5 74 26 50 10 15 0 0.00 M M 9.2 26 230 M M 0 34 230
6 54 29 42 2 23 0 0.09 M M 9.9 25 240 M M 8 128 32 260
7 57 29 43 3 22 0 T M M 6.7 17 280 M M 5 25 250
8 65 27 46 5 19 0 0.00 M M 9.6 25 280 M M 3 34 290
9 52 25 39 -2 26 0 T M M 7.8 18 240 M M 5 28 310
10 65 17 41 0 24 0 0.00 M M 7.9 29 260 M M 0 40 280
11 57 21 39 -3 26 0 0.00 M M 6.3 18 20 M M 0 28 270
12 52 16 34 -8 31 0 0.00 M M 6.6 20 340 M M 0 29 330
13 56 19 38 -4 27 0 0.03 M M 5.5 15 360 M M 6 1 20 10
14 51 30 41 -1 24 0 0.08 M M 7.8 28 240 M M 7 1 35 240
15 39 29 34 -8 31 0 0.04 M M 7.6 17 300 M M 10 18 26 300
16 42 28 35 -8 30 0 0.00 M M 5.6 12 220 M M 10 14 220
17 51 17 34 -9 31 0 0.00 M M 6.8 26 340 M M 1 36 340
18 57 13 35 -8 30 0 0.00 M M 2.6 23 330 M M 3 33 340
19 63 17 40 -3 25 0 T M M 10.6 33 270 M M 5 49 260
20 45 6 26 -18 39 0 0.00 M M 3.6 15 350 M M 0 21 350
21 44 15 30 -14 35 0 T M M 4.6 12 350 M M 6 18 17 30
22 56 24 40 -4 25 0 T M M 5.5 20 220 M M 7 1 25 220
23 60 22 41 -3 24 0 0.00 M M 6.4 36 290 M M 5 45 280
24 68 18 43 -2 22 0 0.00 M M 10.5 32 230 M M 3 42 220
25 73 30 52 7 13 0 0.00 M M 11.6 37 210 M M 2 50 210
26 66 33 50 5 15 0 0.00 M M 17.0 39 230 M M 1 55 240
27 56 31 44 -1 21 0 0.01 M M 4.8 21 290 M M 7 13 28 290
28 63 30 47 1 18 0 0.00 M M 4.2 17 350 M M 4 28 350
29 72 22 47 1 18 0 0.00 M M 2.7 13 270 M M 0 17 310
30 79 28 54 8 11 0 0.00 M M 4.3 14 280 M M 0 21 270
================================================================================
SM 1801 679 703 0 0.25 M 205.2 M 99
================================================================================
AV 60.0 22.6 6.8 FASTST M M 3 MAX(MPH)
MISC ----> 39 230 55 240
================================================================================
NOTES:
# LAST OF SEVERAL OCCURRENCES
COLUMN 17 PEAK WIND IN M.P.H.
PRELIMINARY LOCAL CLIMATOLOGICAL DATA (WS FORM: F-6) , PAGE 2
STATION: CRAIG CO
MONTH: APRIL
YEAR: 2021
LATITUDE: 40 30 N
LONGITUDE: 107 32 W
[TEMPERATURE DATA] [PRECIPITATION DATA] SYMBOLS USED IN COLUMN 16
AVERAGE MONTHLY: 41.3 TOTAL FOR MONTH: 0.25 1 = FOG OR MIST
DPTR FM NORMAL: -1.2 DPTR FM NORMAL: -1.41 2 = FOG REDUCING VISIBILITY
HIGHEST: 79 ON 30 GRTST 24HR 0.11 ON 13-14 TO 1/4 MILE OR LESS
LOWEST: 6 ON 20 3 = THUNDER
SNOW, ICE PELLETS, HAIL 4 = ICE PELLETS
TOTAL MONTH: M 5 = HAIL
GRTST 24HR M ON M 6 = FREEZING RAIN OR DRIZZLE
GRTST DEPTH: M ON M 7 = DUSTSTORM OR SANDSTORM:
VSBY 1/2 MILE OR LESS
8 = SMOKE OR HAZE
[NO. OF DAYS WITH] [WEATHER - DAYS WITH] 9 = BLOWING SNOW
X = TORNADO
MAX 32 OR BELOW: 0 0.01 INCH OR MORE: 5
MAX 90 OR ABOVE: 0 0.10 INCH OR MORE: 0
MIN 32 OR BELOW: 29 0.50 INCH OR MORE: 0
MIN 0 OR BELOW: 0 1.00 INCH OR MORE: 0
[HDD (BASE 65) ]
TOTAL THIS MO. 703 CLEAR (SCALE 0-3) 16
DPTR FM NORMAL 29 PTCLDY (SCALE 4-7) 12
TOTAL FM JUL 1 7807 CLOUDY (SCALE 8-10) 2
DPTR FM NORMAL -204
[CDD (BASE 65) ]
TOTAL THIS MO. 0
DPTR FM NORMAL 0 [PRESSURE DATA]
TOTAL FM JAN 1 0 HIGHEST SLP M ON M
DPTR FM NORMAL 0 LOWEST SLP 29.35 ON 5
[REMARKS]
#FINAL-04-21#