914
CXUS55 KGJT 011010
CF6CAG
PRELIMINARY LOCAL CLIMATOLOGICAL DATA (WS FORM: F-6)
STATION: CRAIG CO
MONTH: FEBRUARY
YEAR: 2021
LATITUDE: 40 30 N
LONGITUDE: 107 32 W
TEMPERATURE IN F: :PCPN: SNOW: WIND :SUNSHINE: SKY :PK WND
================================================================================
1 2 3 4 5 6A 6B 7 8 9 10 11 12 13 14 15 16 17 18
12Z AVG MX 2MIN
DY MAX MIN AVG DEP HDD CDD WTR SNW DPTH SPD SPD DIR MIN PSBL S-S WX SPD DR
================================================================================
1 33 -1 16 -2 49 0 0.00 M M 1.9 7 230 M M 2 9 210
2 46 9 28 10 37 0 0.00 M M 2.3 9 80 M M 7 11 50
3 45 20 33 15 32 0 0.09 M M 8.3 25 310 M M 7 12 36 330
4 30 2 16 -2 49 0 T M M 6.2 21 240 M M 5 26 250
5 31 21 26 8 39 0 T M M 13.9 24 240 M M 9 1 32 240
6 35 23 29 11 36 0 0.00 M M 17.3 30 240 M M 8 39 230
7 42 12 27 9 38 0 0.00 M M 12.7 36 240 M M 3 48 260
8 42 5 24 5 41 0 0.00 M M 7.6 29 250 M M 1 39 250
9 38 14 26 7 39 0 0.03 M M 4.7 21 200 M M 8 1 25 200
10 41 26 34 15 31 0 T M M 6.6 20 260 M M 6 1 27 260
11 42 18 30 11 35 0 T M M 5.7 24 260 M M 7 1 33 260
12 40 32 36 16 29 0 0.26 M M 7.7 23 270 M M 10 1 33 270
13 36 3 20 0 45 0 0.18 M M 7.8 22 230 M M 10 1 27 240
14 5 -8 -1 -21 66 0 T M M 5.8 17 240 M M 8 18 22 240
15 25 2 14 -6 51 0 0.01 M M 4.6 12 80 M M 9 18 15 80
16 33 12 23 2 42 0 0.18 M M 7.8 17 230 M M 9 18 22 270
17 29 -2 14 -7 51 0 0.03 M M 3.4 14 290 M M 7 18 19 290
18 28 -9 10 -11 55 0 0.00 M M 2.5 14 270 M M 2 17 270
19 31 2 17 -5 48 0 0.00 M M 5.1 13 70 M M 9 17 60
20 34 6 20 -2 45 0 0.00 M M 4.5 15 320 M M 6 20 250
21 33 12 23 1 42 0 0.00 M M 8.1 20 270 M M 8 24 270
22 38 10 24 1 41 0 0.00 M M 3.3 13 80 M M 3 17 80
23 43 7 25 2 40 0 0.00 M M 5.1 20 250 M M 1 26 250
24 34 4 19 -5 46 0 0.00 M M 6.6 20 340 M M 4 28 310
25 29 9 19 -5 46 0 0.00 M M 2.6 7 90 M M 3 12 250
26 36 7 22 -2 43 0 0.02 M M 8.6 28 270 M M 8 1 36 250
27 29 8 19 -6 46 0 0.01 M M 6.8 20 240 M M 9 18 26 300
28 28 1 15 -10 50 0 0.00 M M 2.7 10 230 M M 3 1 13 110
================================================================================
SM 956 245 1212 0 0.81 M 180.2 M 172
================================================================================
AV 34.1 8.8 6.4 FASTST M M 6 MAX(MPH)
MISC ----> 36 240 48 260
================================================================================
NOTES:
# LAST OF SEVERAL OCCURRENCES
COLUMN 17 PEAK WIND IN M.P.H.
PRELIMINARY LOCAL CLIMATOLOGICAL DATA (WS FORM: F-6) , PAGE 2
STATION: CRAIG CO
MONTH: FEBRUARY
YEAR: 2021
LATITUDE: 40 30 N
LONGITUDE: 107 32 W
[TEMPERATURE DATA] [PRECIPITATION DATA] SYMBOLS USED IN COLUMN 16
AVERAGE MONTHLY: 21.4 TOTAL FOR MONTH: 0.81 1 = FOG OR MIST
DPTR FM NORMAL: 0.7 DPTR FM NORMAL: -0.01 2 = FOG REDUCING VISIBILITY
HIGHEST: 46 ON 2 GRTST 24HR 0.26 ON 12-12 TO 1/4 MILE OR LESS
LOWEST: -9 ON 18 3 = THUNDER
SNOW, ICE PELLETS, HAIL 4 = ICE PELLETS
TOTAL MONTH: M 5 = HAIL
GRTST 24HR M ON M 6 = FREEZING RAIN OR DRIZZLE
GRTST DEPTH: M ON M 7 = DUSTSTORM OR SANDSTORM:
VSBY 1/2 MILE OR LESS
8 = SMOKE OR HAZE
[NO. OF DAYS WITH] [WEATHER - DAYS WITH] 9 = BLOWING SNOW
X = TORNADO
MAX 32 OR BELOW: 10 0.01 INCH OR MORE: 9
MAX 90 OR ABOVE: 0 0.10 INCH OR MORE: 3
MIN 32 OR BELOW: 28 0.50 INCH OR MORE: 0
MIN 0 OR BELOW: 4 1.00 INCH OR MORE: 0
[HDD (BASE 65) ]
TOTAL THIS MO. 1212 CLEAR (SCALE 0-3) 7
DPTR FM NORMAL -30 PTCLDY (SCALE 4-7) 13
TOTAL FM JUL 1 6148 CLOUDY (SCALE 8-10) 8
DPTR FM NORMAL -177
[CDD (BASE 65) ]
TOTAL THIS MO. 0
DPTR FM NORMAL 0 [PRESSURE DATA]
TOTAL FM JAN 1 0 HIGHEST SLP 30.68 ON 1
DPTR FM NORMAL 0 LOWEST SLP 29.50 ON 13
[REMARKS]
#FINAL-02-21#