000
CXUS55 KGJT 011010
CF6CAG
PRELIMINARY LOCAL CLIMATOLOGICAL DATA (WS FORM: F-6)
STATION: CRAIG CO
MONTH: NOVEMBER
YEAR: 2020
LATITUDE: 40 30 N
LONGITUDE: 107 32 W
TEMPERATURE IN F: :PCPN: SNOW: WIND :SUNSHINE: SKY :PK WND
================================================================================
1 2 3 4 5 6A 6B 7 8 9 10 11 12 13 14 15 16 17 18
12Z AVG MX 2MIN
DY MAX MIN AVG DEP HDD CDD WTR SNW DPTH SPD SPD DIR MIN PSBL S-S WX SPD DR
================================================================================
1 66 19 43 6 22 0 0.00 M M 2.5 14 80 M M 0 19 80
2 68 20 44 8 21 0 0.00 M M 1.7 8 220 M M 0 13 280
3 69 22 46 10 19 0 0.00 M M 1.6 9 260 M M 1 13 270
4 69 28 49 13 16 0 0.00 M M 3.0 16 270 M M 3 22 280
5 69 21 45 10 20 0 0.00 M M 2.4 12 270 M M 0 18 280
6 65 24 45 10 20 0 0.00 M M 5.3 17 220 M M 0 26 230
7 65 36 51 17 14 0 0.12 M M 11.5 35 200 M M 4 1 48 200
8 44 28 36 2 29 0 0.11 M M 12.8 38 230 M M 6 1 52 230
9 39 24 32 -2 33 0 0.05 M M 7.7 24 260 M M 9 18 35 230
10 29 18 24 -9 41 0 0.04 M M 7.9 21 220 M M 9 1 29 230
11 41 16 29 -4 36 0 T M M 10.4 28 270 M M 6 39 220
12 37 14 26 -6 39 0 0.02 M M 5.7 16 260 M M 4 1 23 270
13 50 10 30 -2 35 0 T M M 10.7 32 240 M M 2 1 47 250
14 37 13 25 -6 40 0 0.09 M M 17.2 40 280 M M 5 1 54 270
15 45 13 29 -2 36 0 0.00 M M 6.2 17 250 M M 9 22 250
16 59 24 42 12 23 0 0.00 M M 2.8 15 270 M M 2 20 260
17 64 20 42 12 23 0 0.00 M M 4.7 18 230 M M 0 25 220
18 65 30 48 19 17 0 0.00 M M 12.1 38 230 M M 2 57 220
19 47 22 35 6 30 0 T M M 4.2 13 350 M M 8 17 360
20 48 23 36 8 29 0 0.00 M M 1.4 7 10 M M 3 10 300
21 47 11 29 1 36 0 0.00 M M 2.6 12 260 M M 0 15 260
22 45 4 25 -2 40 0 T M M 2.4 9 270 M M 1 11 270
23 52 18 35 8 30 0 T M M 3.4 17 260 M M 7 26 260
24 40 14 27 1 38 0 T M M 7.4 14 250 M M 7 1 25 290
25 49 10 30 4 35 0 0.00 M M 6.0 25 240 M M 0 32 240
26 32 7 20 -5 45 0 0.02 M M 3.9 14 270 M M 6 1 19 310
27 34 0 17 -8 48 0 0.00 M M 1.2 8 200 M M 0 9 280
28 43 2 23 -1 42 0 0.00 M M 0.4 6 110 M M 0 8 270
29 41 3 22 -2 43 0 0.00 M M 1.7 7 210 M M 0 9 260
30 47 1 24 1 41 0 0.00 M M 3.5 16 230 M M 0 22 240
================================================================================
SM 1506 495 941 0 0.45 M 164.3 M 94
================================================================================
AV 50.2 16.5 5.5 FASTST M M 3 MAX(MPH)
MISC ----> 40 280 57 220
================================================================================
NOTES:
# LAST OF SEVERAL OCCURRENCES
COLUMN 17 PEAK WIND IN M.P.H.
PRELIMINARY LOCAL CLIMATOLOGICAL DATA (WS FORM: F-6) , PAGE 2
STATION: CRAIG CO
MONTH: NOVEMBER
YEAR: 2020
LATITUDE: 40 30 N
LONGITUDE: 107 32 W
[TEMPERATURE DATA] [PRECIPITATION DATA] SYMBOLS USED IN COLUMN 16
AVERAGE MONTHLY: 33.4 TOTAL FOR MONTH: 0.45 1 = FOG OR MIST
DPTR FM NORMAL: 3.0 DPTR FM NORMAL: -1.00 2 = FOG REDUCING VISIBILITY
HIGHEST: 69 ON 5, 4 GRTST 24HR 0.23 ON 7- 8 TO 1/4 MILE OR LESS
LOWEST: 0 ON 27 3 = THUNDER
SNOW, ICE PELLETS, HAIL 4 = ICE PELLETS
TOTAL MONTH: M 5 = HAIL
GRTST 24HR M ON M 6 = FREEZING RAIN OR DRIZZLE
GRTST DEPTH: M ON M 7 = DUSTSTORM OR SANDSTORM:
VSBY 1/2 MILE OR LESS
8 = SMOKE OR HAZE
[NO. OF DAYS WITH] [WEATHER - DAYS WITH] 9 = BLOWING SNOW
X = TORNADO
MAX 32 OR BELOW: 2 0.01 INCH OR MORE: 7
MAX 90 OR ABOVE: 0 0.10 INCH OR MORE: 2
MIN 32 OR BELOW: 29 0.50 INCH OR MORE: 0
MIN 0 OR BELOW: 1 1.00 INCH OR MORE: 0
[HDD (BASE 65) ]
TOTAL THIS MO. 941 CLEAR (SCALE 0-3) 17
DPTR FM NORMAL -99 PTCLDY (SCALE 4-7) 9
TOTAL FM JUL 1 1955 CLOUDY (SCALE 8-10) 4
DPTR FM NORMAL -130
[CDD (BASE 65) ]
TOTAL THIS MO. 0
DPTR FM NORMAL 0 [PRESSURE DATA]
TOTAL FM JAN 1 268 HIGHEST SLP 30.73 ON 29
DPTR FM NORMAL 126 LOWEST SLP 29.22 ON 7
[REMARKS]
#FINAL-11-20#