000
CXUS55 KGJT 010910
CF6CAG
PRELIMINARY LOCAL CLIMATOLOGICAL DATA (WS FORM: F-6)
STATION: CRAIG CO
MONTH: JULY
YEAR: 2023
LATITUDE: 40 30 N
LONGITUDE: 107 32 W
TEMPERATURE IN F: :PCPN: SNOW: WIND :SUNSHINE: SKY :PK WND
================================================================================
1 2 3 4 5 6A 6B 7 8 9 10 11 12 13 14 15 16 17 18
12Z AVG MX 2MIN
DY MAX MIN AVG DEP HDD CDD WTR SNW DPTH SPD SPD DIR MIN PSBL S-S WX SPD DR
================================================================================
1 85 40 63 -2 2 0 0.08 M M 3.0 21 50 M M 1 3 26 280
2 89 46 68 2 0 3 T M M 5.0 22 290 M M 1 31 260
3 91 43 67 1 0 2 0.02 M M 7.1 26 230 M M 2 3 39 240
4 83 53 68 2 0 3 0.02 M M 6.6 30 350 M M 2 3 42 350
5 84 48 66 0 0 1 T M M 5.2 20 220 M M 1 3 24 210
6 84 54 69 2 0 4 0.03 M M 7.7 23 290 M M 4 3 36 270
7 87 44 66 -1 0 1 0.01 M M 5.4 25 350 M M 1 3 34 10
8 87 53 70 3 0 5 T M M 6.6 35 310 M M 0 48 330
9 91 44 68 1 0 3 0.00 M M 3.9 16 290 M M 0 30 330
10 92 45 69 1 0 4 T M M 7.1 22 240 M M 1 33 300
11 92 42 67 -1 0 2 0.00 M M 6.1 28 270 M M 0 39 250
12 94 47 71 3 0 6 0.00 M M 5.2 28 240 M M 1 39 240
13 95 49 72 4 0 7 0.00 M M 5.3 25 260 M M 0 33 250
14 91 44 68 0 0 3 0.00 M M 5.0 21 270 M M 0 29 290
15 88 45 67 -2 0 2 0.00 M M 5.2 16 290 M M 0 22 270
16 93 42 68 -1 0 3 0.00 M M 5.2 16 230 M M 0 22 260
17 101 43 72 3 0 7 0.00 M M 7.2 31 200 M M 0 42 200
18 93 55 74 5 0 9 T M M 5.6 28 310 M M 1 3 42 290
19 88 61 75 6 0 10 0.18 M M 5.2 33 260 M M 4 13 44 260
20 82 51 67 -2 0 2 0.03 M M 6.5 26 320 M M 3 13 40 290
21 90 45 68 -1 0 3 0.00 M M 4.4 16 70 M M 1 1 23 60
22 92 50 71 2 0 6 0.00 M M 3.9 15 90 M M 0 20 80
23 95 47 71 1 0 6 0.00 M M 5.0 26 350 M M 0 3 38 350
24 98 49 74 4 0 9 0.15 M M 7.6 41 200 M M 0 3 60 200
25 95 56 76 6 0 11 0.01 M M 6.8 24 350 M M 1 3 31 340
26 94 49 72 2 0 7 T M M 5.8 25 210 M M 1 3 36 290
27 92 49 71 1 0 6 T M M 6.4 22 170 M M 1 3 33 170
28 96 56 76 6 0 11 0.00 M M 3.6 20 280 M M 0 3 24 300
29 96 49 73 4 0 8 0.00 M M 6.3 23 200 M M 0 29 200
30 95 57 76 7 0 11 T M M 6.2 22 170 M M 1 32 150
31 89 63 76 7 0 11 0.14 M M 4.8 36 170 M M 2 13 48 180
================================================================================
SM 2822 1519 2 166 0.67 M 174.9 M 29
================================================================================
AV 91.0 49.0 5.6 FASTST M M 1 MAX(MPH)
MISC ----> 41 200 60 200
================================================================================
NOTES:
# LAST OF SEVERAL OCCURRENCES
COLUMN 17 PEAK WIND IN M.P.H.
PRELIMINARY LOCAL CLIMATOLOGICAL DATA (WS FORM: F-6) , PAGE 2
STATION: CRAIG CO
MONTH: JULY
YEAR: 2023
LATITUDE: 40 30 N
LONGITUDE: 107 32 W
[TEMPERATURE DATA] [PRECIPITATION DATA] SYMBOLS USED IN COLUMN 16
AVERAGE MONTHLY: 70.0 TOTAL FOR MONTH: 0.67 1 = FOG OR MIST
DPTR FM NORMAL: 1.7 DPTR FM NORMAL: -0.26 2 = FOG REDUCING VISIBILITY
HIGHEST: 101 ON 17 GRTST 24HR 0.21 ON 19-20 TO 1/4 MILE OR LESS
LOWEST: 40 ON 1 3 = THUNDER
SNOW, ICE PELLETS, HAIL 4 = ICE PELLETS
TOTAL MONTH: M 5 = HAIL
GRTST 24HR M ON M 6 = FREEZING RAIN OR DRIZZLE
GRTST DEPTH: M ON M 7 = DUSTSTORM OR SANDSTORM:
VSBY 1/2 MILE OR LESS
8 = SMOKE OR HAZE
[NO. OF DAYS WITH] [WEATHER - DAYS WITH] 9 = BLOWING SNOW
X = TORNADO
MAX 32 OR BELOW: 0 0.01 INCH OR MORE: 10
MAX 90 OR ABOVE: 20 0.10 INCH OR MORE: 3
MIN 32 OR BELOW: 0 0.50 INCH OR MORE: 0
MIN 0 OR BELOW: 0 1.00 INCH OR MORE: 0
[HDD (BASE 65) ]
TOTAL THIS MO. 2 CLEAR (SCALE 0-3) 28
DPTR FM NORMAL -13 PTCLDY (SCALE 4-7) 3
TOTAL FM JUL 1 2 CLOUDY (SCALE 8-10) 0
DPTR FM NORMAL -9
[CDD (BASE 65) ]
TOTAL THIS MO. 166
DPTR FM NORMAL 50 [PRESSURE DATA]
TOTAL FM JAN 1 166 HIGHEST SLP M ON M
DPTR FM NORMAL 29 LOWEST SLP 29.76 ON 8
[REMARKS]
#FINAL-07-23#