000
CXUS55 KABQ 011117
CF6CAO
PRELIMINARY LOCAL CLIMATOLOGICAL DATA (WS FORM: F-6)
STATION: CLAYTON NM
MONTH: JULY
YEAR: 2022
LATITUDE: 36 27 N
LONGITUDE: 103 9 W
TEMPERATURE IN F: :PCPN: SNOW: WIND :SUNSHINE: SKY :PK WND
================================================================================
1 2 3 4 5 6A 6B 7 8 9 10 11 12 13 14 15 16 17 18
12Z AVG MX 2MIN
DY MAX MIN AVG DEP HDD CDD WTR SNW DPTH SPD SPD DIR MIN PSBL S-S WX SPD DR
================================================================================
1 88 62 75 0 0 10 0.08 0.0 0 11.8 37 320 M M 3 3 50 320
2 89 62 76 1 0 11 0.13 0.0 0 7.3 25 350 M M 3 13 36 340
3 92 62 77 2 0 12 0.00 0.0 0 13.4 33 180 M M 1 43 180
4 93 63 78 3 0 13 0.00 0.0 0 13.5 24 200 M M 0 33 210
5 96 63 80 5 0 15 0.09 0.0 0 11.5 22 190 M M 1 3 32 200
6 90 66 78 3 0 13 0.00 0.0 0 10.4 25 130 M M 2 33 140
7 92 57 75 0 0 10 0.04 0.0 0 9.1 28 80 M M 2 3 36 80
8 91 63 77 2 0 12 T 0.0 0 12.3 37 350 M M 1 3 49 340
9 94 67 81 5 0 16 0.00 0.0 0 10.6 20 140 M M 0 27 170
10 97 68 83 7 0 18 0.00 0.0 0 11.5 22 170 M M 0 29 200
11 98 62 80 4 0 15 0.30 0.0 0 13.9 45 290 M M 2 138 59 290
12 83 62 73 -3 0 8 0.03 0.0 0 9.8 29 140 M M 2 37 140
13 92 63 78 2 0 13 0.00 0.0 0 12.0 24 190 M M 0 32 180
14 96 67 82 6 0 17 0.00 0.0 0 12.1 24 200 M M 0 31 220
15 99 67 83 7 0 18 0.00 0.0 0 11.2 23 160 M M 0 32 150
16 100 70 85 9 0 20 0.00 0.0 0 12.5 32 360 M M 0 42 350
17 97 70 84 8 0 19 0.00 0.0 0 9.4 22 70 M M 1 27 60
18 99 66 83 7 0 18 0.00 0.0 0 9.1 23 180 M M 1 32 170
19 103 71 87 11 0 22 0.90 0.0 0 15.2 37 350 M M 2 3 53 260
20 92 66 79 3 0 14 0.01 0.0 0 8.5 28 320 M M 1 3 38 330
21 92 60 76 0 0 11 0.00 0.0 0 9.4 22 140 M M 1 28 140
22 97 62 80 4 0 15 T 0.0 0 11.5 30 180 M M 1 3 39 180
23 98 68 83 7 0 18 T 0.0 0 14.9 26 320 M M 1 37 330
24 92 70 81 5 0 16 0.12 0.0 0 8.8 21 350 M M 2 3 30 340
25 93 62 78 2 0 13 T 0.0 0 8.9 23 190 M M 3 31 160
26 96 62 79 4 0 14 0.15 0.0 0 12.6 30 320 M M 3 3 36 320
27 90 62 76 1 0 11 0.56 0.0 0 8.6 37 310 M M 3 13 45 310
28 80 61 71 -4 0 6 1.25 0.0 0 10.0 30 140 M M 5 13 39 20
29 74 62 68 -7 0 3 0.36 0.0 0 7.4 21 10 M M 9 13 25 10
30 81 61 71 -4 0 6 0.24 0.0 0 13.0 37 320 M M 5 13 49 320
31 89 62 76 1 0 11 0.00 0.0 0 5.7 14 270 M M 1 19 270
================================================================================
SM 2863 1989 0 418 4.26 0.0 335.9 M 56
================================================================================
AV 92.4 64.2 10.8 FASTST M M 2 MAX(MPH)
MISC ----> 45 290 59 290
================================================================================
NOTES:
# LAST OF SEVERAL OCCURRENCES
COLUMN 17 PEAK WIND IN M.P.H.
PRELIMINARY LOCAL CLIMATOLOGICAL DATA (WS FORM: F-6) , PAGE 2
STATION: CLAYTON NM
MONTH: JULY
YEAR: 2022
LATITUDE: 36 27 N
LONGITUDE: 103 9 W
[TEMPERATURE DATA] [PRECIPITATION DATA] SYMBOLS USED IN COLUMN 16
AVERAGE MONTHLY: 78.3 TOTAL FOR MONTH: 4.26 1 = FOG OR MIST
DPTR FM NORMAL: 2.9 DPTR FM NORMAL: 1.45 2 = FOG REDUCING VISIBILITY
HIGHEST: 103 ON 19 GRTST 24HR 1.50 ON 28-29 TO 1/4 MILE OR LESS
LOWEST: 57 ON 7 3 = THUNDER
SNOW, ICE PELLETS, HAIL 4 = ICE PELLETS
TOTAL MONTH: 0.0 INCH 5 = HAIL
GRTST 24HR 0.0 6 = FREEZING RAIN OR DRIZZLE
GRTST DEPTH: 0 7 = DUSTSTORM OR SANDSTORM:
VSBY 1/2 MILE OR LESS
8 = SMOKE OR HAZE
[NO. OF DAYS WITH] [WEATHER - DAYS WITH] 9 = BLOWING SNOW
X = TORNADO
MAX 32 OR BELOW: 0 0.01 INCH OR MORE: 14
MAX 90 OR ABOVE: 24 0.10 INCH OR MORE: 9
MIN 32 OR BELOW: 0 0.50 INCH OR MORE: 3
MIN 0 OR BELOW: 0 1.00 INCH OR MORE: 1
[HDD (BASE 65) ]
TOTAL THIS MO. 0 CLEAR (SCALE 0-3) 27
DPTR FM NORMAL -2 PTCLDY (SCALE 4-7) 3
TOTAL FM JUL 1 0 CLOUDY (SCALE 8-10) 1
DPTR FM NORMAL 0
[CDD (BASE 65) ]
TOTAL THIS MO. 418
DPTR FM NORMAL 94 [PRESSURE DATA]
TOTAL FM JAN 1 796 HIGHEST SLP 30.16 ON 9
DPTR FM NORMAL 208 LOWEST SLP 29.71 ON 19
[REMARKS]
#FINAL-07-22#