000
CXUS51 KCAR 011021
CLMCAR
CLIMATE REPORT
NATIONAL WEATHER SERVICE CARIBOU ME
521 AM EST THU FEB 01 2024
...................................
...THE CARIBOU ME CLIMATE SUMMARY FOR THE MONTH OF JANUARY 2024...
CLIMATE NORMAL PERIOD: 1991 TO 2020
CLIMATE RECORD PERIOD: 1939 TO 2024
WEATHER OBSERVED NORMAL DEPART LAST YEAR`S
VALUE DATE(S) VALUE FROM VALUE DATE(S)
NORMAL
................................................................
TEMPERATURE (F)
RECORD
HIGH 53 01/31/2013
01/15/1995
12/17/2298722
LOW -37 01/16/2009
HIGHEST 41 01/10 MM MM 39 01/01
LOWEST -12 01/31 MM MM -6 01/11
01/12
01/31
AVG. MAXIMUM 25.5 20.8 4.7 26.3
AVG. MINIMUM 7.7 2.6 5.1 11.8
MEAN 16.6 11.7 4.9 19.0
DAYS MAX >= 90 0 0.0 0.0 0
DAYS MAX <= 32 25 25.7 -0.7 27
DAYS MIN <= 32 31 30.4 0.6 31
DAYS MIN <= 0 6 15.0 -9.0 6
PRECIPITATION (INCHES)
RECORD
MAXIMUM 5.60 1995
MINIMUM 0.12 1944
TOTALS 2.25 -0.70
DAILY AVG. 0.07 0.10 -0.03 0.17
DAYS >= .01 9 14.0 -5.0 21
DAYS >= .10 5 6.6 -1.6 7
DAYS >= .50 2 1.9 0.1 4
DAYS >= 1.00 0 0.4 -0.4 2
GREATEST
24 HR. TOTAL 0.72 01/10 TO 01/10 1.93 01/12 TO 01/13
SNOWFALL (INCHES)
RECORDS
TOTAL 44.5 1994
TOTALS 27.5 25.0 2.5 38.0
SINCE 7/1 48.3 62.4 -14.1 MM
SNOWDEPTH AVG. 6 12
DAYS >= 1.0 7 6.7 0.3 9
GREATEST
SNOW DEPTH 12 01/17 26 01/31
24 HR TOTAL MM MM
DEGREE DAYS
HEATING TOTAL 1493 1652 -159 1419
SINCE 7/1 4337 5035 -698 MM
COOLING TOTAL 0 0 0 0
SINCE 1/1 0 0 0 MM
................................................................
WIND (MPH)
AVERAGE WIND SPEED 6.9
HIGHEST WIND SPEED/DIRECTION 29/130 DATE 01/10
HIGHEST GUST SPEED/DIRECTION 49/110 DATE 01/10
SKY COVER
POSSIBLE SUNSHINE (PERCENT) MM
AVERAGE SKY COVER 0.65
NUMBER OF DAYS FAIR 7
NUMBER OF DAYS PC 12
NUMBER OF DAYS CLOUDY 12
AVERAGE RH (PERCENT) 72
WEATHER CONDITIONS. NUMBER OF DAYS WITH
THUNDERSTORM 0 MIXED PRECIP 0
HEAVY RAIN 1 RAIN 1
LIGHT RAIN 2 FREEZING RAIN 0
LT FREEZING RAIN 1 HAIL 0
HEAVY SNOW 3 SNOW 5
LIGHT SNOW 28 SLEET 0
FOG 12 FOG W/VIS <= 1/4 MILE 4
HAZE 2
- INDICATES NEGATIVE NUMBERS.
* INDICATES RECORD WAS SET OR TIED.
MM INDICATES DATA IS MISSING.
T INDICATES TRACE AMOUNT.
$$