000
CXUS54 KLZK 011330
CF6CCA
PRELIMINARY LOCAL CLIMATOLOGICAL DATA (WS FORM: F-6)
STATION: CLINTON
MONTH: FEBRUARY
YEAR: 2023
LATITUDE: 35 32 N
LONGITUDE: 92 22 W
TEMPERATURE IN F: :PCPN: SNOW: WIND :SUNSHINE: SKY :PK WND
================================================================================
1 2 3 4 5 6A 6B 7 8 9 10 11 12 13 14 15 16 17 18
12Z AVG MX 2MIN
DY MAX MIN AVG DEP HDD CDD WTR SNW DPTH SPD SPD DIR MIN PSBL S-S WX SPD DR
================================================================================
1 32 25 29 M 36 0 M M M 1.3 6 340 M M 6 M M
2 37 27 32 M 33 0 M M M 0.5 5 99 M M 7 M M
3 45 25 35 M 30 0 M M M 1.8 6 99 M M 0 13 330
4 52 21 37 M 28 0 M M M 2.1 9 180 M M 0 15 170
5 68 27 48 M 17 0 M M M 1.0 9 140 M M 0 M M
6 66 30 48 M 17 0 M M M 3.3 12 160 M M 6 23 0
7 59 46 53 M 12 0 M M M 1.0 7 150 M M 10 M M
8 55 45 50 M 15 0 M M M 1.6 12 220 M M 10 1 28 130
9 59 36 48 M 17 0 M M M 7.5 16 230 M M 5 29 220
10 45 36 41 M 24 0 M M M 2.2 9 10 M M 8 15 99
11 54 27 41 M 24 0 M M M 3.2 9 40 M M 3 16 40
12 63 23 43 M 22 0 M M M 1.4 8 220 M M 0 14 99
13 70 28 49 M 16 0 M M M 1.2 9 300 M M 0 12 300
14 57 43 50 M 15 0 M M M 4.9 15 130 M M 6 8 24 150
15 73 36 55 M 10 0 M M M 2.8 10 150 M M 8 128 16 150
16 68 32 50 M 15 0 M M M 8.1 16 300 M M 9 12 25 300
17 48 25 37 M 28 0 M M M 6.2 13 310 M M 3 8 22 310
18 54 19 37 M 28 0 M M M 2.9 9 160 M M 4 17 99
19 63 28 46 M 19 0 M M M 3.0 12 220 M M 0 21 220
20 70 39 55 M 10 0 M M M 2.8 12 230 M M 0 22 230
21 61 37 49 M 16 0 M M M 1.6 7 100 M M 2 M M
22 73 45 59 M 6 0 M M M 5.8 18 180 M M 6 1 31 170
23 61 43 52 M 13 0 M M M 4.0 13 310 M M 6 1 20 350
24 46 36 41 M 24 0 M M M 4.2 9 90 M M 10 17 99
25 54 41 48 M 17 0 M M M 1.2 8 190 M M 10 M M
26 63 48 56 M 9 0 M M M 0.1 3 190 M M 10 12 13 0
27 73 41 57 M 8 0 M M M 9.0 18 250 M M 3 18 31 250
28 77 36 57 M 8 0 M M M 2.6 10 160 M M 1 20 160
================================================================================
SM 1646 945 517 0 M M 87.3 M 133
================================================================================
AV 58.8 33.8 3.1 FASTST M M 5 MAX(MPH)
MISC ----> # 18 180 # 31 170
================================================================================
NOTES:
# LAST OF SEVERAL OCCURRENCES
COLUMN 17 PEAK WIND IN M.P.H.
PRELIMINARY LOCAL CLIMATOLOGICAL DATA (WS FORM: F-6) , PAGE 2
STATION: CLINTON
MONTH: FEBRUARY
YEAR: 2023
LATITUDE: 35 32 N
LONGITUDE: 92 22 W
[TEMPERATURE DATA] [PRECIPITATION DATA] SYMBOLS USED IN COLUMN 16
AVERAGE MONTHLY: 46.3 TOTAL FOR MONTH: M 1 = FOG OR MIST
DPTR FM NORMAL: 0.0 DPTR FM NORMAL: M 2 = FOG REDUCING VISIBILITY
HIGHEST: 77 ON 28 GRTST 24HR M ON M TO 1/4 MILE OR LESS
LOWEST: 19 ON 18 3 = THUNDER
SNOW, ICE PELLETS, HAIL 4 = ICE PELLETS
TOTAL MONTH: M 5 = HAIL
GRTST 24HR M ON M 6 = FREEZING RAIN OR DRIZZLE
GRTST DEPTH: M ON M 7 = DUSTSTORM OR SANDSTORM:
VSBY 1/2 MILE OR LESS
8 = SMOKE OR HAZE
[NO. OF DAYS WITH] [WEATHER - DAYS WITH] 9 = BLOWING SNOW
X = TORNADO
MAX 32 OR BELOW: 1 0.01 INCH OR MORE: 0
MAX 90 OR ABOVE: 0 0.10 INCH OR MORE: 0
MIN 32 OR BELOW: 13 0.50 INCH OR MORE: 0
MIN 0 OR BELOW: 0 1.00 INCH OR MORE: 0
[HDD (BASE 65) ]
TOTAL THIS MO. 517 CLEAR (SCALE 0-3) 12
DPTR FM NORMAL M PTCLDY (SCALE 4-7) 9
TOTAL FM JUL 1 2667 CLOUDY (SCALE 8-10) 7
DPTR FM NORMAL M
[CDD (BASE 65) ]
TOTAL THIS MO. 0
DPTR FM NORMAL M [PRESSURE DATA]
TOTAL FM JAN 1 0 HIGHEST SLP M ON M
DPTR FM NORMAL M LOWEST SLP M ON M
[REMARKS]
#FINAL-02-23#