000
CXUS56 KSLC 010810
CF6CDC
PRELIMINARY LOCAL CLIMATOLOGICAL DATA (WS FORM: F-6)
STATION: CEDAR CITY UT
MONTH: JUNE
YEAR: 2023
LATITUDE: 37 42 N
LONGITUDE: 113 6 W
TEMPERATURE IN F: :PCPN: SNOW: WIND :SUNSHINE: SKY :PK WND
================================================================================
1 2 3 4 5 6A 6B 7 8 9 10 11 12 13 14 15 16 17 18
12Z AVG MX 2MIN
DY MAX MIN AVG DEP HDD CDD WTR SNW DPTH SPD SPD DIR MIN PSBL S-S WX SPD DR
================================================================================
1 76 40 58 -4 7 0 0.09 M M 7.7 28 110 M M 3 3 39 230
2 74 50 62 0 3 0 0.10 M M 9.2 26 310 M M 5 3 38 310
3 77 47 62 0 3 0 T M M 7.4 32 240 M M 3 3 49 240
4 80 43 62 -1 3 0 0.00 M M 5.7 23 130 M M 1 3 33 120
5 84 53 69 6 0 4 0.00 M M 8.1 22 160 M M 2 33 150
6 82 52 67 4 0 2 T M M 11.3 33 180 M M 0 3 46 180
7 77 45 61 -3 4 0 0.00 M M 8.6 23 210 M M 0 32 210
8 77 39 58 -6 7 0 0.00 M M 10.1 24 210 M M 3 38 210
9 77 45 61 -3 4 0 0.00 M M 8.3 21 230 M M 1 31 210
10 80 44 62 -3 3 0 0.00 M M 5.2 21 230 M M 1 29 240
11 78 46 62 -3 3 0 0.00 M M 8.2 25 120 M M 2 34 120
12 67 49 58 -7 7 0 T 0.0 0 8.1 21 60 M M 2 3 26 210
13 77 44 61 -5 4 0 T M M 5.7 20 270 M M 3 28 290
14 80 51 66 0 0 1 0.05 M M 6.5 20 330 M M 3 29 330
15 70 49 60 -6 5 0 0.65 M M 8.0 24 130 M M 6 138 33 260
16 68 48 58 -9 7 0 0.21 M M 5.1 18 130 M M 5 1 23 120
17 79 44 62 -5 3 0 0.00 M M 7.7 20 210 M M 0 27 210
18 83 54 69 1 0 4 0.00 M M 16.3 36 210 M M 0 48 210
19 82 64 73 5 0 8 0.00 M M 26.5 40 200 M M 0 56 200
20 79 58 69 1 0 4 0.00 M M 18.4 29 220 M M 0 45 210
21 81 41 61 -7 4 0 0.00 M M 6.2 21 210 M M 0 28 240
22 83 44 64 -5 1 0 0.00 M M 9.9 29 180 M M 0 40 180
23 76 51 64 -5 1 0 0.00 M M 14.0 26 190 M M 0 36 210
24 83 40 62 -7 3 0 0.00 M M 6.6 20 210 M M 0 26 250
25 84 43 64 -6 1 0 0.00 M M 9.9 26 230 M M 0 8 38 230
26 84 51 68 -2 0 3 0.00 M M 11.6 26 210 M M 0 39 240
27 83 51 67 -3 0 2 0.00 M M 8.7 22 220 M M 0 30 220
28 84 45 65 -6 0 0 0.00 M M 7.8 20 30 M M 0 27 30
29 82 49 66 -5 0 1 0.00 M M 5.2 26 50 M M 1 3 42 50
30 85 47 66 -5 0 1 0.00 M M 6.0 16 360 M M 0 27 320
================================================================================
SM 2372 1427 73 30 1.10 0.0 278.0 M 41
================================================================================
AV 79.1 47.6 9.3 FASTST M M 1 MAX(MPH)
MISC ----> 40 200 56 200
================================================================================
NOTES:
# LAST OF SEVERAL OCCURRENCES
COLUMN 17 PEAK WIND IN M.P.H.
PRELIMINARY LOCAL CLIMATOLOGICAL DATA (WS FORM: F-6) , PAGE 2
STATION: CEDAR CITY UT
MONTH: JUNE
YEAR: 2023
LATITUDE: 37 42 N
LONGITUDE: 113 6 W
[TEMPERATURE DATA] [PRECIPITATION DATA] SYMBOLS USED IN COLUMN 16
AVERAGE MONTHLY: 63.3 TOTAL FOR MONTH: 1.10 1 = FOG OR MIST
DPTR FM NORMAL: -3.3 DPTR FM NORMAL: 0.62 2 = FOG REDUCING VISIBILITY
HIGHEST: 85 ON 30 GRTST 24HR 0.68 ON 15-16 TO 1/4 MILE OR LESS
LOWEST: 39 ON 8 3 = THUNDER
SNOW, ICE PELLETS, HAIL 4 = ICE PELLETS
TOTAL MONTH: 0.0 INCH 5 = HAIL
GRTST 24HR 0.0 6 = FREEZING RAIN OR DRIZZLE
GRTST DEPTH: 0 7 = DUSTSTORM OR SANDSTORM:
VSBY 1/2 MILE OR LESS
8 = SMOKE OR HAZE
[NO. OF DAYS WITH] [WEATHER - DAYS WITH] 9 = BLOWING SNOW
X = TORNADO
MAX 32 OR BELOW: 0 0.01 INCH OR MORE: 5
MAX 90 OR ABOVE: 0 0.10 INCH OR MORE: 3
MIN 32 OR BELOW: 0 0.50 INCH OR MORE: 1
MIN 0 OR BELOW: 0 1.00 INCH OR MORE: 0
[HDD (BASE 65) ]
TOTAL THIS MO. 73 CLEAR (SCALE 0-3) 26
DPTR FM NORMAL 10 PTCLDY (SCALE 4-7) 4
TOTAL FM JUL 1 6277 CLOUDY (SCALE 8-10) 0
DPTR FM NORMAL 276
[CDD (BASE 65) ]
TOTAL THIS MO. 30
DPTR FM NORMAL -81 [PRESSURE DATA]
TOTAL FM JAN 1 31 HIGHEST SLP M ON M
DPTR FM NORMAL -92 LOWEST SLP 29.58 ON 19
[REMARKS]
#FINAL-06-23#