000
CXUS56 KSLC 011945
CF6CDC
PRELIMINARY LOCAL CLIMATOLOGICAL DATA (WS FORM: F-6)
STATION: CEDAR CITY UT
MONTH: FEBRUARY
YEAR: 2023
LATITUDE: 37 42 N
LONGITUDE: 113 6 W
TEMPERATURE IN F: :PCPN: SNOW: WIND :SUNSHINE: SKY :PK WND
================================================================================
1 2 3 4 5 6A 6B 7 8 9 10 11 12 13 14 15 16 17 18
12Z AVG MX 2MIN
DY MAX MIN AVG DEP HDD CDD WTR SNW DPTH SPD SPD DIR MIN PSBL S-S WX SPD DR
================================================================================
1 31 3 17 -15 48 0 0.00 M M 2.5 7 270 M M 0 9 280
2 42 10 26 -6 39 0 0.00 M M 2.1 8 40 M M 0 11 50
3 45 21 33 1 32 0 0.00 M M 5.2 16 220 M M 0 21 230
4 52 23 38 6 27 0 0.00 M M 5.6 16 220 M M 0 20 220
5 47 20 34 2 31 0 0.26 M M 13.6 30 190 M M 4 12 43 220
6 34 11 23 -10 42 0 0.00 M M 5.6 17 20 M M 7 128 26 20
7 37 14 26 -7 39 0 0.00 M M 6.0 15 360 M M 3 20 10
8 48 17 33 0 32 0 0.00 M M 3.8 18 10 M M 1 26 10
9 36 18 27 -6 38 0 0.00 M M 6.7 23 40 M M 1 31 40
10 49 16 33 0 32 0 0.00 0.0 M 4.4 17 190 M M 0 23 180
11 49 27 38 5 27 0 0.00 M M 7.2 18 210 M M 0 22 240
12 46 23 35 1 30 0 0.00 M M 3.5 10 10 M M 0 14 260
13 49 25 37 3 28 0 0.00 M M 5.2 18 220 M M 2 23 230
14 36 19 28 -6 37 0 0.15 M M 8.5 22 360 M M 8 12 31 360
15 23 4 14 -20 51 0 0.01 M M 9.2 21 20 M M 6 1 29 20
16 28 -4 12 -22 53 0 0.00 M M 1.0 7 70 M M 0 8 90
17 36 1 19 -16 46 0 0.00 M M 1.8 7 160 M M 0 9 20
18 41 12 27 -8 38 0 0.00 M M 8.6 21 220 M M 0 26 210
19 49 21 35 0 30 0 0.00 M M 4.8 12 150 M M 1 13 150
20 52 27 40 5 25 0 0.00 M M 7.4 16 210 M M 0 22 210
21 46 28 37 1 28 0 T M M 13.8 46 190 M M 1 62 190
22 40 15 28 -8 37 0 0.22 M M 13.6 45 210 M M 8 128 59 210
23 29 13 21 -15 44 0 0.09 M M 13.9 30 210 M M 7 128 38 200
24 35 21 28 -8 37 0 T M M 13.0 30 200 M M 2 18 38 190
25 50 20 35 -2 30 0 0.00 M M 12.2 30 160 M M 3 47 170
26 44 23 34 -3 31 0 0.03 M M 16.8 32 200 M M 5 18 43 210
27 38 26 32 -5 33 0 0.04 M M 19.8 35 210 M M 6 1 46 200
28 35 25 30 -8 35 0 0.02 M M 15.9 40 210 M M 6 1 53 210
================================================================================
SM 1147 479 1000 0 0.82 0.0 231.7 M 71
================================================================================
AV 41.0 17.1 8.3 FASTST M M 3 MAX(MPH)
MISC ----> 46 190 62 190
================================================================================
NOTES:
# LAST OF SEVERAL OCCURRENCES
COLUMN 17 PEAK WIND IN M.P.H.
PRELIMINARY LOCAL CLIMATOLOGICAL DATA (WS FORM: F-6) , PAGE 2
STATION: CEDAR CITY UT
MONTH: FEBRUARY
YEAR: 2023
LATITUDE: 37 42 N
LONGITUDE: 113 6 W
[TEMPERATURE DATA] [PRECIPITATION DATA] SYMBOLS USED IN COLUMN 16
AVERAGE MONTHLY: 29.0 TOTAL FOR MONTH: 0.82 1 = FOG OR MIST
DPTR FM NORMAL: -5.3 DPTR FM NORMAL: -0.16 2 = FOG REDUCING VISIBILITY
HIGHEST: 52 ON 20, 4 GRTST 24HR 0.26 ON 5- 5 TO 1/4 MILE OR LESS
LOWEST: -4 ON 16 3 = THUNDER
SNOW, ICE PELLETS, HAIL 4 = ICE PELLETS
TOTAL MONTH: 0.0 INCH 5 = HAIL
GRTST 24HR 0.0 6 = FREEZING RAIN OR DRIZZLE
GRTST DEPTH: M ON M 7 = DUSTSTORM OR SANDSTORM:
VSBY 1/2 MILE OR LESS
8 = SMOKE OR HAZE
[NO. OF DAYS WITH] [WEATHER - DAYS WITH] 9 = BLOWING SNOW
X = TORNADO
MAX 32 OR BELOW: 4 0.01 INCH OR MORE: 8
MAX 90 OR ABOVE: 0 0.10 INCH OR MORE: 3
MIN 32 OR BELOW: 28 0.50 INCH OR MORE: 0
MIN 0 OR BELOW: 1 1.00 INCH OR MORE: 0
[HDD (BASE 65) ]
TOTAL THIS MO. 1000 CLEAR (SCALE 0-3) 19
DPTR FM NORMAL 142 PTCLDY (SCALE 4-7) 7
TOTAL FM JUL 1 4579 CLOUDY (SCALE 8-10) 2
DPTR FM NORMAL 179
[CDD (BASE 65) ]
TOTAL THIS MO. 0
DPTR FM NORMAL 0 [PRESSURE DATA]
TOTAL FM JAN 1 0 HIGHEST SLP 30.57 ON 2
DPTR FM NORMAL 0 LOWEST SLP 29.00 ON 21
[REMARKS]
#FINAL-02-23#