000
CXUS56 KSLC 011302
CF6CDC
PRELIMINARY LOCAL CLIMATOLOGICAL DATA (WS FORM: F-6)
STATION: CEDAR CITY UT
MONTH: OCTOBER
YEAR: 2022
LATITUDE: 37 42 N
LONGITUDE: 113 6 W
TEMPERATURE IN F: :PCPN: SNOW: WIND :SUNSHINE: SKY :PK WND
================================================================================
1 2 3 4 5 6A 6B 7 8 9 10 11 12 13 14 15 16 17 18
12Z AVG MX 2MIN
DY MAX MIN AVG DEP HDD CDD WTR SNW DPTH SPD SPD DIR MIN PSBL S-S WX SPD DR
================================================================================
1 75 42 59 3 6 0 0.00 M M 5.0 18 220 M M 2 26 210
2 76 48 62 6 3 0 T 0.0 0 9.8 24 120 M M 2 3 33 220
3 74 51 63 7 2 0 T 0.0 0 5.0 24 70 M M 2 3 31 60
4 73 42 58 3 7 0 0.00 M M 3.9 13 360 M M 0 19 10
5 73 38 56 1 9 0 0.00 0.0 0 2.8 9 360 M M 0 12 30
6 75 41 58 4 7 0 0.00 M M 2.7 12 140 M M 0 13 290
7 76 41 59 5 6 0 0.00 M M 2.7 9 140 M M 0 13 300
8 76 41 59 5 6 0 0.00 M M 4.0 10 180 M M 0 18 360
9 77 39 58 5 7 0 0.00 M M 5.5 16 220 M M 0 22 240
10 75 43 59 6 6 0 0.00 M M 3.5 13 270 M M 1 16 10
11 76 39 58 6 7 0 0.00 M M 5.6 14 270 M M 0 20 270
12 76 38 57 5 8 0 0.00 M M 4.5 12 360 M M 0 18 330
13 75 36 56 4 9 0 0.00 M M 3.6 13 360 M M 0 8 18 360
14 75 38 57 6 8 0 0.00 M M 3.0 9 120 M M 0 8 11 120
15 76 35 56 5 9 0 0.00 0.0 0 4.4 13 350 M M 0 22 360
16 69 42 56 6 9 0 0.00 M M 4.7 13 350 M M 0 18 340
17 72 34 53 3 12 0 0.00 0.0 0 3.7 14 350 M M 0 8 18 340
18 74 33 54 4 11 0 0.00 0.0 M 3.5 12 350 M M 0 8 17 10
19 74 34 54 5 11 0 0.00 M M 3.1 9 130 M M 0 13 340
20 72 35 54 5 11 0 0.00 M M 3.8 13 220 M M 0 8 17 230
21 71 35 53 5 12 0 0.00 M M 7.9 21 210 M M 0 31 200
22 68 32 50 2 15 0 T M M 18.5 46 200 M M 4 18 63 200
23 35 22 29 -19 36 0 0.00 M M 5.8 17 360 M M 8 12 22 350
24 43 18 31 -16 34 0 0.00 M M 4.3 14 360 M M 1 128 18 20
25 59 26 43 -4 22 0 0.00 M M 3.4 15 360 M M 2 19 360
26 58 31 45 -2 20 0 0.00 M M 7.0 23 10 M M 3 29 360
27 46 28 37 -9 28 0 M M M 8.7 22 50 M M 1 28 50
28 57 22 40 -6 25 0 M M M 2.4 10 140 M M 0 12 140
29 59 28 44 -2 21 0 M M M 2.8 10 360 M M 0 15 350
30 58 28 43 -2 22 0 0.00 M M 5.3 16 10 M M 0 24 350
31 62 26 44 -1 21 0 0.00 M M 2.2 10 340 M M 0 8 13 350
================================================================================
SM 2105 1086 410 0 T 0.0 153.1 M 26
================================================================================
AV 67.9 35.0 4.9 FASTST M M 1 MAX(MPH)
MISC ----> 46 200 63 200
================================================================================
NOTES:
# LAST OF SEVERAL OCCURRENCES
COLUMN 17 PEAK WIND IN M.P.H.
PRELIMINARY LOCAL CLIMATOLOGICAL DATA (WS FORM: F-6) , PAGE 2
STATION: CEDAR CITY UT
MONTH: OCTOBER
YEAR: 2022
LATITUDE: 37 42 N
LONGITUDE: 113 6 W
[TEMPERATURE DATA] [PRECIPITATION DATA] SYMBOLS USED IN COLUMN 16
AVERAGE MONTHLY: 51.5 TOTAL FOR MONTH: T 1 = FOG OR MIST
DPTR FM NORMAL: 1.0 DPTR FM NORMAL: -1.23 2 = FOG REDUCING VISIBILITY
HIGHEST: 77 ON 9 GRTST 24HR T ON 30- 1 TO 1/4 MILE OR LESS
LOWEST: 18 ON 24 3 = THUNDER
SNOW, ICE PELLETS, HAIL 4 = ICE PELLETS
TOTAL MONTH: 0.0 INCH 5 = HAIL
GRTST 24HR 0.0 6 = FREEZING RAIN OR DRIZZLE
GRTST DEPTH: 0 7 = DUSTSTORM OR SANDSTORM:
VSBY 1/2 MILE OR LESS
8 = SMOKE OR HAZE
[NO. OF DAYS WITH] [WEATHER - DAYS WITH] 9 = BLOWING SNOW
X = TORNADO
MAX 32 OR BELOW: 0 0.01 INCH OR MORE: 0
MAX 90 OR ABOVE: 0 0.10 INCH OR MORE: 0
MIN 32 OR BELOW: 10 0.50 INCH OR MORE: 0
MIN 0 OR BELOW: 0 1.00 INCH OR MORE: 0
[HDD (BASE 65) ]
TOTAL THIS MO. 410 CLEAR (SCALE 0-3) 29
DPTR FM NORMAL -40 PTCLDY (SCALE 4-7) 2
TOTAL FM JUL 1 451 CLOUDY (SCALE 8-10) 0
DPTR FM NORMAL -113
[CDD (BASE 65) ]
TOTAL THIS MO. 0
DPTR FM NORMAL -1 [PRESSURE DATA]
TOTAL FM JAN 1 904 HIGHEST SLP 30.41 ON 28
DPTR FM NORMAL 225 LOWEST SLP 29.34 ON 22
[REMARKS]
#FINAL-10-22#