000
CXUS56 KSLC 011151
CF6CDC
PRELIMINARY LOCAL CLIMATOLOGICAL DATA (WS FORM: F-6)
STATION: CEDAR CITY UT
MONTH: AUGUST
YEAR: 2022
LATITUDE: 37 42 N
LONGITUDE: 113 6 W
TEMPERATURE IN F: :PCPN: SNOW: WIND :SUNSHINE: SKY :PK WND
================================================================================
1 2 3 4 5 6A 6B 7 8 9 10 11 12 13 14 15 16 17 18
12Z AVG MX 2MIN
DY MAX MIN AVG DEP HDD CDD WTR SNW DPTH SPD SPD DIR MIN PSBL S-S WX SPD DR
================================================================================
1 85 61 73 -1 0 8 0.00 M M 9.4 21 290 M M 0 3 38 300
2 86 60 73 -1 0 8 0.27 M M 6.4 20 140 M M 2 3 27 210
3 86 60 73 -1 0 8 0.00 M M 4.8 17 130 M M 0 22 140
4 90 61 76 2 0 11 0.01 M M 6.3 28 130 M M 2 3 38 120
5 82 63 73 -1 0 8 0.03 M M 13.9 30 220 M M 4 1 39 240
6 87 62 75 1 0 10 0.00 M M 9.2 24 240 M M 1 36 230
7 89 56 73 -1 0 8 0.00 M M 5.8 17 350 M M 0 25 350
8 94 57 76 2 0 11 0.00 M M 4.1 13 240 M M 0 17 350
9 89 63 76 2 0 11 0.05 M M 6.2 29 120 M M 3 3 43 110
10 88 59 74 1 0 9 0.04 M M 8.1 24 120 M M 3 38 32 130
11 82 62 72 -1 0 7 0.27 M M 4.0 24 210 M M 3 138 32 200
12 78 59 69 -4 0 4 T M M 4.8 20 120 M M 5 13 26 130
13 81 59 70 -3 0 5 0.00 0.0 M 6.8 22 120 M M 4 3 28 120
14 85 60 73 0 0 8 T M M 5.3 14 290 M M 1 3 21 300
15 82 59 71 -1 0 6 0.02 M M 6.3 33 130 M M 2 44 120
16 77 57 67 -5 0 2 0.02 M 0 5.3 18 120 M M 5 3 26 140
17 86 56 71 -1 0 6 0.31 M M 3.8 24 130 M M 3 3 30 140
18 78 56 67 -5 0 2 0.15 M M 5.7 31 120 M M 5 3 43 130
19 81 57 69 -3 0 4 0.00 M M 5.2 23 60 M M 2 3 29 60
20 84 54 69 -3 0 4 0.09 M M 6.6 28 40 M M 2 13 36 30
21 83 54 69 -2 0 4 0.00 M M 3.1 16 210 M M 0 20 210
22 89 53 71 0 0 6 0.00 M M 4.7 15 360 M M 0 23 330
23 93 56 75 4 0 10 0.00 M M 4.6 17 320 M M 0 8 24 310
24 84 58 71 1 0 6 T M M 5.6 26 130 M M 1 3 37 130
25 82 57 70 0 0 5 0.14 M M 6.6 18 40 M M 4 1 25 40
26 85 58 72 2 0 7 T M M 4.2 20 300 M M 4 3 27 300
27 84 57 71 1 0 6 0.06 M M 6.7 26 220 M M 1 3 34 230
28 87 56 72 2 0 7 0.00 M M 6.9 18 260 M M 0 27 260
29 91 53 72 3 0 7 0.00 0.0 0 4.7 12 250 M M 0 8 17 250
30 94 58 76 7 0 11 0.00 0.0 0 5.1 12 140 M M 0 17 280
31 96 63 80 11 0 15 0.00 0.0 0 4.5 12 240 M M 0 8 17 330
================================================================================
SM 2658 1804 0 224 1.46 0.0 184.7 M 57
================================================================================
AV 85.7 58.2 6.0 FASTST M M 2 MAX(MPH)
MISC ----> 33 130 44 120
================================================================================
NOTES:
# LAST OF SEVERAL OCCURRENCES
COLUMN 17 PEAK WIND IN M.P.H.
PRELIMINARY LOCAL CLIMATOLOGICAL DATA (WS FORM: F-6) , PAGE 2
STATION: CEDAR CITY UT
MONTH: AUGUST
YEAR: 2022
LATITUDE: 37 42 N
LONGITUDE: 113 6 W
[TEMPERATURE DATA] [PRECIPITATION DATA] SYMBOLS USED IN COLUMN 16
AVERAGE MONTHLY: 72.0 TOTAL FOR MONTH: 1.46 1 = FOG OR MIST
DPTR FM NORMAL: -0.1 DPTR FM NORMAL: 0.60 2 = FOG REDUCING VISIBILITY
HIGHEST: 96 ON 31 GRTST 24HR 0.40 ON 17-18 TO 1/4 MILE OR LESS
LOWEST: 53 ON 29,22 3 = THUNDER
SNOW, ICE PELLETS, HAIL 4 = ICE PELLETS
TOTAL MONTH: 0.0 INCH 5 = HAIL
GRTST 24HR 0.0 6 = FREEZING RAIN OR DRIZZLE
GRTST DEPTH: 0 7 = DUSTSTORM OR SANDSTORM:
VSBY 1/2 MILE OR LESS
8 = SMOKE OR HAZE
[NO. OF DAYS WITH] [WEATHER - DAYS WITH] 9 = BLOWING SNOW
X = TORNADO
MAX 32 OR BELOW: 0 0.01 INCH OR MORE: 13
MAX 90 OR ABOVE: 6 0.10 INCH OR MORE: 5
MIN 32 OR BELOW: 0 0.50 INCH OR MORE: 0
MIN 0 OR BELOW: 0 1.00 INCH OR MORE: 0
[HDD (BASE 65) ]
TOTAL THIS MO. 0 CLEAR (SCALE 0-3) 22
DPTR FM NORMAL -4 PTCLDY (SCALE 4-7) 9
TOTAL FM JUL 1 0 CLOUDY (SCALE 8-10) 0
DPTR FM NORMAL -3
[CDD (BASE 65) ]
TOTAL THIS MO. 224
DPTR FM NORMAL 1 [PRESSURE DATA]
TOTAL FM JAN 1 784 HIGHEST SLP 30.12 ON 11
DPTR FM NORMAL 156 LOWEST SLP 29.75 ON 27
[REMARKS]
#FINAL-08-22#