000
CXUS56 KSLC 011228
CF6CDC
PRELIMINARY LOCAL CLIMATOLOGICAL DATA (WS FORM: F-6)
STATION: CEDAR CITY UT
MONTH: AUGUST
YEAR: 2020
LATITUDE: 37 42 N
LONGITUDE: 113 6 W
TEMPERATURE IN F: :PCPN: SNOW: WIND :SUNSHINE: SKY :PK WND
================================================================================
1 2 3 4 5 6A 6B 7 8 9 10 11 12 13 14 15 16 17 18
12Z AVG MX 2MIN
DY MAX MIN AVG DEP HDD CDD WTR SNW DPTH SPD SPD DIR MIN PSBL S-S WX SPD DR
================================================================================
1 99 60 80 6 0 15 0.00 0.0 0 8.6 23 200 M M 0 30 210
2 98 64 81 8 0 16 0.00 0.0 0 10.0 22 200 M M 0 30 200
3 96 59 78 5 0 13 0.00 0.0 0 9.1 20 210 M M 0 8 28 210
4 94 57 76 3 0 11 0.00 0.0 0 7.5 18 220 M M 0 26 220
5 91 63 77 4 0 12 0.00 0.0 0 11.1 26 220 M M 0 35 200
6 89 58 74 1 0 9 0.00 0.0 0 10.0 26 200 M M 0 37 240
7 89 59 74 1 0 9 0.00 0.0 0 9.9 23 240 M M 0 30 240
8 91 51 71 -2 0 6 0.00 0.0 0 9.9 26 190 M M 0 33 200
9 91 51 71 -2 0 6 0.00 0.0 0 6.4 18 200 M M 0 24 240
10 92 51 72 0 0 7 0.00 0.0 0 8.4 22 230 M M 0 29 220
11 91 54 73 1 0 8 0.00 0.0 0 11.6 31 240 M M 1 45 230
12 92 55 74 2 0 9 0.00 0.0 0 10.7 22 210 M M 0 30 200
13 92 53 73 1 0 8 0.00 0.0 0 6.9 23 220 M M 0 28 210
14 95 56 76 4 0 11 0.00 0.0 0 5.7 14 320 M M 0 8 19 320
15 98 56 77 5 0 12 0.00 0.0 0 4.3 14 350 M M 0 21 320
16 101 60 81 10 0 16 0.00 0.0 0 6.1 16 20 M M 0 24 30
17 101 57 79 8 0 14 0.00 0.0 0 3.8 13 30 M M 0 16 30
18 101 58 80 9 0 15 0.00 0.0 0 4.7 14 10 M M 0 8 25 340
19 100 63 82 11 0 17 0.00 0.0 0 6.3 20 130 M M 0 8 24 120
20 100 62 81 10 0 16 T 0.0 0 6.5 23 310 M M 0 32 320
21 97 61 79 9 0 14 0.00 0.0 0 6.5 16 260 M M 0 19 260
22 95 65 80 10 0 15 0.00 0.0 0 7.4 30 130 M M 0 3 36 130
23 93 60 77 7 0 12 0.06 0.0 0 10.3 53 160 M M 1 38 65 160
24 93 59 76 6 0 11 0.00 0.0 0 8.0 38 140 M M 0 45 140
25 95 59 77 7 0 12 0.00 0.0 0 8.3 22 200 M M 0 30 210
26 95 60 78 9 0 13 0.00 0.0 0 8.0 22 210 M M 0 29 200
27 95 64 80 11 0 15 0.00 0.0 0 11.7 29 190 M M 0 37 180
28 93 59 76 7 0 11 0.00 0.0 0 7.5 24 200 M M 1 36 200
29 89 57 73 5 0 8 T 0.0 0 10.8 28 180 M M 2 33 180
30 88 61 75 7 0 10 0.00 0.0 0 9.6 21 210 M M 0 27 320
31 88 55 72 4 0 7 0.00 0.0 0 11.8 25 210 M M 0 32 220
================================================================================
SM 2922 1807 0 358 0.06 0.0 257.4 M 5
================================================================================
AV 94.3 58.3 8.3 FASTST M M 0 MAX(MPH)
MISC ----> # 53 160 # 65 160
================================================================================
NOTES:
# LAST OF SEVERAL OCCURRENCES
COLUMN 17 PEAK WIND IN M.P.H.
PRELIMINARY LOCAL CLIMATOLOGICAL DATA (WS FORM: F-6) , PAGE 2
STATION: CEDAR CITY UT
MONTH: AUGUST
YEAR: 2020
LATITUDE: 37 42 N
LONGITUDE: 113 6 W
[TEMPERATURE DATA] [PRECIPITATION DATA] SYMBOLS USED IN COLUMN 16
AVERAGE MONTHLY: 76.3 TOTAL FOR MONTH: 0.06 1 = FOG OR MIST
DPTR FM NORMAL: 5.1 DPTR FM NORMAL: -1.07 2 = FOG REDUCING VISIBILITY
HIGHEST: 101 ON 18,17 GRTST 24HR 0.06 ON 23-23 TO 1/4 MILE OR LESS
LOWEST: 51 ON 10, 9 3 = THUNDER
SNOW, ICE PELLETS, HAIL 4 = ICE PELLETS
TOTAL MONTH: 0.0 INCH 5 = HAIL
GRTST 24HR 0.0 6 = FREEZING RAIN OR DRIZZLE
GRTST DEPTH: 0 7 = DUSTSTORM OR SANDSTORM:
VSBY 1/2 MILE OR LESS
8 = SMOKE OR HAZE
[NO. OF DAYS WITH] [WEATHER - DAYS WITH] 9 = BLOWING SNOW
X = TORNADO
MAX 32 OR BELOW: 0 0.01 INCH OR MORE: 1
MAX 90 OR ABOVE: 26 0.10 INCH OR MORE: 0
MIN 32 OR BELOW: 0 0.50 INCH OR MORE: 0
MIN 0 OR BELOW: 0 1.00 INCH OR MORE: 0
[HDD (BASE 65) ]
TOTAL THIS MO. 0 CLEAR (SCALE 0-3) 31
DPTR FM NORMAL -6 PTCLDY (SCALE 4-7) 0
TOTAL FM JUL 1 0 CLOUDY (SCALE 8-10) 0
DPTR FM NORMAL -9
[CDD (BASE 65) ]
TOTAL THIS MO. 358
DPTR FM NORMAL 162 [PRESSURE DATA]
TOTAL FM JAN 1 871 HIGHEST SLP 30.10 ON 17
DPTR FM NORMAL 322 LOWEST SLP 29.65 ON 31
[REMARKS]
#FINAL-08-20#