000
CXUS55 KCYS 161111
CF6CDR
PRELIMINARY LOCAL CLIMATOLOGICAL DATA (WS FORM: F-6)
STATION: CHADRON NEBRASKA AIRPORT
MONTH: OCTOBER
YEAR: 2021
LATITUDE: 42 50 N
LONGITUDE: 103 6 W
TEMPERATURE IN F: :PCPN: SNOW: WIND :SUNSHINE: SKY :PK WND
================================================================================
1 2 3 4 5 6A 6B 7 8 9 10 11 12 13 14 15 16 17 18
12Z AVG MX 2MIN
DY MAX MIN AVG DEP HDD CDD WTR SNW DPTH SPD SPD DIR MIN PSBL S-S WX SPD DR
================================================================================
1 73 36 55 -1 10 0 0.00 M M 3.7 9 30 M M 0 8 13 20
2 77 37 57 2 8 0 0.00 M M 4.0 15 350 M M 0 20 360
3 83 33 58 4 7 0 0.00 M M 4.6 15 290 M M 0 22 300
4 87 38 63 9 2 0 0.00 M M 9.1 29 180 M M 0 36 190
5 88 56 72 19 0 7 0.00 M M 16.9 31 170 M M 0 41 170
6 85 55 70 17 0 5 0.00 M M 12.4 24 180 M M 0 35 180
7 83 48 66 14 0 1 0.00 M M 6.3 18 270 M M 0 8 26 270
8 82 48 65 13 0 0 T M M 4.9 24 210 M M 3 34 210
9 74 50 62 11 3 0 0.01 M M 12.8 32 300 M M 5 46 300
10 70 36 53 2 12 0 T M M 11.5 24 300 M M 2 35 300
11 70 31 51 1 14 0 0.00 M M 8.6 18 100 M M 1 27 110
12 50 38 44 -6 21 0 1.13 M M 19.0 38 30 M M 10 13 53 40
13 42 32 37 -12 28 0 0.32 M M 24.9 46 290 M M 6 1 64 300
14 52 27 40 -9 25 0 0.00 M M 8.1 16 300 M M 3 22 310
15 53 28 41 -7 24 0 0.00 M M 12.4 28 300 M M 4 38 300
16 68 28 48 0 17 0 0.00 M M 7.2 17 280 M M 0 26 280
17 78 29 54 7 11 0 0.00 M M 6.1 25 180 M M 0 35 180
18 81 36 59 12 6 0 0.00 M M 3.8 18 240 M M 0 24 240
19 50 35 43 -3 22 0 0.14 M M 13.7 29 30 M M 8 18 39 30
20 50 29 40 -6 25 0 0.08 M M 6.4 17 360 M M 6 1 23 360
21 66 27 47 1 18 0 0.00 M M 4.8 12 260 M M 2 12 17 260
22 68 34 51 6 14 0 0.00 M M 3.9 13 150 M M 0 16 150
23 59 43 51 6 14 0 0.01 M M 9.0 21 300 M M 3 28 300
24 62 37 50 6 15 0 0.00 M M 6.4 15 320 M M 3 20 340
25 65 43 54 10 11 0 0.00 M M 18.2 39 180 M M 2 52 170
26 59 40 50 6 15 0 0.18 M M 14.3 26 180 M M 5 1 33 180
27 60 39 50 7 15 0 T M M 14.9 29 310 M M 4 41 300
28 57 30 44 1 21 0 0.00 M M 15.1 29 310 M M 0 39 310
29 74 27 51 9 14 0 0.00 M M 5.9 15 230 M M 0 20 180
30 57 39 48 6 17 0 T M M 8.4 21 50 M M 5 27 50
31 39 31 35 -7 30 0 0.04 M M 5.9 15 40 M M 10 18 19 40
================================================================================
SM 2062 1140 419 13 1.91 M 303.2 M 82
================================================================================
AV 66.5 36.8 9.8 FASTST M M 3 MAX(MPH)
MISC ----> 46 290 64 300
================================================================================
NOTES:
# LAST OF SEVERAL OCCURRENCES
COLUMN 17 PEAK WIND IN M.P.H.
PRELIMINARY LOCAL CLIMATOLOGICAL DATA (WS FORM: F-6) , PAGE 2
STATION: CHADRON NEBRASKA AIRPORT
MONTH: OCTOBER
YEAR: 2021
LATITUDE: 42 50 N
LONGITUDE: 103 6 W
[TEMPERATURE DATA] [PRECIPITATION DATA] SYMBOLS USED IN COLUMN 16
AVERAGE MONTHLY: 51.6 TOTAL FOR MONTH: 1.91 1 = FOG OR MIST
DPTR FM NORMAL: 3.5 DPTR FM NORMAL: 0.63 2 = FOG REDUCING VISIBILITY
HIGHEST: 88 ON 5 GRTST 24HR 1.45 ON 12-13 TO 1/4 MILE OR LESS
LOWEST: 27 ON 29,21 3 = THUNDER
SNOW, ICE PELLETS, HAIL 4 = ICE PELLETS
TOTAL MONTH: M 5 = HAIL
GRTST 24HR M ON M 6 = FREEZING RAIN OR DRIZZLE
GRTST DEPTH: M ON M 7 = DUSTSTORM OR SANDSTORM:
VSBY 1/2 MILE OR LESS
8 = SMOKE OR HAZE
[NO. OF DAYS WITH] [WEATHER - DAYS WITH] 9 = BLOWING SNOW
X = TORNADO
MAX 32 OR BELOW: 0 0.01 INCH OR MORE: 8
MAX 90 OR ABOVE: 0 0.10 INCH OR MORE: 4
MIN 32 OR BELOW: 11 0.50 INCH OR MORE: 1
MIN 0 OR BELOW: 0 1.00 INCH OR MORE: 1
[HDD (BASE 65) ]
TOTAL THIS MO. 419 CLEAR (SCALE 0-3) 20
DPTR FM NORMAL -109 PTCLDY (SCALE 4-7) 9
TOTAL FM JUL 1 483 CLOUDY (SCALE 8-10) 2
DPTR FM NORMAL -206
[CDD (BASE 65) ]
TOTAL THIS MO. 13
DPTR FM NORMAL 9 [PRESSURE DATA]
TOTAL FM JAN 1 1082 HIGHEST SLP 30.48 ON 31
DPTR FM NORMAL 274 LOWEST SLP 29.42 ON 13
[REMARKS]
#FINAL-10-21#