000
CXUS55 KGJT 011707
CF6CEZ
PRELIMINARY LOCAL CLIMATOLOGICAL DATA (WS FORM: F-6)
STATION: CORTEZ CO
MONTH: FEBRUARY
YEAR: 2024
LATITUDE: 37 17 N
LONGITUDE: 108 38 W
TEMPERATURE IN F: :PCPN: SNOW: WIND :SUNSHINE: SKY :PK WND
================================================================================
1 2 3 4 5 6A 6B 7 8 9 10 11 12 13 14 15 16 17 18
12Z AVG MX 2MIN
DY MAX MIN AVG DEP HDD CDD WTR SNW DPTH SPD SPD DIR MIN PSBL S-S WX SPD DR
================================================================================
1 55 26 41 11 24 0 0.13 M M 3.8 28 200 M M 6 1 35 190
2 41 34 38 8 27 0 0.39 M M 5.9 20 280 M M 10 1 25 280
3 42 26 34 4 31 0 0.04 M M 8.2 24 300 M M 8 18 33 300
4 44 19 32 2 33 0 0.00 M M 4.0 10 60 M M 1 13 10
5 51 21 36 6 29 0 0.00 M M 3.5 15 130 M M 0 20 130
6 52 39 46 15 19 0 0.15 M M 8.6 35 140 M M 8 1 52 140
7 44 31 38 7 27 0 0.07 M M 13.2 26 200 M M 9 1 39 120
8 37 27 32 1 33 0 0.08 M M 5.6 26 190 M M 10 128 38 190
9 33 23 28 -3 37 0 0.01 M M 5.0 18 200 M M 10 1 26 200
10 39 17 28 -4 37 0 T M M 6.1 18 330 M M 5 1 26 330
11 40 16 28 -4 37 0 0.00 M M 5.8 17 300 M M 0 33 290
12 44 16 30 -2 35 0 0.00 M M 4.8 9 190 M M 0 12 200
13 50 18 34 2 31 0 0.00 M M 3.7 12 230 M M 0 16 200
14 49 22 36 3 29 0 0.00 M M 4.1 16 290 M M 0 22 290
15 49 23 36 3 29 0 0.00 M M 4.7 18 210 M M 5 27 210
16 48 23 36 3 29 0 0.00 M M 4.3 15 280 M M 3 18 23 260
17 48 21 35 2 30 0 0.00 M M 5.6 17 320 M M 2 24 330
18 51 19 35 1 30 0 0.00 M M 5.1 17 300 M M 4 23 290
19 58 17 38 4 27 0 0.00 M M 3.8 14 210 M M 1 21 210
20 58 29 44 10 21 0 0.00 M M 3.7 15 210 M M 0 19 220
21 56 30 43 9 22 0 0.00 M M 7.5 22 200 M M 1 38 250
22 52 21 37 2 28 0 0.00 M M 7.8 20 320 M M 1 27 310
23 54 17 36 1 29 0 0.00 M M 7.1 15 290 M M 0 31 290
24 55 16 36 1 29 0 0.00 M M 4.3 16 200 M M 0 21 220
25 59 20 40 4 25 0 0.00 M M 4.2 20 220 M M 2 28 250
26 59 32 46 10 19 0 0.00 M M 16.2 30 220 M M 1 8 42 230
27 48 20 34 -2 31 0 0.10 M M 13.1 38 310 M M 7 18 51 310
28 49 11 30 -6 35 0 0.00 M M 3.7 12 50 M M 0 12 200
29 55 15 35 -2 30 0 0.00 M M 5.8 17 290 M M 0 8 23 290
================================================================================
SM 1420 649 843 0 0.97 M 179.2 M 94
================================================================================
AV 49.0 22.4 6.2 FASTST M M 3 MAX(MPH)
MISC ----> 38 310 52 140
================================================================================
NOTES:
# LAST OF SEVERAL OCCURRENCES
COLUMN 17 PEAK WIND IN M.P.H.
PRELIMINARY LOCAL CLIMATOLOGICAL DATA (WS FORM: F-6) , PAGE 2
STATION: CORTEZ CO
MONTH: FEBRUARY
YEAR: 2024
LATITUDE: 37 17 N
LONGITUDE: 108 38 W
[TEMPERATURE DATA] [PRECIPITATION DATA] SYMBOLS USED IN COLUMN 16
AVERAGE MONTHLY: 35.7 TOTAL FOR MONTH: 0.97 1 = FOG OR MIST
DPTR FM NORMAL: 2.9 DPTR FM NORMAL: -0.04 2 = FOG REDUCING VISIBILITY
HIGHEST: 59 ON 26,25 GRTST 24HR 0.52 ON 1- 2 TO 1/4 MILE OR LESS
LOWEST: 11 ON 28 3 = THUNDER
SNOW, ICE PELLETS, HAIL 4 = ICE PELLETS
TOTAL MONTH: M 5 = HAIL
GRTST 24HR M ON M 6 = FREEZING RAIN OR DRIZZLE
GRTST DEPTH: M ON M 7 = DUSTSTORM OR SANDSTORM:
VSBY 1/2 MILE OR LESS
8 = SMOKE OR HAZE
[NO. OF DAYS WITH] [WEATHER - DAYS WITH] 9 = BLOWING SNOW
X = TORNADO
MAX 32 OR BELOW: 0 0.01 INCH OR MORE: 8
MAX 90 OR ABOVE: 0 0.10 INCH OR MORE: 4
MIN 32 OR BELOW: 27 0.50 INCH OR MORE: 0
MIN 0 OR BELOW: 0 1.00 INCH OR MORE: 0
[HDD (BASE 65) ]
TOTAL THIS MO. 843 CLEAR (SCALE 0-3) 18
DPTR FM NORMAL -57 PTCLDY (SCALE 4-7) 6
TOTAL FM JUL 1 4288 CLOUDY (SCALE 8-10) 5
DPTR FM NORMAL -417
[CDD (BASE 65) ]
TOTAL THIS MO. 0
DPTR FM NORMAL 0 [PRESSURE DATA]
TOTAL FM JAN 1 0 HIGHEST SLP 30.35 ON 23
DPTR FM NORMAL 0 LOWEST SLP 29.54 ON 2
[REMARKS]
#FINAL-02-24#