000
CXUS53 KGJT 011257
CLACEZ
CLIMATE REPORT
NATIONAL WEATHER SERVICE GRAND JUNCTION CO
530 AM MST FRI JAN 01 2021
...................................
...THE CORTEZ CO CLIMATE SUMMARY FOR THE YEAR OF 2020...
CLIMATE NORMAL PERIOD 1981 TO 2010
CLIMATE RECORD PERIOD 9999 TO 9999
WEATHER OBSERVED NORMAL DEPART LAST YEAR`S
VALUE DATE(S) VALUE FROM VALUE DATE(S)
NORMAL
................................................................
TEMPERATURE (F)
RECORD
HIGH MM MM
LOW MM MM
HIGHEST 101 07/12 MM MM 97 07/16
LOWEST 12/13 MM MM -14 01/02
AVG. MAXIMUM 68.2 65.0 3.2 64.6
AVG. MINIMUM 31.6 32.1 -0.5 31.8
MEAN 49.9 48.5 1.4 48.2
DAYS MAX >= 90 72 31.3 40.7 62
DAYS MAX <= 32 6 8.3 -2.3 16
DAYS MIN <= 32 193 189.2 3.8 192
DAYS MIN <= 0 1 3.9 -2.9 7
PRECIPITATION (INCHES)
RECORD
MAXIMUM MM MM
MINIMUM MM MM
TOTALS 5.49 13.60 -8.11 12.71
DAILY AVG. 0.01 0.04 -0.03 0.04
DAYS >= .01 48 MM MM 77
DAYS >= .10 17 MM MM 37
DAYS >= .50 3 MM MM 6
DAYS >= 1.00 0 MM MM 0
GREATEST
24 HR. TOTAL 0.75 09/09 TO 09/09 0.85
STORM TOTAL 0.25 MM
SNOWFALL (INCHES)
RECORDS
TOTAL MM MM
24 HR TOTAL MM
SNOW DEPTH MM MM
TOTALS MM MM MM MM
LIQUID EQUIV MM MM MM MM
SINCE 7/1 MM MM MM MM
LIQUID 7/1 MM MM MM MM
SNOWDEPTH AVG. MM MM
DAYS >= TRACE MM MM MM MM
DAYS >= 1.0 MM MM MM MM
GREATEST
SNOW DEPTH MM MM MM
24 HR TOTAL MM MM
STORM TOTAL MM MM
(MM/DD(HH)) MM
DEGREE DAYS
HEATING TOTAL 6103 6440 -337 6556
SINCE 7/1 2616 2660 -44 2682
COOLING TOTAL 689 427 262 547
SINCE 1/1 689 426 263 547
FREEZE DATES
RECORD
EARLIEST MM
LATEST MM
EARLIEST 09/29
LATEST 05/22
................................................................
WIND (MPH)
AVERAGE WIND SPEED 6.9
RESULTANT WIND SPEED/DIRECTION 0/200
HIGHEST WIND SPEED/DIRECTION 46/190 DATE 06/05
HIGHEST GUST SPEED/DIRECTION 66/180 DATE 06/05
SKY COVER
POSSIBLE SUNSHINE (PERCENT) MM
AVERAGE SKY COVER 0.15
NUMBER OF DAYS FAIR 301
NUMBER OF DAYS PC 50
NUMBER OF DAYS CLOUDY 15
AVERAGE RH (PERCENT) 48
WEATHER CONDITIONS. NUMBER OF DAYS WITH
THUNDERSTORM 25 MIXED PRECIP 0
HEAVY RAIN 6 RAIN 13
LIGHT RAIN 57 FREEZING RAIN 0
LT FREEZING RAIN 0 HAIL 0
HEAVY SNOW 1 SNOW 6
LIGHT SNOW 28 SLEET 0
FOG 37 FOG W/VIS <= 1/4 MILE 1
HAZE 43
- INDICATES NEGATIVE NUMBERS.
R INDICATES RECORD WAS SET OR TIED.
MM INDICATES DATA IS MISSING.
T INDICATES TRACE AMOUNT.
$$