000
CXUS51 KLWX 030217
CF6CHO
PRELIMINARY LOCAL CLIMATOLOGICAL DATA (WS FORM: F-6)
STATION: CHARLOTTESVILLE VA
MONTH: APRIL
YEAR: 2020
LATITUDE: 38 7 N
LONGITUDE: 78 27 W
TEMPERATURE IN F: :PCPN: SNOW: WIND :SUNSHINE: SKY :PK WND
================================================================================
1 2 3 4 5 6A 6B 7 8 9 10 11 12 13 14 15 16 17 18
12Z AVG MX 2MIN
DY MAX MIN AVG DEP HDD CDD WTR SNW DPTH SPD SPD DIR MIN PSBL S-S WX SPD DR
================================================================================
1 59 40 50 -1 15 0 0.02 M M 7.4 16 30 M M 9 1 22 50
2 64 41 53 1 12 0 0.00 M M 8.8 20 340 M M 0 31 300
3 72 48 60 8 5 0 0.00 M M 7.6 17 10 M M 0 29 350
4 69 42 56 4 9 0 0.00 M M 6.0 14 40 M M 1 18 70
5 76 44 60 8 5 0 0.09 M M 5.0 14 190 M M 3 18 200
6 75 54 65 12 0 0 0.06 M M 2.9 13 30 M M 6 1 16 40
7 81 50 66 13 0 1 0.01 M M 2.8 15 200 M M 2 13 21 200
8 81 56 69 16 0 4 0.10 M M 5.5 18 30 M M 2 13 29 40
9 74 47 61 7 4 0 0.09 M M 8.6 25 170 M M 1 3 41 330
10 55 40 48 -6 17 0 0.00 M M 7.9 20 300 M M 4 30 250
11 67 37 52 -2 13 0 0.00 M M 4.1 12 200 M M 3 20 290
12 74 49 62 8 3 0 0.38 M M 6.8 25 190 M M 7 1 34 210
13 81 55 68 13 0 3 2.50 M M 9.2 22 200 M M 7 13 32 190
14 61 43 52 -3 13 0 0.13 M M 5.6 16 350 M M 8 1 22 340
15 56 34 45 -10 20 0 0.11 M M 4.2 15 10 M M 4 1 20 20
16 60 37 49 -7 16 0 0.00 M M 4.3 14 320 M M 1 22 340
17 70 35 53 -3 12 0 0.00 M M 5.4 24 190 M M 3 32 190
18 60 37 49 -7 16 0 0.01 M M 6.4 18 320 M M 4 1 30 300
19 67 31 49 -7 16 0 0.00 M M 5.7 20 200 M M 0 25 210
20 65 50 58 1 7 0 0.02 M M 5.1 14 170 M M 4 17 170
21 72 45 59 2 6 0 T M M 8.2 21 320 M M 2 35 250
22 70 41 56 -1 9 0 0.00 M M 6.7 16 300 M M 2 25 280
23 59 47 53 -4 12 0 0.11 M M 3.8 12 190 M M 6 1 14 190
24 69 53 61 3 4 0 0.86 M M 5.1 13 50 M M 8 18 17 50
25 63 48 56 -2 9 0 0.23 M M 4.2 12 140 M M 7 1 15 120
26 65 51 58 0 7 0 0.44 M M 3.6 12 200 M M 10 1 16 210
27 63 44 54 -4 11 0 0.02 M M 6.5 20 340 M M 6 28 310
28 70 42 56 -3 9 0 0.00 M M 2.9 12 50 M M 5 14 70
29 76 45 61 2 4 0 T M M 7.2 23 170 M M 4 35 170
30 68 56 62 3 3 0 1.12 M M 5.8 22 160 M M 9 1 36 140
================================================================================
SM 2042 1342 257 8 6.30 M 173.3 M 128
================================================================================
AV 68.1 44.7 5.8 FASTST M M 4 MAX(MPH)
MISC ----> # 25 170 41 330
================================================================================
NOTES:
# LAST OF SEVERAL OCCURRENCES
COLUMN 17 PEAK WIND IN M.P.H.
PRELIMINARY LOCAL CLIMATOLOGICAL DATA (WS FORM: F-6) , PAGE 2
STATION: CHARLOTTESVILLE VA
MONTH: APRIL
YEAR: 2020
LATITUDE: 38 7 N
LONGITUDE: 78 27 W
[TEMPERATURE DATA] [PRECIPITATION DATA] SYMBOLS USED IN COLUMN 16
AVERAGE MONTHLY: 56.4 TOTAL FOR MONTH: 6.30 1 = FOG OR MIST
DPTR FM NORMAL: 1.1 DPTR FM NORMAL: 2.94 2 = FOG REDUCING VISIBILITY
HIGHEST: 81 ON 13, 8 GRTST 24HR 2.88 ON 12-13 TO 1/4 MILE OR LESS
LOWEST: 31 ON 19 3 = THUNDER
SNOW, ICE PELLETS, HAIL 4 = ICE PELLETS
TOTAL MONTH: M 5 = HAIL
GRTST 24HR M ON M 6 = FREEZING RAIN OR DRIZZLE
GRTST DEPTH: M ON M 7 = DUSTSTORM OR SANDSTORM:
VSBY 1/2 MILE OR LESS
8 = SMOKE OR HAZE
[NO. OF DAYS WITH] [WEATHER - DAYS WITH] 9 = BLOWING SNOW
X = TORNADO
MAX 32 OR BELOW: 0 0.01 INCH OR MORE: 18
MAX 90 OR ABOVE: 0 0.10 INCH OR MORE: 10
MIN 32 OR BELOW: 1 0.50 INCH OR MORE: 3
MIN 0 OR BELOW: 0 1.00 INCH OR MORE: 2
[HDD (BASE 65) ]
TOTAL THIS MO. 257 CLEAR (SCALE 0-3) 12
DPTR FM NORMAL -51 PTCLDY (SCALE 4-7) 14
TOTAL FM JUL 1 3228 CLOUDY (SCALE 8-10) 4
DPTR FM NORMAL -1084
[CDD (BASE 65) ]
TOTAL THIS MO. 8
DPTR FM NORMAL -11 [PRESSURE DATA]
TOTAL FM JAN 1 28 HIGHEST SLP 30.34 ON 17
DPTR FM NORMAL 7 LOWEST SLP 29.36 ON 9
[REMARKS]
#FINAL-04-20#