000
CXUS55 KDVN 011100
CF6CID
PRELIMINARY LOCAL CLIMATOLOGICAL DATA (WS FORM: F-6)
STATION: CEDAR RAPIDS IA
MONTH: JANUARY
YEAR: 2024
LATITUDE: 41 52 N
LONGITUDE: 91 42 W
TEMPERATURE IN F: :PCPN: SNOW: WIND :SUNSHINE: SKY :PK WND
================================================================================
1 2 3 4 5 6A 6B 7 8 9 10 11 12 13 14 15 16 17 18
12Z AVG MX 2MIN
DY MAX MIN AVG DEP HDD CDD WTR SNW DPTH SPD SPD DIR MIN PSBL S-S WX SPD DR
================================================================================
1 29 19 24 3 41 0 0.00 M M 7.9 14 220 M M 8 18 210
2 33 20 27 6 38 0 0.00 M M 9.2 17 280 M M 6 1 20 250
3 36 31 34 13 31 0 0.00 M M 9.2 17 330 M M 10 23 330
4 35 19 27 7 38 0 0.00 M M 4.0 10 340 M M 6 13 180
5 36 20 28 8 37 0 T M M 7.9 15 180 M M 2 1 20 190
6 33 28 31 11 34 0 T M M 4.6 13 290 M M 10 18 15 280
7 31 19 25 5 40 0 0.00 M M 8.5 18 300 M M 8 18 25 280
8 35 24 30 10 35 0 0.20 M M 15.0 23 80 M M 5 1 37 80
9 33 26 30 10 35 0 1.18 M M 21.2 30 350 M M 10 12 47 350
10 26 21 24 4 41 0 0.20 M M 11.5 25 290 M M 9 12 33 290
11 27 12 20 0 45 0 T M M 10.3 22 290 M M 8 18 26 280
12 29 13 21 2 44 0 0.65 M M 23.3 36 310 M M 10 129 46 310
13 13 -14 0 -19 65 0 0.05 M M 27.6 35 290 M M 10 189 50 290
14 -9 -19 -14 -33 79 0 0.00 M M 17.2 33 290 M M 4 89 40 280
15 -1 -18 -9 -28 74 0 0.00 M M 12.9 23 290 M M 0 29 280
16 3 -11 -4 -23 69 0 0.00 M M 15.2 23 270 M M 0 8 29 260
17 18 -3 8 -11 57 0 T M M 8.5 17 230 M M 6 1 21 230
18 19 8 14 -5 51 0 0.15 M M 9.9 21 320 M M 9 189 28 320
19 8 -8 0 -19 65 0 T M M 15.2 22 290 M M 3 189 27 320
20 3 -12 -4 -23 69 0 0.00 M M 6.9 15 300 M M 0 8 17 290
21 24 -11 7 -12 58 0 0.00 M M 13.7 23 150 M M 3 30 150
22 33 24 29 10 36 0 T M M 10.6 20 190 M M 8 126 25 170
23 34 32 33 14 32 0 0.08 M M 8.2 15 110 M M 10 12 19 110
24 35 31 33 14 32 0 T M M 4.9 12 50 M M 10 126 15 70
25 35 32 34 15 31 0 0.12 M M 3.9 9 340 M M 10 12 11 340
26 37 33 35 16 30 0 0.12 M M 5.5 10 300 M M 10 12 14 290
27 38 31 35 16 30 0 0.00 M M 7.4 17 320 M M 10 12 23 320
28 33 29 31 11 34 0 0.00 M M 10.2 18 350 M M 10 12 23 340
29 43 27 35 15 30 0 0.00 M M 9.0 15 300 M M 5 12 19 300
30 39 33 36 16 29 0 T M M 10.1 16 320 M M 9 21 330
31 47 32 40 20 25 0 0.00 M M 8.6 15 200 M M 5 1 20 220
================================================================================
SM 835 468 1355 0 2.75 M 338.1 M 214
================================================================================
AV 26.9 15.1 10.9 FASTST M M 7 MAX(MPH)
MISC ----> 36 310 50 290
================================================================================
NOTES:
# LAST OF SEVERAL OCCURRENCES
COLUMN 17 PEAK WIND IN M.P.H.
PRELIMINARY LOCAL CLIMATOLOGICAL DATA (WS FORM: F-6) , PAGE 2
STATION: CEDAR RAPIDS IA
MONTH: JANUARY
YEAR: 2024
LATITUDE: 41 52 N
LONGITUDE: 91 42 W
[TEMPERATURE DATA] [PRECIPITATION DATA] SYMBOLS USED IN COLUMN 16
AVERAGE MONTHLY: 21.0 TOTAL FOR MONTH: 2.75 1 = FOG OR MIST
DPTR FM NORMAL: 1.4 DPTR FM NORMAL: 1.80 2 = FOG REDUCING VISIBILITY
HIGHEST: 47 ON 31 GRTST 24HR 1.18 ON 9- 9 TO 1/4 MILE OR LESS
LOWEST: -19 ON 14 3 = THUNDER
SNOW, ICE PELLETS, HAIL 4 = ICE PELLETS
TOTAL MONTH: M 5 = HAIL
GRTST 24HR M ON M 6 = FREEZING RAIN OR DRIZZLE
GRTST DEPTH: M ON M 7 = DUSTSTORM OR SANDSTORM:
VSBY 1/2 MILE OR LESS
8 = SMOKE OR HAZE
[NO. OF DAYS WITH] [WEATHER - DAYS WITH] 9 = BLOWING SNOW
X = TORNADO
MAX 32 OR BELOW: 14 0.01 INCH OR MORE: 9
MAX 90 OR ABOVE: 0 0.10 INCH OR MORE: 7
MIN 32 OR BELOW: 29 0.50 INCH OR MORE: 2
MIN 0 OR BELOW: 8 1.00 INCH OR MORE: 1
[HDD (BASE 65) ]
TOTAL THIS MO. 1355 CLEAR (SCALE 0-3) 5
DPTR FM NORMAL -52 PTCLDY (SCALE 4-7) 11
TOTAL FM JUL 1 3441 CLOUDY (SCALE 8-10) 15
DPTR FM NORMAL -644
[CDD (BASE 65) ]
TOTAL THIS MO. 0
DPTR FM NORMAL 0 [PRESSURE DATA]
TOTAL FM JAN 1 0 HIGHEST SLP 30.73 ON 20
DPTR FM NORMAL 0 LOWEST SLP 29.18 ON 9
[REMARKS]
#FINAL-01-24#