000
CXUS53 KDVN 011436
CLACID
CLIMATE REPORT
NATIONAL WEATHER SERVICE QUAD CITIES IA IL
836 AM CST MON JAN 01 2024
...................................
...THE CEDAR RAPIDS IA CLIMATE SUMMARY FOR THE YEAR OF 2023...
CLIMATE NORMAL PERIOD 1991 TO 2020
CLIMATE RECORD PERIOD 1891 TO 2023
WEATHER OBSERVED NORMAL DEPART
VALUE DATE(S) VALUE FROM
NORMAL
..............................................................
TEMPERATURE (F)
RECORD
HIGH 110 07/05/1911
LOW -30 01/31/2019
HIGHEST 100 08/23 84 16
LOWEST -9 01/31 11 -20
AVG. MAXIMUM 62.2 58.1 4.1
AVG. MINIMUM 40.5 38.3 2.2
MEAN 51.4 48.2 3.2
DAYS MAX >= 90 22
DAYS MAX <= 32 34
DAYS MIN <= 32 140
DAYS MIN <= 0 6
PRECIPITATION (INCHES)
TOTALS 20.47 35.91 -15.44
DAILY AVG. 0.06 0.10 -0.04
DAYS >= .01 90
DAYS >= .10 46
DAYS >= .50 12
DAYS >= 1.00 3
GREATEST
24 HR. TOTAL 1.37 05/07 TO 05/08
DEGREE DAYS
HEATING TOTAL 5817 6824 -1007
SINCE 7/1 2086 2674 -588
COOLING TOTAL 974 755 219
SINCE 1/1 974 756 218
..............................................................
WIND (MPH)
AVERAGE WIND SPEED 9.9
HIGHEST WIND SPEED/DIRECTION 48/360 DATE 05/07
HIGHEST GUST SPEED/DIRECTION 69/250 DATE 03/31
69/360 07/28
SKY COVER
AVERAGE SKY COVER 0.37
NUMBER OF DAYS FAIR 210
NUMBER OF DAYS PC 82
NUMBER OF DAYS CLOUDY 73
AVERAGE RH (PERCENT) 70
WEATHER CONDITIONS. NUMBER OF DAYS WITH
THUNDERSTORM 38 HAIL 2
SLEET 0 FOG 186
FOG W/VIS <= 1/4 MILE 31 HAZE 101
- INDICATES NEGATIVE NUMBERS.
R INDICATES RECORD WAS SET OR TIED.
MM INDICATES DATA IS MISSING.
T INDICATES TRACE AMOUNT.
$$
===================================================================
NOTE: SUPPLEMENTAL CLIMATE DATA WAS USED FROM A NEARBY
CLIMATOLOGICALLY REPRESENTATIVE STATION.
===================================================================
PARAMETER DATE
--------- ----
WTR 02/16, 02/22, 11/26, 12/28