000
CXUS53 KDVN 010956
CLACID
CLIMATE REPORT
NATIONAL WEATHER SERVICE QUAD CITIES IA IL
342 AM CST WED JAN 1 2020
...................................
...THE CEDAR RAPIDS IA CLIMATE SUMMARY FOR THE YEAR OF 2019...
CLIMATE NORMAL PERIOD 1981 TO 2010
CLIMATE RECORD PERIOD 1891 TO 2019
WEATHER OBSERVED NORMAL DEPART
VALUE DATE(S) VALUE FROM
NORMAL
................................................
TEMPERATURE (F)
RECORD
HIGH 110 07/05/1911
LOW -30 01/31/2019
HIGHEST 92 07/20 84 8
07/19
06/30
LOWEST -30R 01/31 11 -41
AVG. MAXIMUM 56.5 58.4 -1.9
AVG. MINIMUM 37.2 38.0 -0.8
MEAN 46.9 48.2 -1.3
DAYS MAX >= 90 8
DAYS MAX <= 32 70
DAYS MIN <= 32 159
DAYS MIN <= 0 23
PRECIPITATION (INCHES)
TOTALS 40.20 34.61 5.59
DAILY AVG. 0.11 0.09 0.02
DAYS >= .01 128
DAYS >= .10 76
DAYS >= .50 26
DAYS >= 1.00 9
GREATEST
24 HR. TOTAL 2.05 05/18 TO 05/19
DEGREE_DAYS
HEATING TOTAL 7276 6867 409
SINCE 7/1 2690 2739 -49
COOLING TOTAL 803 750 53
SINCE 1/1 803 748 55
.................................................
WIND (MPH)
AVERAGE WIND SPEED 10.1
HIGHEST WIND SPEED/DIRECTION 47/300 DATE 02/24
HIGHEST GUST SPEED/DIRECTION 60/300 DATE 02/24
AVERAGE SKY COVER 0.40
NUMBER OF DAYS FAIR 171
NUMBER OF DAYS PC 113
NUMBER OF DAYS CLOUDY 81
AVERAGE RH (PERCENT) 79
WEATHER CONDITIONS. NUMBER OF DAYS WITH
THUNDERSTORM 56 HAIL 0
SLEET 2 FOG 237
FOG W/VIS <= 1/4 MILE 42 HAZE 78
- INDICATES NEGATIVE NUMBERS.
R INDICATES RECORD WAS SET OR TIED.
MM INDICATES DATA IS MISSING.
T INDICATES TRACE AMOUNT.
$$
===================================================================
NOTE: SUPPLEMENTAL CLIMATE DATA WAS USED FROM A NEARBY
CLIMATOLOGICALLY REPRESENTATIVE STATION DURING HEAVY SNOW
===================================================================
GROSS