000
CXUS54 KHGX 011719
CLMCLL
CLIMATE REPORT
NATIONAL WEATHER SERVICE HOUSTON/GALVESTON TX
1119 AM CST FRI MAR 01 2024
...................................
...THE COLLEGE STATION CLIMATE SUMMARY FOR THE MONTH OF FEBRUARY 2024...
CLIMATE NORMAL PERIOD: 1991 TO 2020
CLIMATE RECORD PERIOD: 1888 TO 2024
WEATHER OBSERVED NORMAL DEPART LAST YEAR`S
VALUE DATE(S) VALUE FROM VALUE DATE(S)
NORMAL
................................................................
TEMPERATURE (F)
RECORD
HIGH 99 02/21/1996
LOW 5 02/02/1951
HIGHEST 82 02/25 MM MM 87 02/22
02/27
LOWEST 32 02/18 MM MM 32 02/01
02/04
AVG. MAXIMUM 70.5 65.5 5.0 70.1
AVG. MINIMUM 49.4 45.1 4.3 47.1
MEAN 60.0 55.3 4.7 58.6
DAYS MAX >= 90 0 0.1 -0.1 0
DAYS MAX <= 32 0 0.2 -0.2 0
DAYS MIN <= 32 1 3.0 -2.0 2
DAYS MIN <= 0 0 0.0 0.0 0
PRECIPITATION (INCHES)
RECORD
MAXIMUM 9.82 1992
TOTALS 3.09 2.90 0.19 2.93
DAILY AVG. 0.11 NAN NAN 0.10
DAYS >= .01 6 8.5 -2.5 6
DAYS >= .10 4 4.1 -0.1 4
DAYS >= .50 2 1.5 0.5 3
DAYS >= 1.00 2 0.7 1.3 1
GREATEST
24 HR. TOTAL 1.55 02/10 TO 02/11 1.03 02/08 TO 02/08
SNOWFALL (INCHES)
RECORDS
TOTAL MM 2022
TOTALS 0.0
SINCE 7/1 T
LIQUID 7/1 -0.10
DAYS >= TRACE 0
GREATEST
24 HR TOTAL MM
DEGREE DAYS
HEATING TOTAL 180 293 -113 236
SINCE 7/1 1175 1357 -182 MM
COOLING TOTAL 40 22 18 62
SINCE 1/1 40 33 7 MM
................................................................
WIND (MPH)
AVERAGE WIND SPEED 9.0
HIGHEST WIND SPEED/DIRECTION 30/360 DATE 02/28
HIGHEST GUST SPEED/DIRECTION 40/320 DATE 02/04
40/010 02/28
SKY COVER
AVERAGE SKY COVER 0.38
AVERAGE RH (PERCENT) 66
WEATHER CONDITIONS. NUMBER OF DAYS WITH
THUNDERSTORM 4 MIXED PRECIP 0
HEAVY RAIN 4 RAIN 4
LIGHT RAIN 7 FREEZING RAIN 0
LT FREEZING RAIN 0 HAIL 0
HEAVY SNOW 0 SNOW 0
LIGHT SNOW 0 SLEET 0
FOG 12 FOG W/VIS <= 1/4 MILE 1
HAZE 4
- INDICATES NEGATIVE NUMBERS.
R INDICATES RECORD WAS SET OR TIED.
MM INDICATES DATA IS MISSING.
T INDICATES TRACE AMOUNT.
$$