000
CXUS52 KGSP 260817
CF6CLT
PRELIMINARY LOCAL CLIMATOLOGICAL DATA (WS FORM: F-6)
STATION: CHARLOTTE NC
MONTH: APRIL
YEAR: 2024
LATITUDE: 35 12 N
LONGITUDE: 80 57 W
TEMPERATURE IN F: :PCPN: SNOW: WIND :SUNSHINE: SKY :PK WND
================================================================================
1 2 3 4 5 6A 6B 7 8 9 10 11 12 13 14 15 16 17 18
12Z AVG MX 2MIN
DY MAX MIN AVG DEP HDD CDD WTR SNW DPTH SPD SPD DIR MIN PSBL S-S WX SPD DR
================================================================================
1 82 63 73 16 0 8 0.00 0.0 0 9.2 16 220 M M 9 23 220
2 84 67 76 19 0 11 0.00 0.0 0 12.5 22 240 M M 8 32 220
3 76 51 64 6 1 0 0.32 0.0 0 14.6 30 230 M M 7 13 41 230
4 60 44 52 -6 13 0 0.00 0.0 0 11.0 24 300 M M 5 35 290
5 64 42 53 -5 12 0 0.00 0.0 0 8.9 24 330 M M 3 34 340
6 66 39 53 -5 12 0 0.00 0.0 0 7.6 17 340 M M 1 25 330
7 68 39 54 -5 11 0 0.00 0.0 0 3.1 12 50 M M 3 14 40
8 76 50 63 4 2 0 0.00 0.0 0 6.7 16 220 M M 6 8 21 220
9 63 57 60 1 5 0 0.22 0.0 0 6.3 12 250 M M 10 18 19 270
10 77 58 68 8 0 3 0.13 0.0 0 5.5 21 150 M M 9 1 34 150
11 76 62 69 9 0 4 0.06 0.0 0 14.1 28 240 M M 9 1 46 240
12 71 51 61 1 4 0 0.16 0.0 0 12.0 28 320 M M 4 138 39 280
13 76 49 63 3 2 0 0.00 0.0 0 7.8 20 270 M M 1 31 280
14 85 45 65 4 0 0 0.00 0.0 0 5.8 17 220 M M 2 24 210
15 88 55 72 11 0 7 0.00 0.0 0 7.0 15 210 M M 1 8 23 220
16 88 61 75 14 0 10 0.00 0.0 0 4.6 12 220 M M 7 8 15 220
17 81 64 73 11 0 8 T 0.0 0 8.2 18 230 M M 9 27 240
18 89 57 73 11 0 8 0.00 0.0 0 3.8 10 270 M M 3 8 16 260
19 87 63 75 13 0 10 0.19 0.0 0 5.3 23 220 M M 6 8 26 220
20 83 63 73 11 0 8 0.17 0.0 0 4.3 26 330 M M 7 138 43 330
21 64 45 55 -8 10 0 0.33 0.0 0 7.1 16 10 M M 8 1 24 10
22 63 45 54 -9 11 0 0.00 0.0 0 5.7 15 60 M M 4 1 22 10
23 73 41 57 -6 8 0 0.00 0.0 0 7.7 17 210 M M 4 25 200
24 75 53 64 0 1 0 0.00 0.0 0 5.5 14 220 M M 5 21 220
25 77 49 63 -1 2 0 0.00 0.0 0 4.1 13 20 M M 2 18 20
================================================================================
SM 1892 1313 94 77 1.58 0.0 188.4 M 133
================================================================================
AV 75.7 52.5 7.5 FASTST M M 5 MAX(MPH)
MISC ----> 30 230 46 240
================================================================================
NOTES:
# LAST OF SEVERAL OCCURRENCES
COLUMN 17 PEAK WIND IN M.P.H.
PRELIMINARY LOCAL CLIMATOLOGICAL DATA (WS FORM: F-6) , PAGE 2
STATION: CHARLOTTE NC
MONTH: APRIL
YEAR: 2024
LATITUDE: 35 12 N
LONGITUDE: 80 57 W
[TEMPERATURE DATA] [PRECIPITATION DATA] SYMBOLS USED IN COLUMN 16
AVERAGE MONTHLY: 64.1 TOTAL FOR MONTH: 1.58 1 = FOG OR MIST
DPTR FM NORMAL: 3.7 DPTR FM NORMAL: -1.63 2 = FOG REDUCING VISIBILITY
HIGHEST: 89 ON 18 GRTST 24HR 0.47 ON 20-21 TO 1/4 MILE OR LESS
LOWEST: 39 ON 7, 6 3 = THUNDER
SNOW, ICE PELLETS, HAIL 4 = ICE PELLETS
TOTAL MONTH: 0.0 INCH 5 = HAIL
GRTST 24HR 0.0 6 = FREEZING RAIN OR DRIZZLE
GRTST DEPTH: 0 7 = DUSTSTORM OR SANDSTORM:
VSBY 1/2 MILE OR LESS
8 = SMOKE OR HAZE
[NO. OF DAYS WITH] [WEATHER - DAYS WITH] 9 = BLOWING SNOW
X = TORNADO
MAX 32 OR BELOW: 0 0.01 INCH OR MORE: 8
MAX 90 OR ABOVE: 0 0.10 INCH OR MORE: 7
MIN 32 OR BELOW: 0 0.50 INCH OR MORE: 0
MIN 0 OR BELOW: 0 1.00 INCH OR MORE: 0
[HDD (BASE 65) ]
TOTAL THIS MO. 94 CLEAR (SCALE 0-3) 7
DPTR FM NORMAL -53 PTCLDY (SCALE 4-7) 12
TOTAL FM JUL 1 2422 CLOUDY (SCALE 8-10) 6
DPTR FM NORMAL -580
[CDD (BASE 65) ]
TOTAL THIS MO. 77
DPTR FM NORMAL 41 [PRESSURE DATA]
TOTAL FM JAN 1 81 HIGHEST SLP M ON M
DPTR FM NORMAL 33 LOWEST SLP 29.35 ON 3
[REMARKS]