000
CXUS53 KILX 010900
CF6CMI
PRELIMINARY LOCAL CLIMATOLOGICAL DATA (WS FORM: F-6)
STATION: CHAMPAIGN IL AIRPORT
MONTH: MAY
YEAR: 2021
LATITUDE: 40 1 N
LONGITUDE: 88 17 W
TEMPERATURE IN F: :PCPN: SNOW: WIND :SUNSHINE: SKY :PK WND
================================================================================
1 2 3 4 5 6A 6B 7 8 9 10 11 12 13 14 15 16 17 18
12Z AVG MX 2MIN
DY MAX MIN AVG DEP HDD CDD WTR SNW DPTH SPD SPD DIR MIN PSBL S-S WX SPD DR
================================================================================
1 83 42 63 5 2 0 0.00 M M 18.3 31 220 M M 2 41 220
2 80 57 69 10 0 4 0.16 M M 15.7 31 200 M M 5 1 40 200
3 74 59 67 8 0 2 0.02 M M 8.3 17 310 M M 9 13 23 310
4 63 49 56 -4 9 0 0.21 M M 11.1 20 330 M M 8 18 26 330
5 65 43 54 -6 11 0 0.00 M M 7.8 20 10 M M 2 128 28 360
6 67 42 55 -5 10 0 0.01 M M 12.4 30 350 M M 7 3 39 330
7 72 38 55 -6 10 0 0.00 M M 14.8 33 280 M M 2 44 280
8 62 33 48 -13 17 0 0.19 M M 8.0 22 70 M M 4 30 80
9 51 38 45 -17 20 0 1.06 M M 18.0 32 60 M M 8 13 46 50
10 64 34 49 -13 16 0 T M M 7.6 20 360 M M 4 1 26 350
11 60 42 51 -11 14 0 0.03 M M 12.1 20 20 M M 4 1 28 60
12 63 38 51 -12 14 0 0.00 M M 10.8 18 60 M M 0 29 30
13 69 39 54 -9 11 0 0.00 M M 5.3 12 30 M M 1 8 16 110
14 73 42 58 -5 7 0 0.00 M M 4.9 17 180 M M 0 8 23 180
15 70 50 60 -4 5 0 0.02 M M 8.3 18 210 M M 8 27 230
16 75 54 65 1 0 0 0.32 M M 7.0 15 160 M M 9 13 23 130
17 66 60 63 -1 2 0 0.33 M M 13.0 20 100 M M 10 1 25 90
18 71 61 66 1 0 1 0.10 M M 12.8 23 150 M M 9 1 32 160
19 75 63 69 4 0 4 0.03 M M 13.1 28 160 M M 7 1 35 150
20 85 66 76 10 0 11 0.00 M M 14.2 24 180 M M 1 31 170
21 87 65 76 10 0 11 0.00 M M 12.5 23 200 M M 1 28 200
22 87 62 75 9 0 10 0.00 M M 8.0 20 220 M M 1 25 230
23 90 63 77 11 0 12 0.00 M M 4.5 16 280 M M 4 20 280
24 91 64 78 11 0 13 0.00 M M 9.6 22 210 M M 1 30 210
25 91 65 78 11 0 13 T M M 12.6 33 200 M M 4 42 200
26 86 64 75 7 0 10 0.23 M M 8.8 20 270 M M 5 1 26 290
27 83 59 71 3 0 6 0.22 M M 10.8 26 240 M M 2 13 39 240
28 65 47 56 -12 9 0 0.60 M M 13.0 22 360 M M 10 13 29 340
29 64 45 55 -13 10 0 0.00 M M 13.1 22 30 M M 3 31 10
30 73 42 58 -11 7 0 0.00 M M 4.8 10 50 M M 0 14 90
31 72 55 64 -5 1 0 0.00 M M 7.4 16 170 M M 4 8 20 170
================================================================================
SM 2277 1581 175 97 3.53 M 328.6 M 135
================================================================================
AV 73.5 51.0 10.6 FASTST M M 4 MAX(MPH)
MISC ----> # 33 280 46 50
================================================================================
NOTES:
# LAST OF SEVERAL OCCURRENCES
COLUMN 17 PEAK WIND IN M.P.H.
PRELIMINARY LOCAL CLIMATOLOGICAL DATA (WS FORM: F-6) , PAGE 2
STATION: CHAMPAIGN IL AIRPORT
MONTH: MAY
YEAR: 2021
LATITUDE: 40 1 N
LONGITUDE: 88 17 W
[TEMPERATURE DATA] [PRECIPITATION DATA] SYMBOLS USED IN COLUMN 16
AVERAGE MONTHLY: 62.2 TOTAL FOR MONTH: 3.53 1 = FOG OR MIST
DPTR FM NORMAL: -1.8 DPTR FM NORMAL: -0.86 2 = FOG REDUCING VISIBILITY
HIGHEST: 91 ON 25,24 GRTST 24HR 1.25 ON 8- 9 TO 1/4 MILE OR LESS
LOWEST: 33 ON 8 3 = THUNDER
SNOW, ICE PELLETS, HAIL 4 = ICE PELLETS
TOTAL MONTH: M 5 = HAIL
GRTST 24HR M ON M 6 = FREEZING RAIN OR DRIZZLE
GRTST DEPTH: M ON M 7 = DUSTSTORM OR SANDSTORM:
VSBY 1/2 MILE OR LESS
8 = SMOKE OR HAZE
[NO. OF DAYS WITH] [WEATHER - DAYS WITH] 9 = BLOWING SNOW
X = TORNADO
MAX 32 OR BELOW: 0 0.01 INCH OR MORE: 15
MAX 90 OR ABOVE: 3 0.10 INCH OR MORE: 10
MIN 32 OR BELOW: 0 0.50 INCH OR MORE: 2
MIN 0 OR BELOW: 0 1.00 INCH OR MORE: 1
[HDD (BASE 65) ]
TOTAL THIS MO. 175 CLEAR (SCALE 0-3) 12
DPTR FM NORMAL 43 PTCLDY (SCALE 4-7) 12
TOTAL FM JUL 1 5448 CLOUDY (SCALE 8-10) 7
DPTR FM NORMAL -126
[CDD (BASE 65) ]
TOTAL THIS MO. 97
DPTR FM NORMAL -2 [PRESSURE DATA]
TOTAL FM JAN 1 107 HIGHEST SLP 30.47 ON 12
DPTR FM NORMAL -6 LOWEST SLP 29.58 ON 3
[REMARKS]
#FINAL-05-21#