000
CXUS53 KARX 012113
CF6CMY
PRELIMINARY LOCAL CLIMATOLOGICAL DATA (WS FORM: F-6)
STATION: SPARTA - FORT MCCOY WI
MONTH: JUNE
YEAR: 2023
LATITUDE: 43 58 N
LONGITUDE: 90 44 W
TEMPERATURE IN F: :PCPN: SNOW: WIND :SUNSHINE: SKY :PK WND
================================================================================
1 2 3 4 5 6A 6B 7 8 9 10 11 12 13 14 15 16 17 18
12Z AVG MX 2MIN
DY MAX MIN AVG DEP HDD CDD WTR SNW DPTH SPD SPD DIR MIN PSBL S-S WX SPD DR
================================================================================
1 91 56 74 M 0 9 0.00 0.0 0 2.1 13 170 M M 3 21 170
2 92 58 75 M 0 10 0.01 0.0 0 1.1 8 120 M M 3 1 M M
3 92 54 73 M 0 8 0.00 0.0 0 1.1 9 80 M M 2 1 M M
4 87 55 71 M 0 6 0.00 0.0 0 1.2 6 80 M M 3 18 M M
5 87 51 69 M 0 4 0.00 0.0 0 0.0 M M M M 1 1 M M
6 81 58 70 M 0 5 0.52 0.0 0 0.7 8 110 M M 6 1 M M
7 78 43 61 M 4 0 0.00 0.0 0 0.9 7 100 M M 3 M M
8 77 37 57 M 8 0 0.00 0.0 0 0.2 5 120 M M 0 M M
9 82 34 58 M 7 0 0.00 0.0 0 0.4 5 270 M M 1 M M
10 84 45 65 M 0 0 T 0.0 0 1.5 12 30 M M 7 16 30
11 63 37 50 M 15 0 0.07 0.0 0 4.4 12 30 M M 8 1 16 30
12 73 29 51 M 14 0 T 0.0 0 3.1 10 40 M M 5 20 350
13 78 48 63 M 2 0 0.11 0.0 0 2.4 16 320 M M 8 1 21 320
14 85 46 66 M 0 1 0.00 0.0 0 0.3 6 290 M M 2 18 M M
15 69 41 55 M 10 0 0.00 0.0 0 3.1 14 330 M M 0 M M
16 78 37 58 M 7 0 0.00 0.0 0 0.4 6 140 M M 2 M M
17 83 43 63 M 2 0 0.00 0.0 0 1.1 10 170 M M 0 M M
18 81 49 65 M 0 0 0.18 0.0 0 2.2 13 150 M M 7 1 20 160
19 88 60 74 M 0 9 0.03 0.0 0 1.2 9 180 M M 3 1 M M
20 89 51 70 M 0 5 0.00 0.0 0 2.6 14 110 M M 0 18 23 110
21 91 49 70 M 0 5 0.00 0.0 0 1.2 12 130 M M 1 M M
22 91 50 71 M 0 6 0.00 0.0 0 1.3 14 110 M M 0 M M
23 90 49 70 M 0 5 0.00 0.0 0 0.5 5 330 M M 1 M M
24 M M M M M M M M M 0.0 M M M M 2 M M
25 73 61 67 M 0 2 0.38 0.0 0 4.8 14 170 M M 8 22 310
26 74 58 66 M 0 1 M 0.0 0 6.6 14 310 M M 8 1 21 340
27 83 48 66 M 0 1 0.00 0.0 0 0.0 M M M M 0 18 M M
28 85 58 72 M 0 7 0.00 0.0 0 5.3 14 170 M M 2 18 21 160
29 87 56 72 M 0 7 0.00 0.0 0 0.1 4 310 M M 0 1 M M
30 87 54 71 M 0 6 M 0.0 0 2.1 9 270 M M 3 M M
================================================================================
SM 2399 1415 69 97 1.30 0.0 51.9 M 89
================================================================================
AV 82.7 48.8 1.7 FASTST M M 3 MAX(MPH)
MISC ----> 16 320 23 110
================================================================================
NOTES:
# LAST OF SEVERAL OCCURRENCES
COLUMN 17 PEAK WIND IN M.P.H.
PRELIMINARY LOCAL CLIMATOLOGICAL DATA (WS FORM: F-6) , PAGE 2
STATION: SPARTA - FORT MCCOY WI
MONTH: JUNE
YEAR: 2023
LATITUDE: 43 58 N
LONGITUDE: 90 44 W
[TEMPERATURE DATA] [PRECIPITATION DATA] SYMBOLS USED IN COLUMN 16
AVERAGE MONTHLY: 65.8 TOTAL FOR MONTH: 1.30 1 = FOG OR MIST
DPTR FM NORMAL: 0.0 DPTR FM NORMAL: M 2 = FOG REDUCING VISIBILITY
HIGHEST: 92 ON 3, 2 GRTST 24HR 0.52 ON 6- 6 TO 1/4 MILE OR LESS
LOWEST: 29 ON 12 3 = THUNDER
SNOW, ICE PELLETS, HAIL 4 = ICE PELLETS
TOTAL MONTH: 0.0 INCH 5 = HAIL
GRTST 24HR 0.0 6 = FREEZING RAIN OR DRIZZLE
GRTST DEPTH: 0 7 = DUSTSTORM OR SANDSTORM:
VSBY 1/2 MILE OR LESS
8 = SMOKE OR HAZE
[NO. OF DAYS WITH] [WEATHER - DAYS WITH] 9 = BLOWING SNOW
X = TORNADO
MAX 32 OR BELOW: 0 0.01 INCH OR MORE: 7
MAX 90 OR ABOVE: 6 0.10 INCH OR MORE: 4
MIN 32 OR BELOW: 1 0.50 INCH OR MORE: 1
MIN 0 OR BELOW: 0 1.00 INCH OR MORE: 0
[HDD (BASE 65) ]
TOTAL THIS MO. 69 CLEAR (SCALE 0-3) 20
DPTR FM NORMAL M PTCLDY (SCALE 4-7) 9
TOTAL FM JUL 1 5408 CLOUDY (SCALE 8-10) 1
DPTR FM NORMAL M
[CDD (BASE 65) ]
TOTAL THIS MO. 97
DPTR FM NORMAL M [PRESSURE DATA]
TOTAL FM JAN 1 107 HIGHEST SLP M ON M
DPTR FM NORMAL M LOWEST SLP M ON M
[REMARKS]
#FINAL-06-23#