000
CXUS53 KARX 011354
CF6CMY
PRELIMINARY LOCAL CLIMATOLOGICAL DATA (WS FORM: F-6)
STATION: SPARTA - FORT MCCOY WI
MONTH: NOVEMBER
YEAR: 2022
LATITUDE: 43 58 N
LONGITUDE: 90 44 W
TEMPERATURE IN F: :PCPN: SNOW: WIND :SUNSHINE: SKY :PK WND
================================================================================
1 2 3 4 5 6A 6B 7 8 9 10 11 12 13 14 15 16 17 18
12Z AVG MX 2MIN
DY MAX MIN AVG DEP HDD CDD WTR SNW DPTH SPD SPD DIR MIN PSBL S-S WX SPD DR
================================================================================
1 74 25 50 M 15 0 0.00 0.0 0 1.3 10 190 M M 0 8 17 190
2 75 37 56 M 9 0 0.00 0.0 0 3.0 13 150 M M 0 8 21 160
3 71 57 64 M 1 0 0.00 0.0 0 8.2 17 190 M M 6 24 200
4 68 41 55 M 10 0 0.83 0.0 0 2.4 16 190 M M 8 1 22 200
5 44 34 39 M 26 0 1.16 0.0 0 2.8 14 260 M M 6 1 16 340
6 57 35 46 M 19 0 0.00 0.0 0 8.8 18 260 M M 2 32 260
7 43 26 35 M 30 0 0.00 0.0 0 2.4 15 270 M M 5 21 270
8 54 37 46 M 19 0 T 0.0 0 6.7 16 110 M M 7 22 110
9 69 49 59 M 6 0 0.00 0.0 0 8.5 16 160 M M 9 22 210
10 68 M M M M M M 0.0 0 10.5 21 200 M M 9 1 31 200
11 35 25 30 M 35 0 T 0.0 0 8.7 18 270 M M 10 20 300
12 33 28 31 M 34 0 T T 0 4.9 12 320 M M 10 1 18 330
13 29 13 21 M 44 0 T T 0 0.0 M M M M 8 M M
14 34 11 23 M 42 0 T T 0 1.2 10 130 M M 9 8 M M
15 35 28 32 M 33 0 0.06 M 0 0.0 M M M M 8 1 M M
16 30 28 29 M 36 0 0.01 M M 0.0 M M M M 4 1 M M
17 M M M M M M M M M M M M M M 0 M M
18 M M M M M M M M M M M M M M M M M
19 M M M M M M M M M M M M M M M M M
20 M M M M M M M M M M M M M M M M M
21 M M M M M M 0.00 0.0 M M M M M M M M M
22 M M M M M M 0.00 0.0 M M M M M M M M M
23 M M M M M M 0.00 0.0 M M M M M M M M M
24 M M M M M M 0.00 0.0 0 M M M M M M M M
25 M M M M M M 0.00 0.0 0 M M M M M M M M
26 M M M M M M 0.00 0.0 0 M M M M M M M M
27 M M M M M M 0.00 0.0 0 M M M M M M M M
28 M M M M M M 0.00 0.0 0 M M M M M M M M
29 M M M M M M M M 0 M M M M M M M M
30 M M M M M M M M M M M M M M M M M
================================================================================
SM 819 474 359 0 2.06 T 69.4 M 101
================================================================================
AV 51.2 31.6 4.3 FASTST M M 6 MAX(MPH)
MISC ----> 21 200 32 260
================================================================================
NOTES:
# LAST OF SEVERAL OCCURRENCES
COLUMN 17 PEAK WIND IN M.P.H.
PRELIMINARY LOCAL CLIMATOLOGICAL DATA (WS FORM: F-6) , PAGE 2
STATION: SPARTA - FORT MCCOY WI
MONTH: NOVEMBER
YEAR: 2022
LATITUDE: 43 58 N
LONGITUDE: 90 44 W
[TEMPERATURE DATA] [PRECIPITATION DATA] SYMBOLS USED IN COLUMN 16
AVERAGE MONTHLY: 41.4 TOTAL FOR MONTH: 2.06 1 = FOG OR MIST
DPTR FM NORMAL: 0.0 DPTR FM NORMAL: M 2 = FOG REDUCING VISIBILITY
HIGHEST: 75 ON 2 GRTST 24HR 1.16 ON 5- 5 TO 1/4 MILE OR LESS
LOWEST: 11 ON 14 3 = THUNDER
SNOW, ICE PELLETS, HAIL 4 = ICE PELLETS
TOTAL MONTH: T 5 = HAIL
GRTST 24HR T ON 12-12 6 = FREEZING RAIN OR DRIZZLE
GRTST DEPTH: 0 7 = DUSTSTORM OR SANDSTORM:
VSBY 1/2 MILE OR LESS
8 = SMOKE OR HAZE
[NO. OF DAYS WITH] [WEATHER - DAYS WITH] 9 = BLOWING SNOW
X = TORNADO
MAX 32 OR BELOW: 2 0.01 INCH OR MORE: 4
MAX 90 OR ABOVE: 0 0.10 INCH OR MORE: 2
MIN 32 OR BELOW: 8 0.50 INCH OR MORE: 2
MIN 0 OR BELOW: 0 1.00 INCH OR MORE: 1
[HDD (BASE 65) ]
TOTAL THIS MO. 359 CLEAR (SCALE 0-3) 4
DPTR FM NORMAL M PTCLDY (SCALE 4-7) 8
TOTAL FM JUL 1 1153 CLOUDY (SCALE 8-10) 18
DPTR FM NORMAL M
[CDD (BASE 65) ]
TOTAL THIS MO. 0
DPTR FM NORMAL M [PRESSURE DATA]
TOTAL FM JAN 1 387 HIGHEST SLP M ON M
DPTR FM NORMAL M LOWEST SLP M ON M
[REMARKS]
#FINAL-11-22#