000
CXUS53 KARX 010930
CF6CMY
PRELIMINARY LOCAL CLIMATOLOGICAL DATA (WS FORM: F-6)
STATION: SPARTA - FORT MCCOY WI
MONTH: JUNE
YEAR: 2020
LATITUDE: 43 58 N
LONGITUDE: 90 44 W
TEMPERATURE IN F: :PCPN: SNOW: WIND :SUNSHINE: SKY :PK WND
================================================================================
1 2 3 4 5 6A 6B 7 8 9 10 11 12 13 14 15 16 17 18
12Z AVG MX 2MIN
DY MAX MIN AVG DEP HDD CDD WTR SNW DPTH SPD SPD DIR MIN PSBL S-S WX SPD DR
================================================================================
1 83 52 68 M 0 3 0.13 0.0 0 8.0 18 170 M M 4 28 200
2 91 60 76 M 0 11 1.20 0.0 0 5.0 21 30 M M 2 3 45 30
3 84 56 70 M 0 5 0.00 0.0 0 3.4 10 260 M M 3 12 17 260
4 86 48 67 M 0 2 0.00 0.0 0 2.3 8 290 M M 1 1 M M
5 82 54 68 M 0 3 0.00 0.0 M 6.1 14 320 M M 2 20 320
6 79 46 63 M 2 0 0.00 0.0 0 2.8 10 110 M M 3 M M
7 82 56 69 M 0 4 0.04 0.0 0 9.5 15 150 M M 2 21 110
8 90 59 75 M 0 10 0.00 0.0 0 7.7 14 180 M M 0 20 160
9 82 56 69 M 0 4 1.40 0.0 0 6.3 13 300 M M 4 21 300
10 67 56 62 M 3 0 0.05 0.0 0 7.0 12 300 M M 6 1 25 300
11 79 43 61 M 4 0 0.00 0.0 0 7.8 21 290 M M 1 32 290
12 80 43 62 M 3 0 0.00 0.0 0 4.4 12 260 M M 3 16 260
13 70 45 58 M 7 0 0.00 0.0 0 8.0 14 100 M M 1 18 100
14 73 37 55 M 10 0 0.00 0.0 0 8.9 16 130 M M 0 23 130
15 77 51 64 M 1 0 0.00 0.0 0 6.8 14 160 M M 2 3 20 160
16 84 51 68 M 0 3 0.00 0.0 0 5.4 12 180 M M 0 16 180
17 85 47 66 M 0 1 0.00 0.0 0 5.3 13 180 M M 0 21 170
18 87 50 69 M 0 4 0.00 0.0 0 4.2 16 170 M M 1 17 150
19 80 62 71 M 0 6 M 0.0 0 1.3 6 130 M M 6 M M
20 75 54 65 M 0 0 1.99 0.0 0 2.3 9 300 M M 9 3 M M
21 82 49 66 M 0 1 1.05 0.0 0 3.4 12 180 M M 5 123 M M
22 63 54 59 M 6 0 M 0.0 0 1.2 6 250 M M 8 M M
23 72 49 61 M 4 0 M 0.0 0 4.2 15 300 M M 6 1 22 280
24 75 45 60 M 5 0 M 0.0 0 3.6 10 280 M M 4 13 22 300
25 80 47 64 M 1 0 0.00 0.0 0 1.7 9 280 M M 3 12 M M
26 76 53 65 M 0 0 0.29 0.0 0 2.0 8 320 M M 3 3 M M
27 83 54 69 M 0 4 0.00 0.0 0 2.1 9 310 M M 2 12 M M
28 85 52 69 M 0 4 0.00 0.0 0 5.8 14 120 M M 2 18 120
29 79 65 72 M 0 7 0.09 0.0 0 7.1 13 170 M M 4 21 170
30 89 63 76 M 0 11 0.00 0.0 0 5.0 16 140 M M 0 20 140
================================================================================
SM 2400 1557 46 83 6.24 0.0 148.6 M 87
================================================================================
AV 80.0 51.9 5.0 FASTST M M 3 MAX(MPH)
MISC ----> # 21 30 # 45 30
================================================================================
NOTES:
# LAST OF SEVERAL OCCURRENCES
COLUMN 17 PEAK WIND IN M.P.H.
PRELIMINARY LOCAL CLIMATOLOGICAL DATA (WS FORM: F-6) , PAGE 2
STATION: SPARTA - FORT MCCOY WI
MONTH: JUNE
YEAR: 2020
LATITUDE: 43 58 N
LONGITUDE: 90 44 W
[TEMPERATURE DATA] [PRECIPITATION DATA] SYMBOLS USED IN COLUMN 16
AVERAGE MONTHLY: 66.0 TOTAL FOR MONTH: 6.24 1 = FOG OR MIST
DPTR FM NORMAL: M DPTR FM NORMAL: M 2 = FOG REDUCING VISIBILITY
HIGHEST: 91 ON 2 GRTST 24HR 1.99 ON 20-20 TO 1/4 MILE OR LESS
LOWEST: 37 ON 14 3 = THUNDER
SNOW, ICE PELLETS, HAIL 4 = ICE PELLETS
TOTAL MONTH: 0.0 INCH 5 = HAIL
GRTST 24HR 0.0 6 = FREEZING RAIN OR DRIZZLE
GRTST DEPTH: 0 7 = DUSTSTORM OR SANDSTORM:
VSBY 1/2 MILE OR LESS
8 = SMOKE OR HAZE
[NO. OF DAYS WITH] [WEATHER - DAYS WITH] 9 = BLOWING SNOW
X = TORNADO
MAX 32 OR BELOW: 0 0.01 INCH OR MORE: 9
MAX 90 OR ABOVE: 2 0.10 INCH OR MORE: 6
MIN 32 OR BELOW: 0 0.50 INCH OR MORE: 4
MIN 0 OR BELOW: 0 1.00 INCH OR MORE: 4
[HDD (BASE 65) ]
TOTAL THIS MO. 46 CLEAR (SCALE 0-3) 18
DPTR FM NORMAL M PTCLDY (SCALE 4-7) 11
TOTAL FM JUL 1 7926 CLOUDY (SCALE 8-10) 1
DPTR FM NORMAL M
[CDD (BASE 65) ]
TOTAL THIS MO. 83
DPTR FM NORMAL M [PRESSURE DATA]
TOTAL FM JAN 1 109 HIGHEST SLP M ON M
DPTR FM NORMAL M LOWEST SLP M ON M
[REMARKS]
#FINAL-06-20#