000
CXUS53 KTOP 010800
CF6CNK
PRELIMINARY LOCAL CLIMATOLOGICAL DATA (WS FORM: F-6)
STATION: Concordia KS
MONTH: MAY
YEAR: 2020
LATITUDE: 39 32 N
LONGITUDE: 97 39 W
TEMPERATURE IN F: :PCPN: SNOW: WIND :SUNSHINE: SKY :PK WND
================================================================================
1 2 3 4 5 6A 6B 7 8 9 10 11 12 13 14 15 16 17 18
12Z AVG MX 2MIN
DY MAX MIN AVG DEP HDD CDD WTR SNW DPTH SPD SPD DIR MIN PSBL S-S WX SPD DR
================================================================================
1 81 60 71 13 0 6 0.00 0.0 0 7.5 17 220 M M 0 26 150
2 80 56 68 9 0 3 0.00 0.0 0 12.9 28 50 M M 5 37 50
3 79 54 67 8 0 2 0.12 0.0 0 7.2 15 300 M M 2 22 300
4 64 53 59 0 6 0 0.87 0.0 0 11.2 31 50 M M 5 13 45 40
5 73 47 60 0 5 0 0.00 0.0 0 12.3 26 310 M M 1 39 310
6 68 46 57 -3 8 0 T 0.0 0 8.0 17 320 M M 3 25 350
7 63 45 54 -6 11 0 0.26 0.0 0 10.3 26 160 M M 5 13 33 160
8 62 44 53 -7 12 0 T 0.0 0 10.5 26 30 M M 2 37 30
9 65 39 52 -9 13 0 0.00 0.0 0 9.2 20 350 M M 4 29 350
10 62 34 48 -13 17 0 0.00 0.0 0 9.4 17 360 M M 1 27 350
11 49 41 45 -17 20 0 0.27 0.0 0 4.0 12 80 M M 10 1 15 80
12 55 42 49 -13 16 0 0.00 0.0 0 8.3 16 150 M M 10 21 130
13 66 49 58 -4 7 0 0.03 0.0 0 10.7 22 180 M M 10 18 30 180
14 80 60 70 8 0 5 T 0.0 0 6.4 16 170 M M 6 12 21 170
15 78 57 68 5 0 3 0.00 0.0 0 7.8 20 60 M M 2 18 26 60
16 75 59 67 4 0 2 0.00 0.0 0 4.5 15 360 M M 7 22 360
17 72 52 62 -1 3 0 0.00 0.0 0 11.6 23 340 M M 6 18 34 340
18 77 53 65 1 0 0 0.00 0.0 0 9.5 20 360 M M 4 28 10
19 74 46 60 -4 5 0 0.00 0.0 0 4.9 12 130 M M 3 18 17 60
20 77 50 64 0 1 0 0.00 0.0 0 10.2 20 130 M M 5 1 27 140
21 69 56 63 -2 2 0 0.10 0.0 0 8.1 20 130 M M 8 13 26 130
22 66 60 63 -2 2 0 0.51 0.0 0 9.0 21 260 M M 9 13 28 260
23 83 62 73 8 0 8 0.00 0.0 0 10.0 21 150 M M 5 32 150
24 84 66 75 9 0 10 0.06 0.0 0 9.0 25 100 M M 1 3 36 110
25 66 60 63 -3 2 0 0.79 0.0 0 9.3 16 20 M M 9 13 24 10
26 73 58 66 0 0 1 0.24 0.0 0 8.6 20 330 M M 8 1 27 330
27 78 55 67 0 0 2 0.00 0.0 0 6.2 15 10 M M 5 1 21 340
28 82 62 72 5 0 7 0.01 0.0 0 9.8 23 20 M M 4 35 20
29 83 57 70 3 0 5 0.00 0.0 0 4.3 8 170 M M 3 15 350
30 81 56 69 1 0 4 T 0.0 0 9.6 21 100 M M 1 35 110
31 85 61 73 5 0 8 0.00 0.0 0 16.2 26 150 M M 1 35 140
================================================================================
SM 2250 1640 130 66 3.26 0.0 276.5 M 145
================================================================================
AV 72.6 52.9 8.9 FASTST M M 5 MAX(MPH)
MISC ----> # 31 50 # 45 40
================================================================================
NOTES:
# LAST OF SEVERAL OCCURRENCES
COLUMN 17 PEAK WIND IN M.P.H.
PRELIMINARY LOCAL CLIMATOLOGICAL DATA (WS FORM: F-6) , PAGE 2
STATION: Concordia KS
MONTH: MAY
YEAR: 2020
LATITUDE: 39 32 N
LONGITUDE: 97 39 W
[TEMPERATURE DATA] [PRECIPITATION DATA] SYMBOLS USED IN COLUMN 16
AVERAGE MONTHLY: 62.7 TOTAL FOR MONTH: 3.26 1 = FOG OR MIST
DPTR FM NORMAL: -0.4 DPTR FM NORMAL: -0.90 2 = FOG REDUCING VISIBILITY
HIGHEST: 85 ON 31 GRTST 24HR 0.87 ON 4- 4 TO 1/4 MILE OR LESS
LOWEST: 34 ON 10 3 = THUNDER
SNOW, ICE PELLETS, HAIL 4 = ICE PELLETS
TOTAL MONTH: 0.0 INCH 5 = HAIL
GRTST 24HR 0.0 6 = FREEZING RAIN OR DRIZZLE
GRTST DEPTH: 0 7 = DUSTSTORM OR SANDSTORM:
VSBY 1/2 MILE OR LESS
8 = SMOKE OR HAZE
[NO. OF DAYS WITH] [WEATHER - DAYS WITH] 9 = BLOWING SNOW
X = TORNADO
MAX 32 OR BELOW: 0 0.01 INCH OR MORE: 11
MAX 90 OR ABOVE: 0 0.10 INCH OR MORE: 8
MIN 32 OR BELOW: 0 0.50 INCH OR MORE: 3
MIN 0 OR BELOW: 0 1.00 INCH OR MORE: 0
[HDD (BASE 65) ]
TOTAL THIS MO. 130 CLEAR (SCALE 0-3) 10
DPTR FM NORMAL -1 PTCLDY (SCALE 4-7) 14
TOTAL FM JUL 1 4823 CLOUDY (SCALE 8-10) 7
DPTR FM NORMAL -572
[CDD (BASE 65) ]
TOTAL THIS MO. 66
DPTR FM NORMAL -6 [PRESSURE DATA]
TOTAL FM JAN 1 81 HIGHEST SLP M ON M
DPTR FM NORMAL -8 LOWEST SLP 29.68 ON 14
[REMARKS]
#FINAL-05-20#