000
CXUS54 KMAF 012208
CF6CNM
PRELIMINARY LOCAL CLIMATOLOGICAL DATA (WS FORM: F-6)
STATION: CARLSBAD
MONTH: FEBRUARY
YEAR: 2021
LATITUDE: 32 20 N
LONGITUDE: 104 15 W
TEMPERATURE IN F: :PCPN: SNOW: WIND :SUNSHINE: SKY :PK WND
================================================================================
1 2 3 4 5 6A 6B 7 8 9 10 11 12 13 14 15 16 17 18
12Z AVG MX 2MIN
DY MAX MIN AVG DEP HDD CDD WTR SNW DPTH SPD SPD DIR MIN PSBL S-S WX SPD DR
================================================================================
1 62 26 44 -1 21 0 0.00 M M 7.6 21 140 M M 0 26 150
2 73 39 56 10 9 0 0.00 M M 3.4 9 190 M M 0 12 190
3 81 37 59 13 6 0 0.00 M M 9.0 18 230 M M 0 23 250
4 70 45 58 12 7 0 0.00 M M 13.8 29 270 M M 0 40 280
5 69 28 49 3 16 0 0.00 M M 8.4 29 250 M M 0 34 260
6 64 37 51 5 14 0 0.00 M M 9.0 21 340 M M 0 26 340
7 75 30 53 7 12 0 0.00 M M 9.4 23 250 M M 0 26 250
8 78 48 63 16 2 0 0.00 M M 13.4 29 250 M M 0 37 240
9 78 36 57 10 8 0 0.00 M M 7.5 23 250 M M 0 28 270
10 63 32 48 1 17 0 0.00 M M 10.5 18 100 M M 4 24 100
11 45 30 38 -9 27 0 0.00 M M 9.5 23 150 M M 7 29 150
12 33 23 28 -19 37 0 T M M 10.5 17 90 M M 10 20 90
13 26 19 23 -25 42 0 0.00 M M 10.9 21 140 M M 10 26 130
14 19 9 14 -34 51 0 T M M 10.8 18 60 M M 10 22 60
15 19 7 13 -35 52 0 T M M 10.3 17 160 M M 8 22 160
16 51 12 32 -16 33 0 0.00 M M 11.9 36 270 M M 7 42 270
17 47 21 34 -14 31 0 T M M 8.4 21 160 M M 3 8 25 160
18 28 11 20 -29 45 0 0.15 M M 5.9 15 120 M M 7 1 18 120
19 50 7 29 -20 36 0 0.00 M M 5.2 15 160 M M 0 17 170
20 75 25 50 1 15 0 0.00 M M 7.8 18 150 M M 0 25 150
21 66 33 50 1 15 0 0.00 M M 14.7 29 330 M M 0 35 240
22 73 23 48 -2 17 0 0.00 M M 7.1 21 240 M M 0 31 240
23 79 31 55 5 10 0 0.00 M M 10.8 31 240 M M 0 36 250
24 64 41 53 3 12 0 0.00 M M 9.2 18 350 M M 0 24 330
25 55 33 44 -6 21 0 0.00 M M 6.2 14 160 M M 0 18 160
26 65 25 45 -5 20 0 0.00 M M 5.6 14 60 M M 0 8 17 60
27 78 28 53 2 12 0 0.00 M M 10.6 28 240 M M 0 34 240
28 63 40 52 1 13 0 0.00 M M 10.6 28 340 M M 1 34 340
================================================================================
SM 1649 776 601 0 0.15 M 258.0 M 67
================================================================================
AV 58.9 27.7 9.2 FASTST M M 2 MAX(MPH)
MISC ----> 36 270 42 270
================================================================================
NOTES:
# LAST OF SEVERAL OCCURRENCES
COLUMN 17 PEAK WIND IN M.P.H.
PRELIMINARY LOCAL CLIMATOLOGICAL DATA (WS FORM: F-6) , PAGE 2
STATION: CARLSBAD
MONTH: FEBRUARY
YEAR: 2021
LATITUDE: 32 20 N
LONGITUDE: 104 15 W
[TEMPERATURE DATA] [PRECIPITATION DATA] SYMBOLS USED IN COLUMN 16
AVERAGE MONTHLY: 43.3 TOTAL FOR MONTH: 0.15 1 = FOG OR MIST
DPTR FM NORMAL: -4.7 DPTR FM NORMAL: -0.36 2 = FOG REDUCING VISIBILITY
HIGHEST: 81 ON 3 GRTST 24HR 0.15 ON 17-18 TO 1/4 MILE OR LESS
LOWEST: 7 ON 19,15 3 = THUNDER
SNOW, ICE PELLETS, HAIL 4 = ICE PELLETS
TOTAL MONTH: M 5 = HAIL
GRTST 24HR M ON M 6 = FREEZING RAIN OR DRIZZLE
GRTST DEPTH: M ON M 7 = DUSTSTORM OR SANDSTORM:
VSBY 1/2 MILE OR LESS
8 = SMOKE OR HAZE
[NO. OF DAYS WITH] [WEATHER - DAYS WITH] 9 = BLOWING SNOW
X = TORNADO
MAX 32 OR BELOW: 4 0.01 INCH OR MORE: 1
MAX 90 OR ABOVE: 0 0.10 INCH OR MORE: 1
MIN 32 OR BELOW: 18 0.50 INCH OR MORE: 0
MIN 0 OR BELOW: 0 1.00 INCH OR MORE: 0
[HDD (BASE 65) ]
TOTAL THIS MO. 601 CLEAR (SCALE 0-3) 19
DPTR FM NORMAL 124 PTCLDY (SCALE 4-7) 6
TOTAL FM JUL 1 2457 CLOUDY (SCALE 8-10) 3
DPTR FM NORMAL 98
[CDD (BASE 65) ]
TOTAL THIS MO. 0
DPTR FM NORMAL -1 [PRESSURE DATA]
TOTAL FM JAN 1 0 HIGHEST SLP 30.51 ON 18
DPTR FM NORMAL 0 LOWEST SLP 29.61 ON 16
[REMARKS]
#FINAL-02-21#