000
CXUS54 KMAF 011110
CF6CNM
PRELIMINARY LOCAL CLIMATOLOGICAL DATA (WS FORM: F-6)
STATION: CARLSBAD
MONTH: APRIL
YEAR: 2020
LATITUDE: 32 20 N
LONGITUDE: 104 15 W
TEMPERATURE IN F: :PCPN: SNOW: WIND :SUNSHINE: SKY :PK WND
================================================================================
1 2 3 4 5 6A 6B 7 8 9 10 11 12 13 14 15 16 17 18
12Z AVG MX 2MIN
DY MAX MIN AVG DEP HDD CDD WTR SNW DPTH SPD SPD DIR MIN PSBL S-S WX SPD DR
================================================================================
1 85 53 69 10 0 4 0.00 M M 9.5 25 250 M M 0 38 230
2 83 57 70 11 0 5 0.00 M M 15.7 31 250 M M 0 38 270
3 64 38 51 -9 14 0 0.00 M M 12.3 31 330 M M 0 39 330
4 63 40 52 -8 13 0 0.00 M M 10.1 22 150 M M 1 30 150
5 80 40 60 0 5 0 0.00 M M 8.2 20 200 M M 2 1 26 200
6 79 51 65 5 0 0 T 0.0 0 7.3 21 260 M M 3 1 25 260
7 84 51 68 7 0 3 0.00 0.0 0 8.1 20 230 M M 0 29 300
8 84 57 71 10 0 6 0.00 0.0 0 11.5 22 260 M M 0 28 240
9 77 54 66 5 0 1 0.00 M M 8.3 22 280 M M 4 27 260
10 68 52 60 -2 5 0 T M M 6.6 16 80 M M 4 19 100
11 82 52 67 5 0 2 0.00 M M 11.3 29 260 M M 2 42 240
12 79 45 62 0 3 0 0.00 M M 22.3 39 260 M M 1 47 250
13 62 36 49 -13 16 0 0.00 M M 11.0 20 130 M M 1 24 130
14 59 36 48 -15 17 0 0.00 0.0 0 8.2 16 140 M M 2 20 150
15 75 40 58 -5 7 0 0.00 M M 11.2 21 160 M M 1 27 160
16 86 38 62 -1 3 0 0.00 0.0 0 10.2 21 270 M M 0 26 270
17 63 39 51 -13 14 0 0.00 0.0 0 11.3 31 340 M M 0 37 330
18 84 40 62 -2 3 0 0.00 0.0 0 11.4 29 250 M M 0 36 240
19 81 47 64 0 1 0 0.00 0.0 0 12.2 22 280 M M 0 25 310
20 85 59 72 8 0 7 0.00 0.0 0 10.6 23 250 M M 0 31 270
21 89 51 70 5 0 5 0.00 0.0 0 11.0 18 240 M M 0 27 270
22 84 54 69 4 0 4 0.00 0.0 0 9.8 23 340 M M 1 29 320
23 87 50 69 4 0 4 0.00 M M 12.9 28 260 M M 0 44 240
24 89 62 76 10 0 11 0.00 M M 11.6 29 350 M M 0 38 330
25 77 52 65 -1 0 0 0.00 M M 6.9 13 150 M M 0 17 170
26 92 54 73 7 0 8 0.00 M M 11.3 20 150 M M 0 29 150
27 93 54 74 7 0 9 0.00 M M 6.2 17 360 M M 0 21 360
28 96 54 75 8 0 10 0.00 M M 7.4 21 310 M M 0 24 300
29 79 56 68 1 0 3 0.00 M M 7.8 18 20 M M 0 8 24 80
30 94 51 73 5 0 8 0.00 M M 9.8 20 180 M M 0 29 210
================================================================================
SM 2403 1463 101 90 T 0.0 312.0 M 22
================================================================================
AV 80.1 48.8 10.4 FASTST M M 1 MAX(MPH)
MISC ----> 39 260 47 250
================================================================================
NOTES:
# LAST OF SEVERAL OCCURRENCES
COLUMN 17 PEAK WIND IN M.P.H.
PRELIMINARY LOCAL CLIMATOLOGICAL DATA (WS FORM: F-6) , PAGE 2
STATION: CARLSBAD
MONTH: APRIL
YEAR: 2020
LATITUDE: 32 20 N
LONGITUDE: 104 15 W
[TEMPERATURE DATA] [PRECIPITATION DATA] SYMBOLS USED IN COLUMN 16
AVERAGE MONTHLY: 64.4 TOTAL FOR MONTH: T 1 = FOG OR MIST
DPTR FM NORMAL: 1.2 DPTR FM NORMAL: -0.56 2 = FOG REDUCING VISIBILITY
HIGHEST: 96 ON 28 GRTST 24HR T ON 6- 6 TO 1/4 MILE OR LESS
LOWEST: 36 ON 14,13 3 = THUNDER
SNOW, ICE PELLETS, HAIL 4 = ICE PELLETS
TOTAL MONTH: 0.0 INCH 5 = HAIL
GRTST 24HR 0.0 6 = FREEZING RAIN OR DRIZZLE
GRTST DEPTH: 0 7 = DUSTSTORM OR SANDSTORM:
VSBY 1/2 MILE OR LESS
8 = SMOKE OR HAZE
[NO. OF DAYS WITH] [WEATHER - DAYS WITH] 9 = BLOWING SNOW
X = TORNADO
MAX 32 OR BELOW: 0 0.01 INCH OR MORE: 0
MAX 90 OR ABOVE: 4 0.10 INCH OR MORE: 0
MIN 32 OR BELOW: 0 0.50 INCH OR MORE: 0
MIN 0 OR BELOW: 0 1.00 INCH OR MORE: 0
[HDD (BASE 65) ]
TOTAL THIS MO. 101 CLEAR (SCALE 0-3) 28
DPTR FM NORMAL -20 PTCLDY (SCALE 4-7) 2
TOTAL FM JUL 1 2670 CLOUDY (SCALE 8-10) 0
DPTR FM NORMAL -135
[CDD (BASE 65) ]
TOTAL THIS MO. 90
DPTR FM NORMAL 23 [PRESSURE DATA]
TOTAL FM JAN 1 101 HIGHEST SLP 30.23 ON 14
DPTR FM NORMAL 24 LOWEST SLP 29.50 ON 12
[REMARKS]
#FINAL-04-20#