000
CXUS56 KSGX 011245
CF6CNO
PRELIMINARY LOCAL CLIMATOLOGICAL DATA (WS FORM: F-6)
STATION: CHINO AIRPORT CA
MONTH: MARCH
YEAR: 2020
LATITUDE: 33 58 N
LONGITUDE: 117 38 W
TEMPERATURE IN F: :PCPN: SNOW: WIND :SUNSHINE: SKY :PK WND
================================================================================
1 2 3 4 5 6A 6B 7 8 9 10 11 12 13 14 15 16 17 18
12Z AVG MX 2MIN
DY MAX MIN AVG DEP HDD CDD WTR SNW DPTH SPD SPD DIR MIN PSBL S-S WX SPD DR
================================================================================
1 64 50 57 1 8 0 0.09 0.0 0 7.7 22 240 M M 9 28 230
2 71 41 56 0 9 0 0.00 0.0 0 8.6 24 360 M M 3 18 38 10
3 83 45 64 8 1 0 0.00 0.0 0 6.0 17 330 M M 0 8 30 320
4 80 42 61 5 4 0 0.00 0.0 0 4.4 17 240 M M 2 8 22 230
5 86 50 68 12 0 3 0.00 0.0 0 3.0 13 240 M M 5 128 15 240
6 79 47 63 7 2 0 0.00 0.0 0 6.0 16 260 M M 3 18 21 280
7 71 51 61 5 4 0 0.00 0.0 0 8.5 18 240 M M 8 28 220
8 70 48 59 3 6 0 0.00 0.0 0 4.5 16 240 M M 5 19 240
9 77 45 61 4 4 0 0.06 M 0 3.3 14 220 M M 5 18 240
10 70 56 63 6 2 0 0.61 0.0 0 5.2 14 120 M M 9 1 17 100
11 74 53 64 7 1 0 0.00 0.0 0 3.4 15 240 M M 5 18 19 230
12 62 48 55 -2 10 0 1.67 M 0 4.7 23 10 M M 7 138 28 280
13 59 53 56 -1 9 0 0.21 0.0 0 2.2 10 310 M M 10 18 12 310
14 64 54 59 2 6 0 0.05 0.0 0 4.5 13 250 M M 10 18 16 240
15 64 48 56 -1 9 0 T M 0 5.0 14 240 M M 8 18 17 240
16 64 52 58 1 7 0 0.28 0.0 0 5.0 20 210 M M 9 1 25 210
17 62 45 54 -3 11 0 0.01 M 0 3.9 15 290 M M 5 18 290
18 61 41 51 -6 14 0 0.00 0.0 0 4.8 15 250 M M 4 18 20 250
19 61 47 54 -3 11 0 0.22 M 0 3.5 24 320 M M 7 138 29 320
20 66 49 58 1 7 0 T M 0 3.0 9 230 M M 7 18 12 220
21 70 46 58 1 7 0 0.00 0.0 0 4.6 16 240 M M 4 128 20 240
22 72 45 59 2 6 0 0.78 M 0 4.2 16 280 M M 7 128 21 250
23 68 48 58 1 7 0 0.23 M 0 7.4 17 220 M M 7 1 25 220
24 67 46 57 -1 8 0 0.00 0.0 0 6.8 17 240 M M 7 22 250
25 66 50 58 0 7 0 T 0.0 0 7.8 18 240 M M 8 23 240
26 64 41 53 -5 12 0 0.00 0.0 0 6.1 20 230 M M 3 27 220
27 66 39 53 -5 12 0 0.00 0.0 0 4.9 18 240 M M 2 24 230
28 70 41 56 -2 9 0 0.00 0.0 0 3.6 14 240 M M 3 19 230
29 69 42 56 -2 9 0 0.00 0.0 0 5.5 20 230 M M 3 18 24 230
30 77 43 60 2 5 0 0.00 0.0 0 3.3 16 240 M M 1 18 20 250
31 80 47 64 6 1 0 0.00 0.0 0 3.0 14 240 M M 5 8 17 240
================================================================================
SM 2157 1453 208 3 4.21 0.0 154.4 M 171
================================================================================
AV 69.6 46.9 5.0 FASTST M M 6 MAX(MPH)
MISC ----> # 24 360 # 38 10
================================================================================
NOTES:
# LAST OF SEVERAL OCCURRENCES
COLUMN 17 PEAK WIND IN M.P.H.
PRELIMINARY LOCAL CLIMATOLOGICAL DATA (WS FORM: F-6) , PAGE 2
STATION: CHINO AIRPORT CA
MONTH: MARCH
YEAR: 2020
LATITUDE: 33 58 N
LONGITUDE: 117 38 W
[TEMPERATURE DATA] [PRECIPITATION DATA] SYMBOLS USED IN COLUMN 16
AVERAGE MONTHLY: 58.2 TOTAL FOR MONTH: 4.21 1 = FOG OR MIST
DPTR FM NORMAL: 1.2 DPTR FM NORMAL: 2.02 2 = FOG REDUCING VISIBILITY
HIGHEST: 86 ON 5 GRTST 24HR 1.67 ON 12-12 TO 1/4 MILE OR LESS
LOWEST: 39 ON 27 3 = THUNDER
SNOW, ICE PELLETS, HAIL 4 = ICE PELLETS
TOTAL MONTH: 0.0 INCH 5 = HAIL
GRTST 24HR 0.0 6 = FREEZING RAIN OR DRIZZLE
GRTST DEPTH: 0 7 = DUSTSTORM OR SANDSTORM:
VSBY 1/2 MILE OR LESS
8 = SMOKE OR HAZE
[NO. OF DAYS WITH] [WEATHER - DAYS WITH] 9 = BLOWING SNOW
X = TORNADO
MAX 32 OR BELOW: 0 0.01 INCH OR MORE: 11
MAX 90 OR ABOVE: 0 0.10 INCH OR MORE: 7
MIN 32 OR BELOW: 0 0.50 INCH OR MORE: 3
MIN 0 OR BELOW: 0 1.00 INCH OR MORE: 1
[HDD (BASE 65) ]
TOTAL THIS MO. 208 CLEAR (SCALE 0-3) 5
DPTR FM NORMAL -45 PTCLDY (SCALE 4-7) 19
TOTAL FM JUL 1 1244 CLOUDY (SCALE 8-10) 7
DPTR FM NORMAL -365
[CDD (BASE 65) ]
TOTAL THIS MO. 3
DPTR FM NORMAL -2 [PRESSURE DATA]
TOTAL FM JAN 1 11 HIGHEST SLP 30.26 ON 30
DPTR FM NORMAL 4 LOWEST SLP 29.74 ON 18
[REMARKS]
#FINAL-03-20#